000
CXUS53 KMKX 190655
CF6SBM
PRELIMINARY LOCAL CLIMATOLOGICAL DATA (WS FORM: F-6)

                                          STATION:   SHEBOYGAN WI
                                          MONTH:     SEPTEMBER
                                          YEAR:      2017
                                          LATITUDE:   43 46 N
                                          LONGITUDE:  87 51 W

  TEMPERATURE IN F:       :PCPN:    SNOW:  WIND      :SUNSHINE: SKY     :PK WND
================================================================================
1   2   3   4   5  6A  6B    7    8   9   10  11  12  13   14  15   16   17  18
                                     12Z  AVG MX 2MIN
DY MAX MIN AVG DEP HDD CDD  WTR  SNW DPTH SPD SPD DIR MIN PSBL S-S WX    SPD DR
================================================================================

 1  65  44  55 -10  10   0 0.00  0.0    0  4.7 14 150   M    M   1 1      20 120
 2  70  43  57  -8   8   0 0.20  0.0    0  3.9 15 200   M    M   5 1      19 200
 3  78  48  63  -1   2   0 0.00  0.0    0  7.6 16 230   M    M   2 12     25 230
 4  74  54  64   0   1   0 0.08  0.0    0 10.0 18 230   M    M   4 1      28 220
 5  64  47  56  -8   9   0 0.02    M    M  9.0 21 310   M    M   5        30 300
 6  66  45  56  -7   9   0    T    M    M  7.8 16 330   M    M   4        19  20
 7  63  50  57  -6   8   0 0.01    M    M  5.5 14 280   M    M   7        18 280
 8  66  45  56  -7   9   0 0.00  0.0    0  7.7 18  50   M    M   3        23  50
 9  66  41  54  -8  11   0 0.00  0.0    0  4.6 13 150   M    M   2 1      19 110
10  68  39  54  -8  11   0    T    M    0  3.9 16 180   M    M   1 1      20 180
11  72  40  56  -6   9   0 0.00  0.0    0  3.9 13 170   M    M   0 1      17 170
12  77  51  64   3   1   0 0.00  0.0    0  3.2  9  90   M    M   1 1      12 100
13  76  49  63   2   2   0 0.00  0.0    0  2.6 12 120   M    M   1 12     14 120
14  74  50  62   1   3   0 0.00  0.0    0  5.4 13 140   M    M   4 128    17 140
15  79  52  66   6   0   1 0.00  0.0    0  7.9 15 170   M    M   2 12     21 160
16  82  58  70  10   0   5 0.00  0.0    0  7.0 17 170   M    M   1 12     24 160
17  78  50  64   5   1   0 0.00  0.0    0  5.8 15 280   M    M   2 1      21 290
18  68  47  58  -1   7   0 0.00    M    M  6.2 14  70   M    M   2        20  70
================================================================================
SM 1286  853       101   6  0.31     0.0 106.7          M       47
================================================================================
AV 71.4 47.4                               5.9 FASTST   M    M   3    MAX(MPH)
                                 MISC ---->  # 21 310               # 30  300
================================================================================
NOTES:
# LAST OF SEVERAL OCCURRENCES

COLUMN 17 PEAK WIND IN M.P.H.

PRELIMINARY LOCAL CLIMATOLOGICAL DATA (WS FORM: F-6) , PAGE 2

                                          STATION:  SHEBOYGAN WI
                                          MONTH:    SEPTEMBER
                                          YEAR:     2017
                                          LATITUDE:   43 46 N
                                          LONGITUDE:  87 51 W

[TEMPERATURE DATA]      [PRECIPITATION DATA]       SYMBOLS USED IN COLUMN 16

AVERAGE MONTHLY: 59.4   TOTAL FOR MONTH:   0.31    1 = FOG OR MIST
DPTR FM NORMAL:  -2.7   DPTR FM NORMAL:   -1.59    2 = FOG REDUCING VISIBILITY
HIGHEST:    82 ON 16    GRTST 24HR  0.20 ON  2- 2      TO 1/4 MILE OR LESS
LOWEST:     39 ON 10                               3 = THUNDER
                        SNOW, ICE PELLETS, HAIL    4 = ICE PELLETS
                        TOTAL MONTH:   0.0 INCH    5 = HAIL
                        GRTST 24HR     0.0         6 = FREEZING RAIN OR DRIZZLE
                        GRTST DEPTH:   0           7 = DUSTSTORM OR SANDSTORM:
                                                       VSBY 1/2 MILE OR LESS
                                                   8 = SMOKE OR HAZE
[NO. OF DAYS WITH]      [WEATHER - DAYS WITH]      9 = BLOWING SNOW
                                                   X = TORNADO
MAX 32 OR BELOW:   0    0.01 INCH OR MORE:   4
MAX 90 OR ABOVE:   0    0.10 INCH OR MORE:   1
MIN 32 OR BELOW:   0    0.50 INCH OR MORE:   0
MIN  0 OR BELOW:   0    1.00 INCH OR MORE:   0

[HDD (BASE 65) ]
TOTAL THIS MO.   101    CLEAR  (SCALE 0-3)  12
DPTR FM NORMAL    23    PTCLDY (SCALE 4-7)   6
TOTAL FM JUL 1   166    CLOUDY (SCALE 8-10)  0
DPTR FM NORMAL    31

[CDD (BASE 65) ]
TOTAL THIS MO.     6
DPTR FM NORMAL   -21    [PRESSURE DATA]
TOTAL FM JAN 1   313    HIGHEST SLP M ON M
DPTR FM NORMAL   -74    LOWEST  SLP 29.65 ON  4

[REMARKS]
