000
CXUS53 KMKX 260656
CF6SBM
PRELIMINARY LOCAL CLIMATOLOGICAL DATA (WS FORM: F-6)

                                          STATION:   SHEBOYGAN WI
                                          MONTH:     MARCH
                                          YEAR:      2015
                                          LATITUDE:   43 46 N
                                          LONGITUDE:  87 51 W

  TEMPERATURE IN F:       :PCPN:    SNOW:  WIND      :SUNSHINE: SKY     :PK WND
================================================================================
1   2   3   4   5  6A  6B    7    8   9   10  11  12  13   14  15   16   17  18
                                     12Z  AVG MX 2MIN
DY MAX MIN AVG DEP HDD CDD  WTR  SNW DPTH SPD SPD DIR MIN PSBL S-S WX    SPD DR
================================================================================

 1  27   9  18  -9  47   0    T    M    M 10.0 20 280   M    M   4 18     25 280
 2  28  13  21  -6  44   0 0.00  0.0    0  7.5 14 270   M    M   1        18 280
 3  30  22  26  -2  39   0 0.03    M    0 12.2 23 280   M    M  10 1      31 280
 4  27   4  16 -12  49   0 0.00  0.0    0 12.7 23 300   M    M   1        30 270
 5  14  -4   5 -23  60   0 0.00  0.0    0  8.1 15 260   M    M   0        18 320
 6  28  -2  13 -16  52   0 0.00  0.0    0 13.6 30 210   M    M   3        34 200
 7  42  13  28  -1  37   0 0.00  0.0    0  9.6 23 270   M    M   5 18     29 270
 8  46  23  35   6  30   0 0.00  0.0    0  9.7 21 250   M    M   1        26 240
 9  53  26  40  10  25   0 0.00  0.0    0  8.5 21 210   M    M   1 1      24 220
10  57  28  43  13  22   0 0.00  0.0    0  9.8 18 230   M    M   2 18     24 220
11  54  30  42  12  23   0 0.00  0.0    0  5.4 13 290   M    M   0        18 290
12  44  30  37   6  28   0 0.00  0.0    0 10.5 22 170   M    M   1        28 170
13  64  30  47  16  18   0 0.00  0.0    0  8.6 18 200   M    M   0 1      21 210
14  54  28  41   9  24   0 0.00  0.0    0  9.6 22 310   M    M   2        28 290
15  55  24  40   8  25   0 0.00  0.0    0  9.8 25 260   M    M   0        33 250
16  65  42  54  22  11   0    T  0.0    0  7.8 18  30   M    M   2 18     26  30
17  42  28  35   2  30   0 0.00  0.0    0 13.6 24 330   M    M   2        30 340
18  47  27  37   4  28   0 0.00  0.0    0  7.2 16 280   M    M   0        20 280
19  40  25  33  -1  32   0 0.00  0.0    0  6.7 15 170   M    M   5        20 140
20  57  24  41   7  24   0 0.01    M    0  8.9 21 250   M    M   6        26 240
21  45  23  34   0  31   0    T    M    0  8.8 18  60   M    M   5        24  70
22  33  23  28  -7  37   0 0.00  0.0    0  6.4 17  60   M    M   6        22  40
23  33  19  26  -9  39   0 0.00    M    M  8.1 17  70   M    M   6        22  50
24  38  16  27  -9  38   0    T    M    M  6.8 15 100   M    M   1        22 140
25  45  32  39   3  26   0 0.39    M    M 13.9 29 260   M    M   9 16     42 270
================================================================================
SM 1068  533       819   0  0.43     0.0 233.8          M       73
================================================================================
AV 42.7 21.3                               9.4 FASTST   M    M   3    MAX(MPH)
                                 MISC ---->  # 30 210               # 42  270
================================================================================
NOTES:
# LAST OF SEVERAL OCCURRENCES

COLUMN 17 PEAK WIND IN M.P.H.

PRELIMINARY LOCAL CLIMATOLOGICAL DATA (WS FORM: F-6) , PAGE 2

                                          STATION:  SHEBOYGAN WI
                                          MONTH:    MARCH
                                          YEAR:     2015
                                          LATITUDE:   43 46 N
                                          LONGITUDE:  87 51 W

[TEMPERATURE DATA]      [PRECIPITATION DATA]       SYMBOLS USED IN COLUMN 16

AVERAGE MONTHLY: 32.0   TOTAL FOR MONTH:   0.43    1 = FOG OR MIST
DPTR FM NORMAL:   0.7   DPTR FM NORMAL:   -0.94    2 = FOG REDUCING VISIBILITY
HIGHEST:    65 ON 16    GRTST 24HR  0.39 ON 25-25      TO 1/4 MILE OR LESS
LOWEST:     -4 ON  5                               3 = THUNDER
                        SNOW, ICE PELLETS, HAIL    4 = ICE PELLETS
                        TOTAL MONTH:   0.0 INCH    5 = HAIL
                        GRTST 24HR     0.0         6 = FREEZING RAIN OR DRIZZLE
                        GRTST DEPTH:   0           7 = DUSTSTORM OR SANDSTORM:
                                                       VSBY 1/2 MILE OR LESS
                                                   8 = SMOKE OR HAZE
[NO. OF DAYS WITH]      [WEATHER - DAYS WITH]      9 = BLOWING SNOW
                                                   X = TORNADO
MAX 32 OR BELOW:   6    0.01 INCH OR MORE:   3
MAX 90 OR ABOVE:   0    0.10 INCH OR MORE:   1
MIN 32 OR BELOW:  24    0.50 INCH OR MORE:   0
MIN  0 OR BELOW:   2    1.00 INCH OR MORE:   0

[HDD (BASE 65) ]
TOTAL THIS MO.   819    CLEAR  (SCALE 0-3)  16
DPTR FM NORMAL   -24    PTCLDY (SCALE 4-7)   7
TOTAL FM JUL 1  6703    CLOUDY (SCALE 8-10)  2
DPTR FM NORMAL   331

[CDD (BASE 65) ]
TOTAL THIS MO.     0
DPTR FM NORMAL     0    [PRESSURE DATA]
TOTAL FM JAN 1     0    HIGHEST SLP M ON M
DPTR FM NORMAL     0    LOWEST  SLP 29.63 ON  3

[REMARKS]
