000
CXUS53 KIWX 220800
CF6SBN
PRELIMINARY LOCAL CLIMATOLOGICAL DATA (WS FORM: F-6)

                                          STATION:   SOUTH BEND
                                          MONTH:     FEBRUARY
                                          YEAR:      2018
                                          LATITUDE:   41 42 N
                                          LONGITUDE:  86 19 W

  TEMPERATURE IN F:       :PCPN:    SNOW:  WIND      :SUNSHINE: SKY     :PK WND
================================================================================
1   2   3   4   5  6A  6B    7    8   9   10  11  12  13   14  15   16   17  18
                                     12Z  AVG MX 2MIN
DY MAX MIN AVG DEP HDD CDD  WTR  SNW DPTH SPD SPD DIR MIN PSBL S-S WX    SPD DR
================================================================================

 1  34  11  23  -2  42   0 0.05  1.6    0 14.7 28 320   M    M   9 18     37 320
 2  16   3  10 -15  55   0 0.04  1.7    3  8.8 17 280   M    M   7 18     21 300
 3  35  16  26   1  39   0 0.02  0.6    2 12.9 25 240   M    M  10 1      34 220
 4  31  15  23  -2  42   0 0.20  4.4    5 13.2 29 350   M    M  10 18     33 350
 5  15  -5   5 -21  60   0 0.13  1.7    5  8.3 15 290   M    M   6 1      19 300
 6  21   5  13 -13  52   0 0.01  1.1    6  5.5 12 260   M    M   8 18     16 210
 7  22  11  17  -9  48   0 0.22  3.4    8  7.3 21 290   M    M  10 18     25 280
 8  18   6  12 -14  53   0 0.04  0.6    7  7.7 16 250   M    M   7 189    19 240
 9  29  17  23  -3  42   0 0.75 10.3   10  7.6 14 120   M    M  10 12     16 100
10  24  20  22  -4  43   0    T    T   15  7.3 15  20   M    M   7 18     18  20
11  26  11  19  -8  46   0 0.41  2.4   15  8.8 20 310   M    M   8 16     23 310
12  28  -1  14 -13  51   0 0.00  0.0   13  5.1 12 350   M    M   0 18     13 280
13  32   5  19  -8  46   0 0.00  0.0   13  6.5 17 120   M    M   2 18     20 110
14  43  24  34   7  31   0 0.00  0.0   12  9.7 17 220   M    M   4 128    22 220
15  45  35  40  12  25   0 0.37  0.0    9  8.7 20 220   M    M   9 12     24 210
16  36  17  27  -1  38   0    T    T    6 11.5 24 340   M    M   6 1      31 330
17  33  14  24  -4  41   0 0.10  1.8    5  7.7 20 290   M    M   4 12     24 280
18  38  17  28   0  37   0 0.00  0.0    7 12.2 21 160   M    M   5 1      26 150
19  58  36  47  18  18   0 1.27  0.0    5 11.0 23 210   M    M   9 123    29 210
20  64  37  51  22  14   0 3.73  0.0    0 14.9 26 310   M    M  10 13     34 300
21  37  28  33   4  32   0 0.61  0.0    0 12.6 22 340   M    M   8 16     27 330
================================================================================
SM  685  322       855   0  7.95    29.6 202.0          M      149
================================================================================
AV 32.6 15.3                               9.6 FASTST   M    M   7    MAX(MPH)
                                 MISC ---->  # 29 350               # 37  320
================================================================================
NOTES:
# LAST OF SEVERAL OCCURRENCES

COLUMN 17 PEAK WIND IN M.P.H.

PRELIMINARY LOCAL CLIMATOLOGICAL DATA (WS FORM: F-6) , PAGE 2

                                          STATION:  SOUTH BEND
                                          MONTH:    FEBRUARY
                                          YEAR:     2018
                                          LATITUDE:   41 42 N
                                          LONGITUDE:  86 19 W

[TEMPERATURE DATA]      [PRECIPITATION DATA]       SYMBOLS USED IN COLUMN 16

AVERAGE MONTHLY: 24.0   TOTAL FOR MONTH:   7.95    1 = FOG OR MIST
DPTR FM NORMAL:  -2.8   DPTR FM NORMAL:    6.55    2 = FOG REDUCING VISIBILITY
HIGHEST:    64 ON 20    GRTST 24HR  3.73 ON 20-20      TO 1/4 MILE OR LESS
LOWEST:     -5 ON  5                               3 = THUNDER
                        SNOW, ICE PELLETS, HAIL    4 = ICE PELLETS
                        TOTAL MONTH:  29.6 INCHES  5 = HAIL
                        GRTST 24HR  10.3 ON  9- 9  6 = FREEZING RAIN OR DRIZZLE
                        GRTST DEPTH:  15 ON 11,10  7 = DUSTSTORM OR SANDSTORM:
                                                       VSBY 1/2 MILE OR LESS
                                                   8 = SMOKE OR HAZE
[NO. OF DAYS WITH]      [WEATHER - DAYS WITH]      9 = BLOWING SNOW
                                                   X = TORNADO
MAX 32 OR BELOW:  11    0.01 INCH OR MORE:  15
MAX 90 OR ABOVE:   0    0.10 INCH OR MORE:  10
MIN 32 OR BELOW:  18    0.50 INCH OR MORE:   4
MIN  0 OR BELOW:   2    1.00 INCH OR MORE:   2

[HDD (BASE 65) ]
TOTAL THIS MO.   855    CLEAR  (SCALE 0-3)   2
DPTR FM NORMAL    52    PTCLDY (SCALE 4-7)  11
TOTAL FM JUL 1  4530    CLOUDY (SCALE 8-10)  8
DPTR FM NORMAL    79

[CDD (BASE 65) ]
TOTAL THIS MO.     0
DPTR FM NORMAL     0    [PRESSURE DATA]
TOTAL FM JAN 1     0    HIGHEST SLP M ON M
DPTR FM NORMAL     0    LOWEST  SLP 29.66 ON 15

[REMARKS]
