000
CXUS53 KLMK 220800
CF6SDF
PRELIMINARY LOCAL CLIMATOLOGICAL DATA (WS FORM: F-6)

                                          STATION:   LOUISVILLE KY
                                          MONTH:     OCTOBER
                                          YEAR:      2017
                                          LATITUDE:   38 10 N
                                          LONGITUDE:  85 44 W

  TEMPERATURE IN F:       :PCPN:    SNOW:  WIND      :SUNSHINE: SKY     :PK WND
================================================================================
1   2   3   4   5  6A  6B    7    8   9   10  11  12  13   14  15   16   17  18
                                     12Z  AVG MX 2MIN
DY MAX MIN AVG DEP HDD CDD  WTR  SNW DPTH SPD SPD DIR MIN PSBL S-S WX    SPD DR
================================================================================

 1  78  53  66   1   0   1 0.00  0.0    0  5.8 10 120   M    M   4        14 140
 2  80  56  68   4   0   3 0.00  0.0    0  5.5 13 160   M    M   4        17 130
 3  83  61  72   8   0   7 0.00  0.0    0  5.8 15 200   M    M   4        20 200
 4  84  62  73   9   0   8 0.00  0.0    0  5.8 13 240   M    M   6        17 220
 5  80  63  72   9   0   7    T  0.0    0  4.2 10 190   M    M   7        12 240
 6  84  62  73  10   0   8 0.00  0.0    0  6.1 13 190   M    M   7        18 150
 7  83  65  74  12   0   9 0.68  0.0    0 10.9 21 300   M    M   7 13     29 160
 8  72  63  68   6   0   3 1.27  0.0    0  5.4 13 130   M    M   9 1      16 140
 9  79  69  74  12   0   9 0.02  0.0    0  4.3 10 270   M    M   9 1      11 270
10  76  67  72  11   0   7 0.94  0.0    0  5.6 15 110   M    M   9 1      20 140
11  75  59  67   6   0   2    T  0.0    0  9.1 17 260   M    M   9 18     23 280
12  67  59  63   2   2   0    T  0.0    0  2.3  7 280   M    M  10 1       8 170
13  75  54  65   5   0   0 0.00  0.0    0  2.3  9 130   M    M   3 1      12 140
14  85  56  71  11   0   6 0.00  0.0    0  8.3 17 200   M    M   1        23 180
15  80  55  68   8   0   3 0.01  0.0    0 14.3 32 310   M    M   7 1      45 310
16  65  49  57  -2   8   0 0.00  0.0    0  6.9 15 360   M    M   4 8      20  10
17  67  43  55  -4  10   0 0.00  0.0    0  3.4 10 180   M    M   2 1      14 180
18  72  44  58  -1   7   0 0.00  0.0    0  5.5 14 180   M    M   2        17 180
19  75  48  62   4   3   0 0.00  0.0    0  6.4 13 230   M    M   1        22 210
20  78  50  64   6   1   0 0.00  0.0    0  3.5 10 150   M    M   3        13 150
21  78  53  66   8   0   1 0.00  0.0    0  6.8 13 150   M    M   5        15 180
================================================================================
SM 1616 1191        31  74  2.92     0.0 128.2          M      113
================================================================================
AV 77.0 56.7                               6.1 FASTST   M    M   5    MAX(MPH)
                                 MISC ---->  # 32 310               # 45  310
================================================================================
NOTES:
# LAST OF SEVERAL OCCURRENCES

COLUMN 17 PEAK WIND IN M.P.H.

PRELIMINARY LOCAL CLIMATOLOGICAL DATA (WS FORM: F-6) , PAGE 2

                                          STATION:  LOUISVILLE KY
                                          MONTH:    OCTOBER
                                          YEAR:     2017
                                          LATITUDE:   38 10 N
                                          LONGITUDE:  85 44 W

[TEMPERATURE DATA]      [PRECIPITATION DATA]       SYMBOLS USED IN COLUMN 16

AVERAGE MONTHLY: 66.8   TOTAL FOR MONTH:   2.92    1 = FOG OR MIST
DPTR FM NORMAL:   5.7   DPTR FM NORMAL:    0.72    2 = FOG REDUCING VISIBILITY
HIGHEST:    85 ON 14    GRTST 24HR  1.27 ON  8- 8      TO 1/4 MILE OR LESS
LOWEST:     43 ON 17                               3 = THUNDER
                        SNOW, ICE PELLETS, HAIL    4 = ICE PELLETS
                        TOTAL MONTH:   0.0 INCH    5 = HAIL
                        GRTST 24HR     0.0         6 = FREEZING RAIN OR DRIZZLE
                        GRTST DEPTH:   0           7 = DUSTSTORM OR SANDSTORM:
                                                       VSBY 1/2 MILE OR LESS
                                                   8 = SMOKE OR HAZE
[NO. OF DAYS WITH]      [WEATHER - DAYS WITH]      9 = BLOWING SNOW
                                                   X = TORNADO
MAX 32 OR BELOW:   0    0.01 INCH OR MORE:   5
MAX 90 OR ABOVE:   0    0.10 INCH OR MORE:   3
MIN 32 OR BELOW:   0    0.50 INCH OR MORE:   3
MIN  0 OR BELOW:   0    1.00 INCH OR MORE:   1

[HDD (BASE 65) ]
TOTAL THIS MO.    31    CLEAR  (SCALE 0-3)   5
DPTR FM NORMAL   -87    PTCLDY (SCALE 4-7)  11
TOTAL FM JUL 1    44    CLOUDY (SCALE 8-10)  5
DPTR FM NORMAL  -104

[CDD (BASE 65) ]
TOTAL THIS MO.    74
DPTR FM NORMAL    38    [PRESSURE DATA]
TOTAL FM JAN 1  1778    HIGHEST SLP M ON M
DPTR FM NORMAL   175    LOWEST  SLP 29.65 ON  8

[REMARKS]
