000
CXUS55 KSEW 302249
CF6SEW
PRELIMINARY LOCAL CLIMATOLOGICAL DATA (WS FORM: F-6)

                                          STATION:   SEATTLE WA WFO
                                          MONTH:     JUNE
                                          YEAR:      2015
                                          LATITUDE:   47 41 N
                                          LONGITUDE: 122 15 W

  TEMPERATURE IN F:       :PCPN:    SNOW:  WIND      :SUNSHINE: SKY     :PK WND
================================================================================
1   2   3   4   5  6A  6B    7    8   9   10  11  12  13   14  15   16   17  18
                                     12Z  AVG MX 2MIN
DY MAX MIN AVG DEP HDD CDD  WTR  SNW DPTH SPD SPD DIR MIN PSBL S-S WX    SPD DR
================================================================================

 1  62  55  59   0   6   0 0.09  0.0    0   M   M   M   M    M   M         M  M
 2  65  56  61   2   4   0    T  0.0    0   M   M   M   M    M   M         M  M
 3  67  55  61   2   4   0    T  0.0    0   M   M   M   M    M   M         M  M
 4  73  52  63   4   2   0 0.00  0.0    0   M   M   M   M    M   M         M  M
 5  78  52  65   5   0   0 0.00  0.0    0   M   M   M   M    M   M         M  M
 6  82  55  69   9   0   4 0.00  0.0    0   M   M   M   M    M   M         M  M
 7  83  60  72  12   0   7 0.00  0.0    0   M   M   M   M    M   M         M  M
 8  83  60  72  12   0   7 0.00  0.0    0   M   M   M   M    M   M         M  M
 9  83  56  70  10   0   5 0.00  0.0    0   M   M   M   M    M   M         M  M
10  80  52  66   6   0   1 0.00  0.0    0   M   M   M   M    M   M         M  M
11  76  52  64   4   1   0 0.00  0.0    0   M   M   M   M    M   M         M  M
12  71  54  63   3   2   0 0.00  0.0    0   M   M   M   M    M   M         M  M
13  74  48  61   0   4   0 0.00  0.0    0   M   M   M   M    M   M         M  M
14  79  50  65   4   0   0 0.00  0.0    0   M   M   M   M    M   M         M  M
15  82  54  68   7   0   3 0.00  0.0    0   M   M   M   M    M   M         M  M
16  72  54  63   2   2   0 0.00  0.0    0   M   M   M   M    M   M         M  M
17  77  52  65   4   0   0 0.00  0.0    0   M   M   M   M    M   M         M  M
18  76  57  67   6   0   2 0.01  0.0    0   M   M   M   M    M   M         M  M
19  72  57  65   4   0   0 0.04  0.0    0   M   M   M   M    M   M         M  M
20  74  52  63   1   2   0 0.00  0.0    0   M   M   M   M    M   M         M  M
21  78  56  67   5   0   2 0.00  0.0    0   M   M   M   M    M   M         M  M
22  76  55  66   4   0   1 0.00  0.0    0   M   M   M   M    M   M         M  M
23  79  54  67   5   0   2 0.00  0.0    0   M   M   M   M    M   M         M  M
24  79  62  71   9   0   6    T  0.0    0   M   M   M   M    M   M         M  M
25  86  57  72  10   0   7 0.00  0.0    0   M   M   M   M    M   M         M  M
26  87  63  75  12   0  10 0.00  0.0    0   M   M   M   M    M   M         M  M
27  90  63  77  14   0  12 0.00  0.0    0   M   M   M   M    M   M         M  M
28  82  65  74  11   0   9    T  0.0    0   M   M   M   M    M   M         M  M
29  89  65  77  14   0  12 0.01  0.0    0   M   M   M   M    M   M 3       M  M
================================================================================
SM 2255 1623        27  90  0.15     0.0     M          M        M
================================================================================
AV 77.8 56.0                                 M FASTST   M    M   5    MAX(MPH)
                                 MISC ---->     M   M                  M    M
================================================================================
NOTES:
# LAST OF SEVERAL OCCURRENCES

COLUMN 17 PEAK WIND IN M.P.H.

PRELIMINARY LOCAL CLIMATOLOGICAL DATA (WS FORM: F-6) , PAGE 2

                                          STATION:  SEATTLE WA WFO
                                          MONTH:    JUNE
                                          YEAR:     2015
                                          LATITUDE:   47 41 N
                                          LONGITUDE: 122 15 W

[TEMPERATURE DATA]      [PRECIPITATION DATA]       SYMBOLS USED IN COLUMN 16

AVERAGE MONTHLY: 66.9   TOTAL FOR MONTH:   0.15    1 = FOG OR MIST
DPTR FM NORMAL:   5.9   DPTR FM NORMAL:   -1.45    2 = FOG REDUCING VISIBILITY
HIGHEST:    90 ON 27    GRTST 24HR  0.09 ON  1- 1      TO 1/4 MILE OR LESS
LOWEST:     48 ON 13                               3 = THUNDER
                        SNOW, ICE PELLETS, HAIL    4 = ICE PELLETS
                        TOTAL MONTH:   0.0 INCH    5 = HAIL
                        GRTST 24HR     0.0         6 = FREEZING RAIN OR DRIZZLE
                        GRTST DEPTH:   0           7 = DUSTSTORM OR SANDSTORM:
                                                       VSBY 1/2 MILE OR LESS
                                                   8 = SMOKE OR HAZE
[NO. OF DAYS WITH]      [WEATHER - DAYS WITH]      9 = BLOWING SNOW
                                                   X = TORNADO
MAX 32 OR BELOW:   0    0.01 INCH OR MORE:   4
MAX 90 OR ABOVE:   1    0.10 INCH OR MORE:   0
MIN 32 OR BELOW:   0    0.50 INCH OR MORE:   0
MIN  0 OR BELOW:   0    1.00 INCH OR MORE:   0

[HDD (BASE 65) ]
TOTAL THIS MO.    27    CLEAR  (SCALE 0-3)   0
DPTR FM NORMAL  -103    PTCLDY (SCALE 4-7)   0
TOTAL FM JUL 1  3516    CLOUDY (SCALE 8-10)  0
DPTR FM NORMAL -1068

[CDD (BASE 65) ]
TOTAL THIS MO.    90
DPTR FM NORMAL    80    [PRESSURE DATA]
TOTAL FM JAN 1    97    HIGHEST SLP M ON M
DPTR FM NORMAL    84    LOWEST  SLP M ON M

[REMARKS]
