658
CXUS52 KMLB 210633
CF6SFB
PRELIMINARY LOCAL CLIMATOLOGICAL DATA (WS FORM: F-6)

                                          STATION:   SANFORD
                                          MONTH:     OCTOBER
                                          YEAR:      2017
                                          LATITUDE:   28 46 N
                                          LONGITUDE:  81 15 W

  TEMPERATURE IN F:       :PCPN:    SNOW:  WIND      :SUNSHINE: SKY     :PK WND
================================================================================
1   2   3   4   5  6A  6B    7    8   9   10  11  12  13   14  15   16   17  18
                                     12Z  AVG MX 2MIN
DY MAX MIN AVG DEP HDD CDD  WTR  SNW DPTH SPD SPD DIR MIN PSBL S-S WX    SPD DR
================================================================================

 1  87  74  81   2   0  16 0.17  0.0    0 10.7 20 110   M    M   7 1      25  90
 2  85  74  80   1   0  15    T  0.0    0 12.3 22  80   M    M   4        27  60
 3  84  76  80   1   0  15 0.01  0.0    0 15.8 28  70   M    M   9 1      35  70
 4  83  73  78   0   0  13 0.11  0.0    0 13.5 28  80   M    M   7 1      36  80
 5  79  73  76  -2   0  11 0.92  0.0    0 10.0 20 100   M    M   8 18     26  70
 6  90  73  82   4   0  17 0.01  0.0    0  6.4 15 100   M    M   2 1      18 100
 7  91  77  84   6   0  19    T  0.0    0  9.6 21 130   M    M   5 1      24 130
 8  93  76  85   7   0  20 1.40  0.0    0  8.6 24 130   M    M   5 13     27 130
 9  90  77  84   7   0  19 0.01  0.0    0  6.9 15 110   M    M   4        19 100
10  90  76  83   6   0  18 0.00  0.0    0  7.2 18 120   M    M   1        22 130
11  90  72  81   4   0  16 0.00  0.0    0  6.0 17  80   M    M   1        20 100
12  87  70  79   3   0  14 0.00  0.0    0  8.6 18  80   M    M   2        25  80
13  89  74  82   6   0  17 0.27  0.0    0 10.4 23  90   M    M   5 1      28  70
14  88  74  81   5   0  16 0.17  0.0    0  9.2 21  80   M    M   3 1      24  80
15  89  74  82   6   0  17    T  0.0    0  7.4 17  70   M    M   3        21  80
16  91  74  83   7   0  18    T  0.0    0  3.8 23  80   M    M   1 1      28  90
17  82  71  77   2   0  12 0.81  0.0    0 10.6 21  40   M    M   8        30 360
18  82  71  77   2   0  12 0.08  0.0    0  9.5 21  60   M    M   2        27  50
19  86  71  79   4   0  14 0.02  0.0    0  9.1 22  60   M    M   5 1      28  60
20  86  70  78   4   0  13 0.01  0.0    0  9.6 21  70   M    M   2        25  80
================================================================================
SM 1742 1470         0 312  3.99     0.0 185.2          M       84
================================================================================
AV 87.1 73.5                               9.3 FASTST   M    M   4    MAX(MPH)
                                 MISC ---->  # 28  70               # 36   80
================================================================================
NOTES:
# LAST OF SEVERAL OCCURRENCES

COLUMN 17 PEAK WIND IN M.P.H.

PRELIMINARY LOCAL CLIMATOLOGICAL DATA (WS FORM: F-6) , PAGE 2

                                          STATION:  SANFORD
                                          MONTH:    OCTOBER
                                          YEAR:     2017
                                          LATITUDE:   28 46 N
                                          LONGITUDE:  81 15 W

[TEMPERATURE DATA]      [PRECIPITATION DATA]       SYMBOLS USED IN COLUMN 16

AVERAGE MONTHLY: 80.3   TOTAL FOR MONTH:   3.99    1 = FOG OR MIST
DPTR FM NORMAL:   3.5   DPTR FM NORMAL:    1.23    2 = FOG REDUCING VISIBILITY
HIGHEST:    93 ON  8    GRTST 24HR  1.40 ON  8- 8      TO 1/4 MILE OR LESS
LOWEST:     70 ON 20,12                            3 = THUNDER
                        SNOW, ICE PELLETS, HAIL    4 = ICE PELLETS
                        TOTAL MONTH:   0.0 INCH    5 = HAIL
                        GRTST 24HR     0.0         6 = FREEZING RAIN OR DRIZZLE
                        GRTST DEPTH:   0           7 = DUSTSTORM OR SANDSTORM:
                                                       VSBY 1/2 MILE OR LESS
                                                   8 = SMOKE OR HAZE
[NO. OF DAYS WITH]      [WEATHER - DAYS WITH]      9 = BLOWING SNOW
                                                   X = TORNADO
MAX 32 OR BELOW:   0    0.01 INCH OR MORE:  13
MAX 90 OR ABOVE:   7    0.10 INCH OR MORE:   7
MIN 32 OR BELOW:   0    0.50 INCH OR MORE:   3
MIN  0 OR BELOW:   0    1.00 INCH OR MORE:   1

[HDD (BASE 65) ]
TOTAL THIS MO.     0    CLEAR  (SCALE 0-3)   8
DPTR FM NORMAL     0    PTCLDY (SCALE 4-7)  10
TOTAL FM JUL 1     0    CLOUDY (SCALE 8-10)  2
DPTR FM NORMAL     0

[CDD (BASE 65) ]
TOTAL THIS MO.   312
DPTR FM NORMAL    73    [PRESSURE DATA]
TOTAL FM JAN 1  3560    HIGHEST SLP M ON M
DPTR FM NORMAL   427    LOWEST  SLP 29.88 ON  8

[REMARKS]
