814
CXUS56 KOTX 200900
CF6SFF
PRELIMINARY LOCAL CLIMATOLOGICAL DATA (WS FORM: F-6)

                                          STATION:   SPOKANE WA FELTS AIRPORT
                                          MONTH:     AUGUST
                                          YEAR:      2017
                                          LATITUDE:   47 40 N
                                          LONGITUDE: 117 20 W

  TEMPERATURE IN F:       :PCPN:    SNOW:  WIND      :SUNSHINE: SKY     :PK WND
================================================================================
1   2   3   4   5  6A  6B    7    8   9   10  11  12  13   14  15   16   17  18
                                     12Z  AVG MX 2MIN
DY MAX MIN AVG DEP HDD CDD  WTR  SNW DPTH SPD SPD DIR MIN PSBL S-S WX    SPD DR
================================================================================

 1  98  56  77   5   0  12 0.00    M    M  2.3 10 260   M    M   0        14 330
 2  96  58  77   5   0  12 0.00    M    M  3.8 14 100   M    M   0 8      19 110
 3  97  61  79   7   0  14 0.00    M    M  2.7 12  90   M    M   0        15  90
 4  96  62  79   8   0  14 0.00    M    M  4.7 16 350   M    M   2 8      24 350
 5  92  58  75   4   0  10 0.00    M    M  3.4 13 100   M    M   0 8      17 120
 6  95  59  77   6   0  12 0.00    M    M  3.2 13 340   M    M   2 8      21 210
 7  97  57  77   6   0  12 0.00    M    M  1.6  9  90   M    M   1 8      13  80
 8  96  59  78   7   0  13 0.00    M    M  2.1  9 240   M    M   1 8      12 250
 9  93  60  77   6   0  12 0.00    M    M  2.2  9 270   M    M   0 8      12 280
10  95  58  77   6   0  12 0.00    M    M  2.2  8 290   M    M   2 8      11 240
11  98  60  79   8   0  14 0.00    M    M  2.9  8 240   M    M   5 8      10 290
12  88  62  75   5   0  10    T    M    M  2.7 14 220   M    M   5 8      16 210
13  76  62  69  -1   0   4 0.03    M    M  8.5 21 210   M    M   5        25 220
14  78  54  66  -4   0   1 0.00    M    M  5.5 14 190   M    M   0        19 210
15  84  48  66  -4   0   1 0.00    M    M  2.3  9 290   M    M   0        13 290
16  87  51  69  -1   0   4 0.00    M    M  5.1 12 230   M    M   0        18 230
17  87  58  73   4   0   8 0.00    M    M  5.2 15 180   M    M   0        20 190
18  89  55  72   3   0   7 0.00    M    M  8.4 17 240   M    M   0        23 220
19  82  56  69   0   0   4 0.00    M    M  4.7 14 220   M    M   0        18 240
================================================================================
SM 1724 1094         0 176  0.03    M     73.5          M       23
================================================================================
AV 90.7 57.6                               3.9 FASTST   M    M   1    MAX(MPH)
                                 MISC ---->  # 21 210               # 25  220
================================================================================
NOTES:
# LAST OF SEVERAL OCCURRENCES

COLUMN 17 PEAK WIND IN M.P.H.

PRELIMINARY LOCAL CLIMATOLOGICAL DATA (WS FORM: F-6) , PAGE 2

                                          STATION:  SPOKANE WA FELTS AIRPORT
                                          MONTH:    AUGUST
                                          YEAR:     2017
                                          LATITUDE:   47 40 N
                                          LONGITUDE: 117 20 W

[TEMPERATURE DATA]      [PRECIPITATION DATA]       SYMBOLS USED IN COLUMN 16

AVERAGE MONTHLY: 74.2   TOTAL FOR MONTH:   0.03    1 = FOG OR MIST
DPTR FM NORMAL:   3.6   DPTR FM NORMAL:   -0.36    2 = FOG REDUCING VISIBILITY
HIGHEST:    98 ON 11, 1 GRTST 24HR  0.03 ON 13-13      TO 1/4 MILE OR LESS
LOWEST:     48 ON 15                               3 = THUNDER
                        SNOW, ICE PELLETS, HAIL    4 = ICE PELLETS
                        TOTAL MONTH:    M          5 = HAIL
                        GRTST 24HR    M  ON   M    6 = FREEZING RAIN OR DRIZZLE
                        GRTST DEPTH:  M  ON   M    7 = DUSTSTORM OR SANDSTORM:
                                                       VSBY 1/2 MILE OR LESS
                                                   8 = SMOKE OR HAZE
[NO. OF DAYS WITH]      [WEATHER - DAYS WITH]      9 = BLOWING SNOW
                                                   X = TORNADO
MAX 32 OR BELOW:   0    0.01 INCH OR MORE:   1
MAX 90 OR ABOVE:  11    0.10 INCH OR MORE:   0
MIN 32 OR BELOW:   0    0.50 INCH OR MORE:   0
MIN  0 OR BELOW:   0    1.00 INCH OR MORE:   0

[HDD (BASE 65) ]
TOTAL THIS MO.     0    CLEAR  (SCALE 0-3)  16
DPTR FM NORMAL    -5    PTCLDY (SCALE 4-7)   3
TOTAL FM JUL 1     0    CLOUDY (SCALE 8-10)  0
DPTR FM NORMAL   -26

[CDD (BASE 65) ]
TOTAL THIS MO.   176
DPTR FM NORMAL    62    [PRESSURE DATA]
TOTAL FM JAN 1   589    HIGHEST SLP M ON M
DPTR FM NORMAL   257    LOWEST  SLP 29.68 ON  4

[REMARKS]
