000
CXUS56 KMTR 291000
CF6SFO
PRELIMINARY LOCAL CLIMATOLOGICAL DATA (WS FORM: F-6)

                                          STATION:   SAN FRANCISCO AIRPORT
                                          MONTH:     MARCH
                                          YEAR:      2015
                                          LATITUDE:   37 37 N
                                          LONGITUDE: 122 23 W

  TEMPERATURE IN F:       :PCPN:    SNOW:  WIND      :SUNSHINE: SKY     :PK WND
================================================================================
1   2   3   4   5  6A  6B    7    8   9   10  11  12  13   14  15   16   17  18
                                     12Z  AVG MX 2MIN
DY MAX MIN AVG DEP HDD CDD  WTR  SNW DPTH SPD SPD DIR MIN PSBL S-S WX    SPD DR
================================================================================

 1  65  48  57   3   8   0 0.00  0.0    0  6.7 21 280   M    M   2        24 270
 2  61  50  56   2   9   0 0.00  0.0    0  7.2 18 270   M    M   5        24 250
 3  64  47  56   2   9   0 0.00  0.0    0  7.0 22 280   M    M   2        24 280
 4  66  46  56   2   9   0 0.00  0.0    0  4.6 12 280   M    M   1         M  M
 5  68  47  58   4   7   0 0.00  0.0    0  2.8 10 360   M    M   0         M  M
 6  72  48  60   6   5   0 0.00  0.0    0  6.8 17 280   M    M   0         M  M
 7  73  48  61   7   4   0 0.00  0.0    0  8.0 21 280   M    M   1        25 280
 8  65  48  57   3   8   0 0.00  0.0    0 12.5 28 290   M    M   5        31 280
 9  66  51  59   4   6   0 0.00  0.0    0  9.7 21 290   M    M   7        24 290
10  62  50  56   1   9   0 0.00  0.0    0  7.5 26 290   M    M   9 18     32 290
11  68  55  62   7   3   0 0.02  0.0    0  5.7 15 280   M    M   7 18     22  60
12  72  52  62   7   3   0 0.00  0.0    0  6.6 20 280   M    M   5        22 280
13  74  53  64   9   1   0 0.00  0.0    0  6.1 23 280   M    M   8        25 280
14  83  57  70  15   0   5 0.00  0.0    0  4.5 15 190   M    M   6        17 190
15  71  59  65  10   0   0 0.00  0.0    0  9.6 21 300   M    M   7        23 300
16  69  57  63   8   2   0 0.00  0.0    0  6.1 15 280   M    M   8        18 280
17  65  53  59   4   6   0 0.00  0.0    0 18.1 30 270   M    M   5        37 270
18  69  51  60   5   5   0 0.00  0.0    0  9.8 25 270   M    M   2        29 280
19  74  50  62   7   3   0 0.00  0.0    0  8.1 22 280   M    M   4        25 280
20  71  52  62   7   3   0 0.00  0.0    0  8.8 23 270   M    M   5        29 270
21  73  56  65  10   0   0 0.00  0.0    0  8.0 23 280   M    M   8 1      26 280
22  67  55  61   6   4   0 0.04  0.0    0  8.4 20 260   M    M   8 1      23 270
23  65  55  60   5   5   0    T  0.0    0 10.7 23 270   M    M   7        26 270
24  65  53  59   4   6   0 0.00  0.0    0 10.9 26 280   M    M   7        32 280
25  72  52  62   7   3   0 0.00  0.0    0  9.6 25 280   M    M   2        30 280
26  79  52  66  11   0   1 0.00  0.0    0  7.0 21 280   M    M   1        24 280
27  63  52  58   3   7   0 0.00  0.0    0 17.5 30 270   M    M   3        36 260
28  74  52  63   7   2   0 0.00  0.0    0 11.7 26 280   M    M   3        31 260
================================================================================
SM 1936 1449       127   6  0.06     0.0 240.0          M      128
================================================================================
AV 69.1 51.8                               8.6 FASTST   M    M   5    MAX(MPH)
                                 MISC ---->  # 30 270               # 37  270
================================================================================
NOTES:
# LAST OF SEVERAL OCCURRENCES

COLUMN 17 PEAK WIND IN M.P.H.

PRELIMINARY LOCAL CLIMATOLOGICAL DATA (WS FORM: F-6) , PAGE 2

                                          STATION:  SAN FRANCISCO AIRPORT
                                          MONTH:    MARCH
                                          YEAR:     2015
                                          LATITUDE:   37 37 N
                                          LONGITUDE: 122 23 W

[TEMPERATURE DATA]      [PRECIPITATION DATA]       SYMBOLS USED IN COLUMN 16

AVERAGE MONTHLY: 60.4   TOTAL FOR MONTH:   0.06    1 = FOG OR MIST
DPTR FM NORMAL:   5.7   DPTR FM NORMAL:   -2.69    2 = FOG REDUCING VISIBILITY
HIGHEST:    83 ON 14    GRTST 24HR  0.04 ON 22-22      TO 1/4 MILE OR LESS
LOWEST:     46 ON  4                               3 = THUNDER
                        SNOW, ICE PELLETS, HAIL    4 = ICE PELLETS
                        TOTAL MONTH:   0.0 INCH    5 = HAIL
                        GRTST 24HR     0.0         6 = FREEZING RAIN OR DRIZZLE
                        GRTST DEPTH:   0           7 = DUSTSTORM OR SANDSTORM:
                                                       VSBY 1/2 MILE OR LESS
                                                   8 = SMOKE OR HAZE
[NO. OF DAYS WITH]      [WEATHER - DAYS WITH]      9 = BLOWING SNOW
                                                   X = TORNADO
MAX 32 OR BELOW:   0    0.01 INCH OR MORE:   2
MAX 90 OR ABOVE:   0    0.10 INCH OR MORE:   0
MIN 32 OR BELOW:   0    0.50 INCH OR MORE:   0
MIN  0 OR BELOW:   0    1.00 INCH OR MORE:   0

[HDD (BASE 65) ]
TOTAL THIS MO.   127    CLEAR  (SCALE 0-3)  10
DPTR FM NORMAL  -160    PTCLDY (SCALE 4-7)  16
TOTAL FM JUL 1  1074    CLOUDY (SCALE 8-10)  2
DPTR FM NORMAL -1019

[CDD (BASE 65) ]
TOTAL THIS MO.     6
DPTR FM NORMAL     6    [PRESSURE DATA]
TOTAL FM JAN 1     6    HIGHEST SLP M ON M
DPTR FM NORMAL     6    LOWEST  SLP 29.80 ON  2

[REMARKS]
