000
CXUS54 KLZK 221130
CF6SGT
PRELIMINARY LOCAL CLIMATOLOGICAL DATA (WS FORM: F-6)

                                          STATION:   Stuttgart Airport
                                          MONTH:     JANUARY
                                          YEAR:      2017
                                          LATITUDE:   34 35 N
                                          LONGITUDE:  91 34 W

  TEMPERATURE IN F:       :PCPN:    SNOW:  WIND      :SUNSHINE: SKY     :PK WND
================================================================================
1   2   3   4   5  6A  6B    7    8   9   10  11  12  13   14  15   16   17  18
                                     12Z  AVG MX 2MIN
DY MAX MIN AVG DEP HDD CDD  WTR  SNW DPTH SPD SPD DIR MIN PSBL S-S WX    SPD DR
================================================================================

 1  48  45  47   7  18   0 0.00  0.0    0  7.8 10  70   M    M  10         M  M
 2  63  46  55  15  10   0 0.39    M    0  7.5 17 100   M    M   9 3       M  M
 3  57  45  51  11  14   0 0.00  0.0    0  8.4 22 350   M    M   9        24 360
 4  45  30  38  -2  27   0 0.00  0.0    0 12.7 20  10   M    M   1        24  10
 5  36  30  33  -7  32   0 0.00  0.0    0 10.6 16  20   M    M  10         M  M
 6  30  19  25 -15  40   0 0.00  0.0    0 15.6 21 340   M    M   8        23 350
 7  25  16  21 -19  44   0 0.00  0.0    0  9.7 18 350   M    M   0        25 350
 8  30  18  24 -16  41   0 0.00  0.0    0  6.6 10 140   M    M   1         M  M
 9  48  25  37  -3  28   0 0.00  0.0    0 11.9 24 170   M    M   5        30 170
10  70  50  60  20   5   0 0.01  0.0    0 17.1 28 180   M    M   9        35 180
11  75  59  67  27   0   2 0.00  0.0    0 14.4 23 200   M    M   8        31 200
12  77  55  66  26   0   1 0.00  0.0    0 14.3 22 180   M    M   9        25  10
13  54  41  48   8  17   0 0.00  0.0    0 11.7 18  30   M    M  10         M  M
14  46  43  45   5  20   0 0.34  0.0    0  6.4 10  20   M    M  10 12      M  M
15  48  43  46   6  19   0 0.00  0.0    0  8.9 12  60   M    M  10         M  M
16  68  46  57  17   8   0 0.76  0.0    0 12.6 22 170   M    M  10 123    25 160
17  57  48  53  13  12   0 0.11    M    0  7.3 13 230   M    M   6         M  M
18  52  45  49   9  16   0 0.02    M    0  9.0 14  50   M    M   9         M  M
19  55  48  52  12  13   0 0.11    M    0  6.5 17 270   M    M  10 3       M  M
20  70  54  62  22   3   0 0.00  0.0    0 11.3 22 200   M    M   5        27 200
21  70  54  62  22   3   0 0.42  0.0    0  8.8 15 150   M    M   5 3       M  M
================================================================================
SM 1124  860       370   3  2.16     0.0 219.1          M      154
================================================================================
AV 53.5 41.0                              10.4 FASTST   M    M   7    MAX(MPH)
                                 MISC ---->    28   M               # 35  180
================================================================================
NOTES:
# LAST OF SEVERAL OCCURRENCES

COLUMN 17 PEAK WIND IN M.P.H.

PRELIMINARY LOCAL CLIMATOLOGICAL DATA (WS FORM: F-6) , PAGE 2

                                          STATION:  Stuttgart Airport
                                          MONTH:    JANUARY
                                          YEAR:     2017
                                          LATITUDE:   34 35 N
                                          LONGITUDE:  91 34 W

[TEMPERATURE DATA]      [PRECIPITATION DATA]       SYMBOLS USED IN COLUMN 16

AVERAGE MONTHLY: 47.2   TOTAL FOR MONTH:   2.16    1 = FOG OR MIST
DPTR FM NORMAL:   7.2   DPTR FM NORMAL:   -0.31    2 = FOG REDUCING VISIBILITY
HIGHEST:    77 ON 12    GRTST 24HR  0.76 ON 16-16      TO 1/4 MILE OR LESS
LOWEST:     16 ON  7                               3 = THUNDER
                        SNOW, ICE PELLETS, HAIL    4 = ICE PELLETS
                        TOTAL MONTH:   0.0 INCH    5 = HAIL
                        GRTST 24HR     0.0         6 = FREEZING RAIN OR DRIZZLE
                        GRTST DEPTH:   0           7 = DUSTSTORM OR SANDSTORM:
                                                       VSBY 1/2 MILE OR LESS
                                                   8 = SMOKE OR HAZE
[NO. OF DAYS WITH]      [WEATHER - DAYS WITH]      9 = BLOWING SNOW
                                                   X = TORNADO
MAX 32 OR BELOW:   3    0.01 INCH OR MORE:   8
MAX 90 OR ABOVE:   0    0.10 INCH OR MORE:   6
MIN 32 OR BELOW:   6    0.50 INCH OR MORE:   1
MIN  0 OR BELOW:   0    1.00 INCH OR MORE:   0

[HDD (BASE 65) ]
TOTAL THIS MO.   370    CLEAR  (SCALE 0-3)   3
DPTR FM NORMAL  -155    PTCLDY (SCALE 4-7)   4
TOTAL FM JUL 1  1182    CLOUDY (SCALE 8-10) 14
DPTR FM NORMAL  -594

[CDD (BASE 65) ]
TOTAL THIS MO.     3
DPTR FM NORMAL     3    [PRESSURE DATA]
TOTAL FM JAN 1     3    HIGHEST SLP M ON M
DPTR FM NORMAL     3    LOWEST  SLP M ON M

[REMARKS]
