000
CXUS55 KBYZ 291055
CF6SHR
PRELIMINARY LOCAL CLIMATOLOGICAL DATA (WS FORM: F-6)

                                          STATION:   SHERIDAN WY
                                          MONTH:     MAY
                                          YEAR:      2015
                                          LATITUDE:   44 46 N
                                          LONGITUDE: 106 58 W

  TEMPERATURE IN F:       :PCPN:    SNOW:  WIND      :SUNSHINE: SKY     :PK WND
================================================================================
1   2   3   4   5  6A  6B    7    8   9   10  11  12  13   14  15   16   17  18
                                     12Z  AVG MX 2MIN
DY MAX MIN AVG DEP HDD CDD  WTR  SNW DPTH SPD SPD DIR MIN PSBL S-S WX    SPD DR
================================================================================

 1  73  31  52   4  13   0 0.00    M    M  4.2 12  60   M    M   0        15  70
 2  76  40  58  10   7   0 0.00    M    M  4.8 17  40   M    M   0 8      21  40
 3  66  42  54   5  11   0 0.02    M    M  7.8 21 310   M    M   5        25 310
 4  72  43  58   9   7   0 0.00    M    M 12.8 22 170   M    M   2 3      29 150
 5  73  36  55   6  10   0 0.00    M    M 10.2 25 140   M    M   0        35 140
 6  55  43  49  -1  16   0 0.13    M    M 15.6 33 310   M    M   9 1      41 300
 7  52  38  45  -5  20   0 0.00    M    M  9.0 22 330   M    M  10        25 320
 8  55  32  44  -6  21   0 0.51    M    M  8.1 17 120   M    M   9 1      21 110
 9  39  34  37 -13  28   0 0.37    M    M  7.4 12 300   M    M  10 1      14  10
10  50  29  40 -11  25   0 0.03    M    M  8.6 24 290   M    M   6 1      30 300
11  60  26  43  -8  22   0 0.00    M    M  4.7 15 100   M    M   0        20 120
12  66  31  49  -2  16   0    T    M    M  4.7 15  20   M    M   3        20  40
13  68  38  53   1  12   0    T    M    M  3.2 16 270   M    M   2        18 270
14  66  37  52   0  13   0 0.39    M    M  6.8 16 240   M    M   5 13     21 110
15  65  42  54   2  11   0 0.73    M    M 11.5 24 140   M    M   8 13     30 130
16  66  43  55   3  10   0 0.31    M    M  6.8 26 310   M    M   7 13     32 310
17  50  37  44  -9  21   0    T    M    M 18.5 29 320   M    M  10        36 300
18  50  37  44  -9  21   0 0.00    M    M  4.4 10 120   M    M   9        14 120
19  46  35  41 -12  24   0 0.06    M    M 11.1 23 140   M    M   9        29 130
20  55  37  46  -8  19   0 0.00    M    M 11.2 20 140   M    M   4        25 130
21  63  31  47  -7  18   0 0.00    M    M 10.4 22 140   M    M   3        28 140
22  65  40  53  -1  12   0 0.00    M    M 14.2 28 130   M    M   4        38 120
23  57  44  51  -3  14   0    T    M    M  5.3 18 120   M    M   9        25 120
24  52  48  50  -5  15   0 1.74    M    M  8.7 16 340   M    M  10 1      20 360
25  64  44  54  -1  11   0 0.06    M    M  4.3 15 350   M    M   7 1      19 330
26  70  38  54  -1  11   0    T    M    M  4.5 22 310   M    M   3 13     27 310
27  70  46  58   2   7   0    T    M    M  4.6 18 300   M    M   5 3      22 300
28  64  46  55  -1  10   0 0.23    M    M  9.5 25 320   M    M   7 1      31 310
================================================================================
SM 1708 1068       425   0  4.58    M    232.9          M      156
================================================================================
AV 61.0 38.1                               8.3 FASTST   M    M   6    MAX(MPH)
                                 MISC ---->  # 33 310               # 41  300
================================================================================
NOTES:
# LAST OF SEVERAL OCCURRENCES

COLUMN 17 PEAK WIND IN M.P.H.

PRELIMINARY LOCAL CLIMATOLOGICAL DATA (WS FORM: F-6) , PAGE 2

                                          STATION:  SHERIDAN WY
                                          MONTH:    MAY
                                          YEAR:     2015
                                          LATITUDE:   44 46 N
                                          LONGITUDE: 106 58 W

[TEMPERATURE DATA]      [PRECIPITATION DATA]       SYMBOLS USED IN COLUMN 16

AVERAGE MONTHLY: 49.6   TOTAL FOR MONTH:   4.58    1 = FOG OR MIST
DPTR FM NORMAL:  -2.4   DPTR FM NORMAL:    2.46    2 = FOG REDUCING VISIBILITY
HIGHEST:    76 ON  2    GRTST 24HR  1.79 ON 24-25      TO 1/4 MILE OR LESS
LOWEST:     26 ON 11                               3 = THUNDER
                        SNOW, ICE PELLETS, HAIL    4 = ICE PELLETS
                        TOTAL MONTH:    M          5 = HAIL
                        GRTST 24HR    M  ON   M    6 = FREEZING RAIN OR DRIZZLE
                        GRTST DEPTH:  M  ON   M    7 = DUSTSTORM OR SANDSTORM:
                                                       VSBY 1/2 MILE OR LESS
                                                   8 = SMOKE OR HAZE
[NO. OF DAYS WITH]      [WEATHER - DAYS WITH]      9 = BLOWING SNOW
                                                   X = TORNADO
MAX 32 OR BELOW:   0    0.01 INCH OR MORE:  12
MAX 90 OR ABOVE:   0    0.10 INCH OR MORE:   8
MIN 32 OR BELOW:   6    0.50 INCH OR MORE:   3
MIN  0 OR BELOW:   0    1.00 INCH OR MORE:   1

[HDD (BASE 65) ]
TOTAL THIS MO.   425    CLEAR  (SCALE 0-3)   9
DPTR FM NORMAL    59    PTCLDY (SCALE 4-7)   9
TOTAL FM JUL 1  6974    CLOUDY (SCALE 8-10) 10
DPTR FM NORMAL  -493

[CDD (BASE 65) ]
TOTAL THIS MO.     0
DPTR FM NORMAL     0    [PRESSURE DATA]
TOTAL FM JAN 1     0    HIGHEST SLP M ON M
DPTR FM NORMAL     0    LOWEST  SLP 29.54 ON 16

[REMARKS]
