000
CXUS54 KSHV 281300
CF6SHV
PRELIMINARY LOCAL CLIMATOLOGICAL DATA (WS FORM: F-6)

                                          STATION:   SHREVEPORT
                                          MONTH:     MAY
                                          YEAR:      2015
                                          LATITUDE:   32 28 N
                                          LONGITUDE:  93 49 W

  TEMPERATURE IN F:       :PCPN:    SNOW:  WIND      :SUNSHINE: SKY     :PK WND
================================================================================
1   2   3   4   5  6A  6B    7    8   9   10  11  12  13   14  15   16   17  18
                                     12Z  AVG MX 2MIN
DY MAX MIN AVG DEP HDD CDD  WTR  SNW DPTH SPD SPD DIR MIN PSBL S-S WX    SPD DR
================================================================================

 1  83  55  69   0   0   4 0.00  0.0    0  4.4 10  20   M    M   1        16 360
 2  83  57  70   0   0   5 0.00  0.0    0  4.5 12 150   M    M   3        16 150
 3  83  57  70   0   0   5 0.00  0.0    0  5.8 17 160   M    M   2        25 170
 4  84  56  70   0   0   5 0.00  0.0    0  6.5 16 150   M    M   2 1      22 150
 5  84  66  75   5   0  10 0.00  0.0    0 10.0 18 150   M    M   7        22 150
 6  85  63  74   3   0   9 0.02  0.0    0  8.2 16 150   M    M   6        23 150
 7  85  66  76   5   0  11 0.05  0.0    0  7.1 16 150   M    M   7 13     22 140
 8  88  69  79   8   0  14    T  0.0    0  7.9 16 140   M    M   9 3      21 130
 9  88  73  81   9   0  16 0.03  0.0    0 11.6 24 140   M    M   8 1      29 140
10  87  74  81   9   0  16    T  0.0    0 10.8 21 170   M    M   9 3      30 170
11  78  66  72   0   0   7 1.63  0.0    0  4.9 20 310   M    M   8 13     25 170
12  71  65  68  -4   0   3    T  0.0    0  7.2 20  60   M    M   9 1      26  70
13  75  62  69  -4   0   4 0.21  0.0    0  6.9 18 250   M    M  10 1      21 250
14  88  67  78   5   0  13 0.00  0.0    0  5.2 18 250   M    M   8 1      22 230
15  86  70  78   5   0  13 0.56  0.0    0  6.0 29 180   M    M   9 13     38 170
16  88  72  80   7   0  15 0.16  0.0    0 10.1 28 190   M    M   9 38     38 190
17  84  71  78   4   0  13 0.05  0.0    0  7.4 25 270   M    M  10 13     32 270
18  77  67  72  -2   0   7 4.18  0.0    0  5.8 21 250   M    M   9 13     29 240
19  87  67  77   3   0  12 0.01  0.0    0  5.6 13 110   M    M   8 1      16  90
20  89  72  81   7   0  16 0.01  0.0    0  5.7 14 200   M    M   7 1      18 280
21  77  59  68  -7   0   3 1.06  0.0    0 10.5 23  10   M    M  10 13     28  30
22  78  55  67  -8   0   2 0.00  0.0    0  6.6 13 110   M    M   6        24  80
23  87  63  75   0   0  10    T  0.0    0  7.9 18 140   M    M   6 3      22 140
24  80  69  75   0   0  10 0.04  0.0    0 10.1 26 140   M    M  10        38 190
25  89  63  76   0   0  11 1.04  0.0    0  9.0 33 330   M    M   8 13X    41 330
26  87  63  75  -1   0  10 0.34  0.0    0  6.3 25 200   M    M   7 135    33 220
27  88  65  77   1   0  12 0.31  0.0    0  5.3 18 270   M    M   7 13     25 270
================================================================================
SM 2259 1752         0 256  9.70     0.0 197.3          M      195
================================================================================
AV 83.7 64.9                               7.3 FASTST   M    M   7    MAX(MPH)
                                 MISC ---->  # 33 330               # 41  330
================================================================================
NOTES:
# LAST OF SEVERAL OCCURRENCES

COLUMN 17 PEAK WIND IN M.P.H.

PRELIMINARY LOCAL CLIMATOLOGICAL DATA (WS FORM: F-6) , PAGE 2

                                          STATION:  SHREVEPORT
                                          MONTH:    MAY
                                          YEAR:     2015
                                          LATITUDE:   32 28 N
                                          LONGITUDE:  93 49 W

[TEMPERATURE DATA]      [PRECIPITATION DATA]       SYMBOLS USED IN COLUMN 16

AVERAGE MONTHLY: 74.3   TOTAL FOR MONTH:   9.70    1 = FOG OR MIST
DPTR FM NORMAL:   1.5   DPTR FM NORMAL:    5.38    2 = FOG REDUCING VISIBILITY
HIGHEST:    89 ON 25,20 GRTST 24HR  4.19 ON 17-18      TO 1/4 MILE OR LESS
LOWEST:     55 ON 22, 1                            3 = THUNDER
                        SNOW, ICE PELLETS, HAIL    4 = ICE PELLETS
                        TOTAL MONTH:   0.0 INCH    5 = HAIL
                        GRTST 24HR     0.0         6 = FREEZING RAIN OR DRIZZLE
                        GRTST DEPTH:   0           7 = DUSTSTORM OR SANDSTORM:
                                                       VSBY 1/2 MILE OR LESS
                                                   8 = SMOKE OR HAZE
[NO. OF DAYS WITH]      [WEATHER - DAYS WITH]      9 = BLOWING SNOW
                                                   X = TORNADO
MAX 32 OR BELOW:   0    0.01 INCH OR MORE:  16
MAX 90 OR ABOVE:   0    0.10 INCH OR MORE:   9
MIN 32 OR BELOW:   0    0.50 INCH OR MORE:   5
MIN  0 OR BELOW:   0    1.00 INCH OR MORE:   4

[HDD (BASE 65) ]
TOTAL THIS MO.     0    CLEAR  (SCALE 0-3)   4
DPTR FM NORMAL    -5    PTCLDY (SCALE 4-7)  10
TOTAL FM JUL 1  2291    CLOUDY (SCALE 8-10) 13
DPTR FM NORMAL    67

[CDD (BASE 65) ]
TOTAL THIS MO.   256
DPTR FM NORMAL    39    [PRESSURE DATA]
TOTAL FM JAN 1   423    HIGHEST SLP M ON M
DPTR FM NORMAL    71    LOWEST  SLP 29.83 ON M

[REMARKS]
