000
CXUS54 KSHV 291300
CF6SHV
PRELIMINARY LOCAL CLIMATOLOGICAL DATA (WS FORM: F-6)

                                          STATION:   SHREVEPORT
                                          MONTH:     AUGUST
                                          YEAR:      2014
                                          LATITUDE:   32 28 N
                                          LONGITUDE:  93 49 W

  TEMPERATURE IN F:       :PCPN:    SNOW:  WIND      :SUNSHINE: SKY     :PK WND
================================================================================
1   2   3   4   5  6A  6B    7    8   9   10  11  12  13   14  15   16   17  18
                                     12Z  AVG MX 2MIN
DY MAX MIN AVG DEP HDD CDD  WTR  SNW DPTH SPD SPD DIR MIN PSBL S-S WX    SPD DR
================================================================================

 1  73  67  70 -14   0   5 0.14  0.0    0  7.2 15  80   M    M   9 1      20  80
 2  81  69  75  -9   0  10    T  0.0    0  7.6 17  70   M    M   9 1      20  70
 3  90  73  82  -2   0  17 0.01  0.0    0  5.8 17  20   M    M   7 138    21  30
 4  92  73  83  -1   0  18 0.00  0.0    0  4.8 13  50   M    M   4 18     16  40
 5  94  72  83  -1   0  18    T  0.0    0  1.1 18  80   M    M   3 18     38  90
 6  95  74  85   1   0  20 0.00  0.0    0  4.1 12 220   M    M   2 1      17 220
 7  95  77  86   2   0  21 0.00  0.0    0  7.3 17 230   M    M   4        23 210
 8  95  78  87   3   0  22 0.00  0.0    0  7.3 14 250   M    M   5        20 220
 9  95  77  86   2   0  21 0.00  0.0    0  5.9 17 360   M    M   7        22  10
10  95  77  86   2   0  21 0.00  0.0    0  4.4 12 290   M    M   7        16 280
11  95  76  86   2   0  21    T  0.0    0  6.0 17 290   M    M   6 3      21 300
12  93  73  83  -1   0  18 0.00  0.0    0  6.5 16 350   M    M   2 18     20 350
13  91  64  78  -6   0  13 0.00  0.0    0  2.9 12 350   M    M   2        14 320
14  90  65  78  -6   0  13 0.00  0.0    0  2.8 13  40   M    M   3        17  80
15  92  63  78  -6   0  13 0.00  0.0    0  2.8  9 130   M    M   4        13 130
16  96  73  85   2   0  20 0.00  0.0    0  8.3 17 230   M    M   6        79 330
17  95  77  86   3   0  21 0.00  0.0    0  8.3 20 260   M    M   8        25 230
18  91  77  84   1   0  19 0.03  0.0    0  8.5 18 230   M    M   8 13     22 240
19  95  74  85   2   0  20 0.00  0.0    0  6.1 31 200   M    M   7        39 200
20  96  71  84   1   0  19 0.00  0.0    0  6.2 22 160   M    M   5        29 170
21  96  75  86   3   0  21 0.00  0.0    0  8.0 18 230   M    M   6        23 240
22  96  76  86   3   0  21 0.00  0.0    0  6.3 14 240   M    M   2        18 240
23  98  71  85   2   0  20 0.00  0.0    0  4.0 12 180   M    M   1        15 210
24  98  73  86   3   0  21 0.00  0.0    0  2.7 10 250   M    M   3        15 230
25  99  74  87   5   0  22 0.00  0.0    0  4.0 16 100   M    M   7        22  70
26  95  73  84   2   0  19 0.00  0.0    0  4.8 14  80   M    M   6        18  70
27  96  69  83   1   0  18 0.00  0.0    0  3.2 12 120   M    M   4        15  70
28  96  72  84   2   0  19 0.00  0.0    0  4.0 15 130   M    M   4 8      21 170
================================================================================
SM 2613 2033         0 511  0.18     0.0 150.9          M      141
================================================================================
AV 93.3 72.6                               5.4 FASTST   M    M   5    MAX(MPH)
                                 MISC ---->  # 31 200               # 79  330
================================================================================
NOTES:
# LAST OF SEVERAL OCCURRENCES

COLUMN 17 PEAK WIND IN M.P.H.

PRELIMINARY LOCAL CLIMATOLOGICAL DATA (WS FORM: F-6) , PAGE 2

                                          STATION:  SHREVEPORT
                                          MONTH:    AUGUST
                                          YEAR:     2014
                                          LATITUDE:   32 28 N
                                          LONGITUDE:  93 49 W

[TEMPERATURE DATA]      [PRECIPITATION DATA]       SYMBOLS USED IN COLUMN 16

AVERAGE MONTHLY: 83.0   TOTAL FOR MONTH:   0.18    1 = FOG OR MIST
DPTR FM NORMAL:  -0.4   DPTR FM NORMAL:   -2.30    2 = FOG REDUCING VISIBILITY
HIGHEST:    99 ON 25    GRTST 24HR  0.14 ON  1- 1      TO 1/4 MILE OR LESS
LOWEST:     63 ON 15                               3 = THUNDER
                        SNOW, ICE PELLETS, HAIL    4 = ICE PELLETS
                        TOTAL MONTH:   0.0 INCH    5 = HAIL
                        GRTST 24HR     0.0         6 = FREEZING RAIN OR DRIZZLE
                        GRTST DEPTH:   0           7 = DUSTSTORM OR SANDSTORM:
                                                       VSBY 1/2 MILE OR LESS
                                                   8 = SMOKE OR HAZE
[NO. OF DAYS WITH]      [WEATHER - DAYS WITH]      9 = BLOWING SNOW
                                                   X = TORNADO
MAX 32 OR BELOW:   0    0.01 INCH OR MORE:   3
MAX 90 OR ABOVE:  26    0.10 INCH OR MORE:   1
MIN 32 OR BELOW:   0    0.50 INCH OR MORE:   0
MIN  0 OR BELOW:   0    1.00 INCH OR MORE:   0

[HDD (BASE 65) ]
TOTAL THIS MO.     0    CLEAR  (SCALE 0-3)   7
DPTR FM NORMAL     0    PTCLDY (SCALE 4-7)  19
TOTAL FM JUL 1     0    CLOUDY (SCALE 8-10)  2
DPTR FM NORMAL     0

[CDD (BASE 65) ]
TOTAL THIS MO.   511
DPTR FM NORMAL    -3    [PRESSURE DATA]
TOTAL FM JAN 1  1836    HIGHEST SLP M ON M
DPTR FM NORMAL   -79    LOWEST  SLP 29.83 ON  7

[REMARKS]
