000
CXUS54 KSHV 011300
CF6SHV
PRELIMINARY LOCAL CLIMATOLOGICAL DATA (WS FORM: F-6)

                                          STATION:   SHREVEPORT
                                          MONTH:     FEBRUARY
                                          YEAR:      2015
                                          LATITUDE:   32 28 N
                                          LONGITUDE:  93 49 W

  TEMPERATURE IN F:       :PCPN:    SNOW:  WIND      :SUNSHINE: SKY     :PK WND
================================================================================
1   2   3   4   5  6A  6B    7    8   9   10  11  12  13   14  15   16   17  18
                                     12Z  AVG MX 2MIN
DY MAX MIN AVG DEP HDD CDD  WTR  SNW DPTH SPD SPD DIR MIN PSBL S-S WX    SPD DR
================================================================================

 1  70  38  54   6  11   0 0.38  0.0    0 13.9 30 310   M    M   7 18     37 310
 2  44  28  36 -12  29   0 0.00  0.0    0  8.3 24 330   M    M   3        32 320
 3  50  31  41  -7  24   0 0.00  0.0    0  4.6 10 170   M    M  10        12 170
 4  56  38  47  -1  18   0    T  0.0    0  3.8 15 140   M    M  10        18 150
 5  50  36  43  -6  22   0    T  0.0    0  7.5 18  40   M    M   9 1      24  30
 6  58  31  45  -4  20   0 0.00  0.0    0  5.1 13 170   M    M   5        16 230
 7  70  36  53   4  12   0 0.00  0.0    0 10.3 22 210   M    M   1 1      28 210
 8  71  52  62  13   3   0 0.00  0.0    0  8.1 21 220   M    M   7 1      28 210
 9  76  48  62  13   3   0 0.00  0.0    0  8.3 20 340   M    M   0 1      23 350
10  62  39  51   1  14   0 0.00  0.0    0  6.2 16  70   M    M   1 18     19  70
11  70  40  55   5  10   0 0.00  0.0    0  5.4 10  30   M    M   3        13  20
12  59  38  49  -1  16   0 0.00  0.0    0  9.7 22 360   M    M   3        26  10
13  59  30  45  -5  20   0 0.00  0.0    0  3.7 12 160   M    M   5        18 210
14  76  39  58   8   7   0 0.00  0.0    0  2.7 12 280   M    M   0 18     16 280
15  54  43  49  -1  16   0 0.14  0.0    0  8.3 16  90   M    M   9 1      21 130
16  56  31  44  -7  21   0 1.06  0.0    0 11.7 22 350   M    M  10 1      29 360
17  44  29  37 -14  28   0 0.00  0.0    0  6.5 18  10   M    M   7        22  10
18  56  29  43  -8  22   0 0.00  0.0    0  7.3 15 350   M    M   2        20  20
19  50  29  40 -12  25   0 0.00  0.0    0  8.9 15 130   M    M   5        20 120
20  64  38  51  -1  14   0 0.14  0.0    0 12.7 26 170   M    M  10 1      35 170
21  71  45  58   6   7   0 0.78  0.0    0 13.2 22 180   M    M  10 138    29 190
22  47  37  42 -10  23   0 0.47  0.0    0 12.9 21  20   M    M  10 1      26  40
23  37  28  33 -19  32   0 0.60  1.0    0 12.9 23  40   M    M  10 146    29  40
24  35  26  31 -22  34   0    T    T    1  5.2 14 360   M    M  10 16     17 360
25  38  33  36 -17  29   0 0.71  3.1    0  5.6 13  20   M    M  10 124    17  20
26  42  32  37 -16  28   0 0.00  0.0    T  7.8 16 330   M    M   9 1      19 320
27  36  27  32 -22  33   0 0.00  0.0    0 11.3 21  60   M    M   9        27  70
28  48  30  39 -15  26   0 0.00  0.0    0  7.1 14  70   M    M  10        17  70
================================================================================
SM 1549  981       547   0  4.28     4.1 229.0          M      185
================================================================================
AV 55.3 35.0                               8.2 FASTST   M    M   7    MAX(MPH)
                                 MISC ---->  # 30 310               # 37  310
================================================================================
NOTES:
# LAST OF SEVERAL OCCURRENCES

COLUMN 17 PEAK WIND IN M.P.H.

PRELIMINARY LOCAL CLIMATOLOGICAL DATA (WS FORM: F-6) , PAGE 2

                                          STATION:  SHREVEPORT
                                          MONTH:    FEBRUARY
                                          YEAR:     2015
                                          LATITUDE:   32 28 N
                                          LONGITUDE:  93 49 W

[TEMPERATURE DATA]      [PRECIPITATION DATA]       SYMBOLS USED IN COLUMN 16

AVERAGE MONTHLY: 45.2   TOTAL FOR MONTH:   4.28    1 = FOG OR MIST
DPTR FM NORMAL:  -5.4   DPTR FM NORMAL:   -0.47    2 = FOG REDUCING VISIBILITY
HIGHEST:    76 ON 14, 9 GRTST 24HR  1.20 ON 15-16      TO 1/4 MILE OR LESS
LOWEST:     26 ON 24                               3 = THUNDER
                        SNOW, ICE PELLETS, HAIL    4 = ICE PELLETS
                        TOTAL MONTH:   4.1 INCHES  5 = HAIL
                        GRTST 24HR   3.1 ON   M    6 = FREEZING RAIN OR DRIZZLE
                        GRTST DEPTH:   1 ON 24     7 = DUSTSTORM OR SANDSTORM:
                                                       VSBY 1/2 MILE OR LESS
                                                   8 = SMOKE OR HAZE
[NO. OF DAYS WITH]      [WEATHER - DAYS WITH]      9 = BLOWING SNOW
                                                   X = TORNADO
MAX 32 OR BELOW:   0    0.01 INCH OR MORE:   8
MAX 90 OR ABOVE:   0    0.10 INCH OR MORE:   8
MIN 32 OR BELOW:  13    0.50 INCH OR MORE:   4
MIN  0 OR BELOW:   0    1.00 INCH OR MORE:   1

[HDD (BASE 65) ]
TOTAL THIS MO.   547    CLEAR  (SCALE 0-3)   7
DPTR FM NORMAL   137    PTCLDY (SCALE 4-7)   7
TOTAL FM JUL 1  2000    CLOUDY (SCALE 8-10) 14
DPTR FM NORMAL   118

[CDD (BASE 65) ]
TOTAL THIS MO.     0
DPTR FM NORMAL    -6    [PRESSURE DATA]
TOTAL FM JAN 1     0    HIGHEST SLP 30.52 ON 23
DPTR FM NORMAL   -10    LOWEST  SLP 29.78 ON 16

[REMARKS]
#FINAL-02-15#
