000
CXUS56 KMFR 251000
CF6SIY
PRELIMINARY LOCAL CLIMATOLOGICAL DATA (WS FORM: F-6)

                                          STATION:   MONTAGUE CA
                                          MONTH:     MAY
                                          YEAR:      2017
                                          LATITUDE:   41 46 N
                                          LONGITUDE: 122 28 W

  TEMPERATURE IN F:       :PCPN:    SNOW:  WIND      :SUNSHINE: SKY     :PK WND
================================================================================
1   2   3   4   5  6A  6B    7    8   9   10  11  12  13   14  15   16   17  18
                                     12Z  AVG MX 2MIN
DY MAX MIN AVG DEP HDD CDD  WTR  SNW DPTH SPD SPD DIR MIN PSBL S-S WX    SPD DR
================================================================================

 1  74  32  53   1  12   0    T    M    M  6.5 20  10   M    M   2        22  10
 2  75  47  61   9   4   0 0.00    M    M  6.8 16 340   M    M   4        20 360
 3  85  43  64  11   1   0 0.00    M    M  1.6  7 170   M    M   0        10 190
 4  85  47  66  13   0   1 0.00    M    M  9.9 28 150   M    M   1 3      33 170
 5  68  40  54   1  11   0 0.15    M    M 12.7 26  10   M    M   7 1      33  30
 6  53  33  43 -11  22   0 0.00    M    M 12.2 21 330   M    M   7        26 320
 7  67  32  50  -4  15   0 0.00    M    M 13.2 21  10   M    M   0        26  10
 8  76  32  54   0  11   0 0.00    M    M  6.2 16  10   M    M   0        22 220
 9  81  37  59   5   6   0 0.00    M    M  4.3 15  10   M    M   0        18  10
10  83  36  60   5   5   0 0.00    M    M  8.1 23 170   M    M   0 8      28 160
11  64  40  52  -3  13   0 0.18    M    M 15.2 33 160   M    M   5        41 150
12  58  34  46  -9  19   0 0.00    M    M  7.1 21 250   M    M   6        26 250
13  58  34  46 -10  19   0 0.00    M    M  7.5 25 280   M    M   7        29 270
14  64  32  48  -8  17   0 0.00    M    M  7.9 22 360   M    M   2        26  20
15  68  35  52  -4  13   0 0.00    M    M  7.4 20  30   M    M   2        24  30
16  56  33  45 -11  20   0 0.16    M    M  8.1 24 290   M    M   9        34 290
17  64  29  47  -9  18   0 0.00    M    M  8.4 21 360   M    M   0        24  10
18  75  30  53  -4  12   0 0.00    M    M  4.8 16  10   M    M   0        20  10
19  81  36  59   2   6   0 0.00    M    M  4.7 18  20   M    M   0        22  20
20  81  37  59   2   6   0 0.00    M    M  5.9 23  10   M    M   0        27  10
21  84  39  62   5   3   0 0.00    M    M  5.4 16  20   M    M   0        22  50
22  90  44  67   9   0   2 0.00    M    M  3.0 12  50   M    M   0        13  30
23  93  47  70  12   0   5 0.00    M    M  4.4 16 360   M    M   0        21 350
24  79  47  63   5   2   0 0.00    M    M 14.8 30 360   M    M   0        37 360
================================================================================
SM 1762  896       235   8  0.49    M    186.1          M       52
================================================================================
AV 73.4 37.3                               7.8 FASTST   M    M   2    MAX(MPH)
                                 MISC ---->  # 33 160               # 41  150
================================================================================
NOTES:
# LAST OF SEVERAL OCCURRENCES

COLUMN 17 PEAK WIND IN M.P.H.

PRELIMINARY LOCAL CLIMATOLOGICAL DATA (WS FORM: F-6) , PAGE 2

                                          STATION:  MONTAGUE CA
                                          MONTH:    MAY
                                          YEAR:     2017
                                          LATITUDE:   41 46 N
                                          LONGITUDE: 122 28 W

[TEMPERATURE DATA]      [PRECIPITATION DATA]       SYMBOLS USED IN COLUMN 16

AVERAGE MONTHLY: 55.4   TOTAL FOR MONTH:   0.49    1 = FOG OR MIST
DPTR FM NORMAL:   0.1   DPTR FM NORMAL:   -0.78    2 = FOG REDUCING VISIBILITY
HIGHEST:    93 ON 23    GRTST 24HR  0.18 ON 11-11      TO 1/4 MILE OR LESS
LOWEST:     29 ON 17                               3 = THUNDER
                        SNOW, ICE PELLETS, HAIL    4 = ICE PELLETS
                        TOTAL MONTH:    M          5 = HAIL
                        GRTST 24HR    M  ON   M    6 = FREEZING RAIN OR DRIZZLE
                        GRTST DEPTH:  M  ON   M    7 = DUSTSTORM OR SANDSTORM:
                                                       VSBY 1/2 MILE OR LESS
                                                   8 = SMOKE OR HAZE
[NO. OF DAYS WITH]      [WEATHER - DAYS WITH]      9 = BLOWING SNOW
                                                   X = TORNADO
MAX 32 OR BELOW:   0    0.01 INCH OR MORE:   3
MAX 90 OR ABOVE:   2    0.10 INCH OR MORE:   3
MIN 32 OR BELOW:   6    0.50 INCH OR MORE:   0
MIN  0 OR BELOW:   0    1.00 INCH OR MORE:   0

[HDD (BASE 65) ]
TOTAL THIS MO.   235    CLEAR  (SCALE 0-3)  17
DPTR FM NORMAL    -6    PTCLDY (SCALE 4-7)   6
TOTAL FM JUL 1  5306    CLOUDY (SCALE 8-10)  1
DPTR FM NORMAL   -33

[CDD (BASE 65) ]
TOTAL THIS MO.     8
DPTR FM NORMAL    -1    [PRESSURE DATA]
TOTAL FM JAN 1     8    HIGHEST SLP M ON M
DPTR FM NORMAL    -1    LOWEST  SLP 29.71 ON 24

[REMARKS]
