000
CXUS56 KFGZ 250900
CF6SJN
PRELIMINARY LOCAL CLIMATOLOGICAL DATA (WS FORM: F-6)

                                          STATION:   SAINT JOHNS AZ AIRPORT
                                          MONTH:     NOVEMBER
                                          YEAR:      2014
                                          LATITUDE:   34 31 N
                                          LONGITUDE: 109 23 W

  TEMPERATURE IN F:       :PCPN:    SNOW:  WIND      :SUNSHINE: SKY     :PK WND
================================================================================
1   2   3   4   5  6A  6B    7    8   9   10  11  12  13   14  15   16   17  18
                                     12Z  AVG MX 2MIN
DY MAX MIN AVG DEP HDD CDD  WTR  SNW DPTH SPD SPD DIR MIN PSBL S-S WX    SPD DR
================================================================================

 1  77  53  65  17   0   0 0.00    M    M 13.6 30 190   M    M   0        39 200
 2  63  38  51   3  14   0 0.01    M    M 13.8 36 210   M    M   2        47 230
 3  56  30  43  -5  22   0 0.00    M    M  5.4 14 300   M    M   2        16 290
 4  60  30  45  -2  20   0 0.00    M    M  4.3 15  40   M    M   3        20  20
 5  62  24  43  -4  22   0 0.00    M    M  4.7 13 310   M    M   0        15 340
 6  72  22  47   1  18   0 0.00    M    M  4.7 17  60   M    M   0        22  60
 7  69  25  47   1  18   0 0.00    M    M  4.8 13 300   M    M   0        16 320
 8  71  29  50   4  15   0 0.00    M    0  4.2 14 290   M    M   0 8      17 280
 9  70  29  50   5  15   0 0.00    M    0  5.4 17 220   M    M   0        22 220
10  70  37  54   9  11   0 0.00    M    0 16.6 36 230   M    M   0        48 230
11  68  41  55  11  10   0 0.00    M    M 11.7 25 260   M    M   0        32 270
12  65  37  51   7  14   0 0.00    M    M  6.4 24 240   M    M   0        30 230
13  66  32  49   6  16   0 0.00    M    M  9.9 26 240   M    M   0        34 260
14  59  46  53  10  12   0 0.00    M    M 15.4 26 260   M    M   3        35 260
15  62  41  52   9  13   0 0.00    M    M 16.1 28 240   M    M   0        35 240
16  49  22  36  -6  29   0 0.20    M    M 12.7 33 270   M    M   3 13     44 280
17  42  16  29 -13  36   0 0.00    M    M  3.0  9 320   M    M   0        15 320
18  48  14  31 -10  34   0 0.00    M    M  3.2  9 180   M    M   0 8      10 170
19  57  15  36  -5  29   0 0.00    M    M  2.1  7 150   M    M   0 18     10  20
20  58  19  39  -2  26   0 0.00    M    M  3.1 13 330   M    M   0 8      16 320
21  52  24  38  -2  27   0 0.00  0.0    0  2.5  9 170   M    M   2 8      11 170
22  59  20  40   0  25   0 0.00    M    M  7.9 23 240   M    M   0        31 240
23  49  19  34  -6  31   0 0.00    M    M 16.9 35 280   M    M   1        47 280
24  47  15  31  -8  34   0 0.00    M    M  8.3 33 330   M    M   0        42 330
================================================================================
SM 1451  678       491   0  0.21     0.0 196.7          M       16
================================================================================
AV 60.5 28.2                               8.2 FASTST   M    M   1    MAX(MPH)
                                 MISC ---->  # 36 210               # 48  230
================================================================================
NOTES:
# LAST OF SEVERAL OCCURRENCES

COLUMN 17 PEAK WIND IN M.P.H.

PRELIMINARY LOCAL CLIMATOLOGICAL DATA (WS FORM: F-6) , PAGE 2

                                          STATION:  SAINT JOHNS AZ AIRPORT
                                          MONTH:    NOVEMBER
                                          YEAR:     2014
                                          LATITUDE:   34 31 N
                                          LONGITUDE: 109 23 W

[TEMPERATURE DATA]      [PRECIPITATION DATA]       SYMBOLS USED IN COLUMN 16

AVERAGE MONTHLY: 44.4   TOTAL FOR MONTH:   0.21    1 = FOG OR MIST
DPTR FM NORMAL:   0.6   DPTR FM NORMAL:   -0.54    2 = FOG REDUCING VISIBILITY
HIGHEST:    77 ON  1    GRTST 24HR  0.20 ON 16-16      TO 1/4 MILE OR LESS
LOWEST:     14 ON 18                               3 = THUNDER
                        SNOW, ICE PELLETS, HAIL    4 = ICE PELLETS
                        TOTAL MONTH:   0.0 INCH    5 = HAIL
                        GRTST 24HR     0.0         6 = FREEZING RAIN OR DRIZZLE
                        GRTST DEPTH:   0           7 = DUSTSTORM OR SANDSTORM:
                                                       VSBY 1/2 MILE OR LESS
                                                   8 = SMOKE OR HAZE
[NO. OF DAYS WITH]      [WEATHER - DAYS WITH]      9 = BLOWING SNOW
                                                   X = TORNADO
MAX 32 OR BELOW:   0    0.01 INCH OR MORE:   2
MAX 90 OR ABOVE:   0    0.10 INCH OR MORE:   1
MIN 32 OR BELOW:  17    0.50 INCH OR MORE:   0
MIN  0 OR BELOW:   0    1.00 INCH OR MORE:   0

[HDD (BASE 65) ]
TOTAL THIS MO.   491    CLEAR  (SCALE 0-3)  23
DPTR FM NORMAL   -22    PTCLDY (SCALE 4-7)   1
TOTAL FM JUL 1   724    CLOUDY (SCALE 8-10)  0
DPTR FM NORMAL  -129

[CDD (BASE 65) ]
TOTAL THIS MO.     0
DPTR FM NORMAL     0    [PRESSURE DATA]
TOTAL FM JAN 1  1013    HIGHEST SLP M ON M
DPTR FM NORMAL    52    LOWEST  SLP 29.70 ON 10

[REMARKS]
