000
CXUS56 KFGZ 260900
CF6SJN
PRELIMINARY LOCAL CLIMATOLOGICAL DATA (WS FORM: F-6)

                                          STATION:   SAINT JOHNS AZ AIRPORT
                                          MONTH:     FEBRUARY
                                          YEAR:      2015
                                          LATITUDE:   34 31 N
                                          LONGITUDE: 109 23 W

  TEMPERATURE IN F:       :PCPN:    SNOW:  WIND      :SUNSHINE: SKY     :PK WND
================================================================================
1   2   3   4   5  6A  6B    7    8   9   10  11  12  13   14  15   16   17  18
                                     12Z  AVG MX 2MIN
DY MAX MIN AVG DEP HDD CDD  WTR  SNW DPTH SPD SPD DIR MIN PSBL S-S WX    SPD DR
================================================================================

 1  49  31  40   2  25   0 0.00    M    M  5.3 13 300   M    M   3        14 300
 2  57  27  42   4  23   0 0.00    M    M  5.0 13 300   M    M   0        16 320
 3  61  28  45   7  20   0 0.00    M    M  4.5 16 310   M    M   0        19 310
 4  63  32  48  10  17   0 0.00    M    M  7.1 17 300   M    M   0        23 280
 5  68  25  47   9  18   0 0.00    M    M  5.4 12 170   M    M   0        14  40
 6  71  22  47   8  18   0 0.00    M    M  6.1 18 250   M    M   0 8      23 250
 7  69  23  46   7  19   0 0.00    M    M  5.5 16 300   M    M   0        19 310
 8  67  29  48   9  17   0 0.00    M    M  4.6 10 170   M    M   0        15 320
 9  70  28  49  10  16   0 0.00    M    M  5.0 20 280   M    M   0 18     24 270
10  67  25  46   7  19   0 0.00    M    M  5.8 17 280   M    M   0        21 310
11  55  28  42   3  23   0 0.04    M    M  5.8 28  70   M    M   2        36  50
12  61  23  42   3  23   0 0.00    M    M  5.6 18  90   M    M   0        23  70
13  67  24  46   6  19   0 0.00    M    M  4.8 13 200   M    M   0        21 310
14  69  27  48   8  17   0 0.00    M    M  4.1 12 290   M    M   0        17 320
15  68  30  49   9  16   0 0.00    M    M 10.2 24 280   M    M   0        30 280
16  64  26  45   5  20   0 0.00    M    M  9.9 37 310   M    M   1 1      47 320
17  52  20  36  -4  29   0 0.00  0.0    M  4.3 14 300   M    M   0        17 320
18  63  19  41   1  24   0 0.00    M    M  4.8 13 310   M    M   0 8      18 310
19  71  25  48   8  17   0 0.00    M    M  6.9 20 230   M    M   0 8      26 290
20  64  34  49   8  16   0 0.00    M    M 13.9 28 230   M    M   0 8      35 220
21  64  40  52  11  13   0 0.00    M    M 16.7 33 230   M    M   0        42 260
22  63  39  51  10  14   0 0.00    M    M 11.0 25 220   M    M   4        38 220
23  59  37  48   7  17   0    T    M    M 14.1 38 210   M    M   4        49 220
24  40  29  35  -6  30   0 0.03    M    M 11.0 21 280   M    M   9 18     27 280
25  54  25  40  -1  25   0 0.00    M    M  7.8 24 290   M    M   2        28 290
================================================================================
SM 1556  696       495   0  0.07     0.0 185.2          M       25
================================================================================
AV 62.2 27.8                               7.4 FASTST   M    M   1    MAX(MPH)
                                 MISC ---->  # 38 210               # 49  220
================================================================================
NOTES:
# LAST OF SEVERAL OCCURRENCES

COLUMN 17 PEAK WIND IN M.P.H.

PRELIMINARY LOCAL CLIMATOLOGICAL DATA (WS FORM: F-6) , PAGE 2

                                          STATION:  SAINT JOHNS AZ AIRPORT
                                          MONTH:    FEBRUARY
                                          YEAR:     2015
                                          LATITUDE:   34 31 N
                                          LONGITUDE: 109 23 W

[TEMPERATURE DATA]      [PRECIPITATION DATA]       SYMBOLS USED IN COLUMN 16

AVERAGE MONTHLY: 45.0   TOTAL FOR MONTH:   0.07    1 = FOG OR MIST
DPTR FM NORMAL:   5.5   DPTR FM NORMAL:   -0.40    2 = FOG REDUCING VISIBILITY
HIGHEST:    71 ON 19, 6 GRTST 24HR  0.04 ON 11-11      TO 1/4 MILE OR LESS
LOWEST:     19 ON 18                               3 = THUNDER
                        SNOW, ICE PELLETS, HAIL    4 = ICE PELLETS
                        TOTAL MONTH:   0.0 INCH    5 = HAIL
                        GRTST 24HR     0.0         6 = FREEZING RAIN OR DRIZZLE
                        GRTST DEPTH:  M  ON   M    7 = DUSTSTORM OR SANDSTORM:
                                                       VSBY 1/2 MILE OR LESS
                                                   8 = SMOKE OR HAZE
[NO. OF DAYS WITH]      [WEATHER - DAYS WITH]      9 = BLOWING SNOW
                                                   X = TORNADO
MAX 32 OR BELOW:   0    0.01 INCH OR MORE:   2
MAX 90 OR ABOVE:   0    0.10 INCH OR MORE:   0
MIN 32 OR BELOW:  21    0.50 INCH OR MORE:   0
MIN  0 OR BELOW:   0    1.00 INCH OR MORE:   0

[HDD (BASE 65) ]
TOTAL THIS MO.   495    CLEAR  (SCALE 0-3)  21
DPTR FM NORMAL  -141    PTCLDY (SCALE 4-7)   3
TOTAL FM JUL 1  3078    CLOUDY (SCALE 8-10)  1
DPTR FM NORMAL  -447

[CDD (BASE 65) ]
TOTAL THIS MO.     0
DPTR FM NORMAL     0    [PRESSURE DATA]
TOTAL FM JAN 1     0    HIGHEST SLP M ON M
DPTR FM NORMAL     0    LOWEST  SLP 29.73 ON 23

[REMARKS]
