000
CXUS56 KFGZ 280900
CF6SJN
PRELIMINARY LOCAL CLIMATOLOGICAL DATA (WS FORM: F-6)

                                          STATION:   SAINT JOHNS AZ AIRPORT
                                          MONTH:     JULY
                                          YEAR:      2015
                                          LATITUDE:   34 31 N
                                          LONGITUDE: 109 23 W

  TEMPERATURE IN F:       :PCPN:    SNOW:  WIND      :SUNSHINE: SKY     :PK WND
================================================================================
1   2   3   4   5  6A  6B    7    8   9   10  11  12  13   14  15   16   17  18
                                     12Z  AVG MX 2MIN
DY MAX MIN AVG DEP HDD CDD  WTR  SNW DPTH SPD SPD DIR MIN PSBL S-S WX    SPD DR
================================================================================

 1  95  61  78   2   0  13 0.49    M    M  7.8 30 350   M    M   2 13     40 350
 2  87  60  74  -2   0   9    T    M    M  5.8 15 120   M    M   0 3      20 110
 3  89  65  77   1   0  12 0.04    M    M  8.7 33 170   M    M   3 3      42 160
 4  77  63  70  -6   0   5 0.01    M    M  5.8 24 230   M    M   4 38     29 230
 5  84  58  71  -5   0   6 0.00    M    M  7.1 31 260   M    M   2        38 250
 6  88  62  75  -1   0  10 0.00    M    M  9.1 25 260   M    M   3 3      30 270
 7  88  58  73  -3   0   8    T    M    M  6.8 37 280   M    M   1 3      46 280
 8  89  55  72  -5   0   7 0.00    M    M  8.9 25 250   M    M   1        33 230
 9  71  58  65 -12   0   0 0.56    M    M  7.7 24 230   M    M   6 13     29 230
10  82  57  70  -7   0   5 0.08  0.0    0  7.6 35 160   M    M   4 3      44 160
11  87  59  73  -4   0   8 0.03    M    0  7.6 18 250   M    M   2 3      23 210
12  82  60  71  -6   0   6 0.70    M    M  6.2 20 100   M    M   4 13     24 100
13  82  60  71  -6   0   6    T    M    M  6.3 18 180   M    M   1        27 240
14  83  62  73  -4   0   8    T    M    M  5.1 26 270   M    M   3        32 270
15  84  59  72  -5   0   7 0.28    M    M  5.9 25 150   M    M   1 3      32 150
16  82  56  69  -8   0   4 0.00    M    M  5.6 25 170   M    M   0        32 170
17  82  59  71  -6   0   6    T    M    M  7.1 22 270   M    M   1 3      27 240
18  84  61  73  -4   0   8 0.05    M    M  7.7 22 290   M    M   4 13     31 310
19   0   0   0 -77  65   0    M    M    M  0.0  0   0   M    M   M         0   0
20  84  59  72  -4   0   7 0.01    M    M  5.1 29 290   M    M   2 3      34 290
21  88  54  71  -5   0   6 0.00    M    M  5.8 20 270   M    M   1        25 270
22  89  58  74  -2   0   9 0.04    M    M  5.9 20  40   M    M   2        29  60
23  81  62  72  -4   0   7 0.03    M    M  5.1 18 170   M    M   5        23 170
24  85  62  74  -2   0   9    T    M    M  5.6 14 260   M    M   3 8      19 290
25  87  55  71  -5   0   6    T    M    M  6.6 24 170   M    M   2        29 170
26  91  58  75  -1   0  10 0.04    M    M  8.3 28 160   M    M   1        38 160
27  91  57  74  -2   0   9    T    M    M  7.5 17 210   M    M   2        24 230
================================================================================
SM 2212 1538        65 191  2.36     0.0 176.7          M       60
================================================================================
AV 81.9 57.0                               6.5 FASTST   M    M   2    MAX(MPH)
                                 MISC ---->  # 37 280               # 46  280
================================================================================
NOTES:
# LAST OF SEVERAL OCCURRENCES

COLUMN 17 PEAK WIND IN M.P.H.

PRELIMINARY LOCAL CLIMATOLOGICAL DATA (WS FORM: F-6) , PAGE 2

                                          STATION:  SAINT JOHNS AZ AIRPORT
                                          MONTH:    JULY
                                          YEAR:     2015
                                          LATITUDE:   34 31 N
                                          LONGITUDE: 109 23 W

[TEMPERATURE DATA]      [PRECIPITATION DATA]       SYMBOLS USED IN COLUMN 16

AVERAGE MONTHLY: 69.4   TOTAL FOR MONTH:   2.36    1 = FOG OR MIST
DPTR FM NORMAL:  -7.0   DPTR FM NORMAL:    0.83    2 = FOG REDUCING VISIBILITY
HIGHEST:    95 ON  1    GRTST 24HR  0.70 ON 12-12      TO 1/4 MILE OR LESS
LOWEST:      0 ON 19                               3 = THUNDER
                        SNOW, ICE PELLETS, HAIL    4 = ICE PELLETS
                        TOTAL MONTH:   0.0 INCH    5 = HAIL
                        GRTST 24HR     0.0         6 = FREEZING RAIN OR DRIZZLE
                        GRTST DEPTH:   0           7 = DUSTSTORM OR SANDSTORM:
                                                       VSBY 1/2 MILE OR LESS
                                                   8 = SMOKE OR HAZE
[NO. OF DAYS WITH]      [WEATHER - DAYS WITH]      9 = BLOWING SNOW
                                                   X = TORNADO
MAX 32 OR BELOW:   1    0.01 INCH OR MORE:  13
MAX 90 OR ABOVE:   3    0.10 INCH OR MORE:   4
MIN 32 OR BELOW:   1    0.50 INCH OR MORE:   2
MIN  0 OR BELOW:   1    1.00 INCH OR MORE:   0

[HDD (BASE 65) ]
TOTAL THIS MO.    65    CLEAR  (SCALE 0-3)  18
DPTR FM NORMAL    65    PTCLDY (SCALE 4-7)   8
TOTAL FM JUL 1    65    CLOUDY (SCALE 8-10)  0
DPTR FM NORMAL    65

[CDD (BASE 65) ]
TOTAL THIS MO.   191
DPTR FM NORMAL  -117    [PRESSURE DATA]
TOTAL FM JAN 1   444    HIGHEST SLP M ON M
DPTR FM NORMAL  -115    LOWEST  SLP 29.80 ON M

[REMARKS]
