000
CXUS54 KSJT 261210
CF6SJT
PRELIMINARY LOCAL CLIMATOLOGICAL DATA (WS FORM: F-6)

                                          STATION:   SAN ANGELO
                                          MONTH:     APRIL
                                          YEAR:      2017
                                          LATITUDE:   31 21 N
                                          LONGITUDE: 100 30 W

  TEMPERATURE IN F:       :PCPN:    SNOW:  WIND      :SUNSHINE: SKY     :PK WND
================================================================================
1   2   3   4   5  6A  6B    7    8   9   10  11  12  13   14  15   16   17  18
                                     12Z  AVG MX 2MIN
DY MAX MIN AVG DEP HDD CDD  WTR  SNW DPTH SPD SPD DIR MIN PSBL S-S WX    SPD DR
================================================================================

 1  84  53  69   7   0   4 0.19  0.0    0 10.5 32 350   M    M   5 13     40 350
 2  55  47  51 -11  14   0 0.91    M    0 11.0 22  20   M    M   6 13     28  20
 3  85  42  64   2   1   0 0.00  0.0    0 10.3 21 290   M    M   0        27 300
 4  85  50  68   5   0   3 0.00  0.0    0 17.3 30 320   M    M   1        40 270
 5  70  43  57  -6   8   0 0.00  0.0    0 10.9 23 340   M    M   0        30 360
 6  77  35  56  -7   9   0 0.00  0.0    0  6.3 16 160   M    M   0        22 150
 7  80  50  65   1   0   0 0.00  0.0    0 11.0 23 180   M    M   0        33 200
 8  89  60  75  11   0  10 0.00  0.0    0 14.4 26 210   M    M   0        33 200
 9  88  64  76  12   0  11 0.00  0.0    0 13.7 24 200   M    M   2        34 180
10  81  64  73   9   0   8    T    T    0  8.7 22  40   M    M   4        26  30
11  81  60  71   6   0   6 0.00  0.0    0 10.8 20  80   M    M   6        24 110
12  73  59  66   1   0   1 0.00  0.0    0  9.8 18 100   M    M   9        22 130
13  77  61  69   4   0   4 0.24  0.0    0 10.3 31 170   M    M   4 13     43 170
14  82  62  72   6   0   7 0.00  0.0    0 11.0 24 190   M    M   6        30 190
15  81  65  73   7   0   8 0.06  0.0    0 10.7 20 160   M    M   7 3      27 170
16  80  61  71   5   0   6 0.06  0.0    0 12.7 36 160   M    M   5 3      48 160
17  84  55  70   4   0   5    T  0.0    M  6.7 33 100   M    M   0 3      40 110
18  87  52  70   3   0   5 0.00  0.0    0  4.8 15  80   M    M   0        20  70
19  90  58  74   7   0   9 0.00  0.0    0 11.0 21 180   M    M   1        27 190
20  94  65  80  13   0  15 0.00  0.0    0 11.8 22 180   M    M   0        28 200
21  93  64  79  11   0  14 0.00  0.0    0 14.7 25  20   M    M   2        35 180
22  69  45  57 -11   8   0 0.00  0.0    0 15.5 26  30   M    M   5        34  20
23  75  40  58 -10   7   0 0.00  0.0    0  6.0 16  30   M    M   0        18  30
24  89  47  68   0   0   3 0.00  0.0    0 13.3 28 190   M    M   0        38 180
25  95  64  80  11   0  15 0.00  0.0    0 13.7 24 190   M    M   0        34 190
================================================================================
SM 2044 1366        47 134  1.46    T    276.9          M       63
================================================================================
AV 81.8 54.6                              11.1 FASTST   M    M   3    MAX(MPH)
                                 MISC ---->  # 36 160               # 48  160
================================================================================
NOTES:
# LAST OF SEVERAL OCCURRENCES

COLUMN 17 PEAK WIND IN M.P.H.

PRELIMINARY LOCAL CLIMATOLOGICAL DATA (WS FORM: F-6) , PAGE 2

                                          STATION:  SAN ANGELO
                                          MONTH:    APRIL
                                          YEAR:     2017
                                          LATITUDE:   31 21 N
                                          LONGITUDE: 100 30 W

[TEMPERATURE DATA]      [PRECIPITATION DATA]       SYMBOLS USED IN COLUMN 16

AVERAGE MONTHLY: 68.2   TOTAL FOR MONTH:   1.46    1 = FOG OR MIST
DPTR FM NORMAL:   2.9   DPTR FM NORMAL:    0.33    2 = FOG REDUCING VISIBILITY
HIGHEST:    95 ON 25    GRTST 24HR  1.10 ON  1- 2      TO 1/4 MILE OR LESS
LOWEST:     35 ON  6                               3 = THUNDER
                        SNOW, ICE PELLETS, HAIL    4 = ICE PELLETS
                        TOTAL MONTH:    T          5 = HAIL
                        GRTST 24HR    T  ON 10-10  6 = FREEZING RAIN OR DRIZZLE
                        GRTST DEPTH:   0           7 = DUSTSTORM OR SANDSTORM:
                                                       VSBY 1/2 MILE OR LESS
                                                   8 = SMOKE OR HAZE
[NO. OF DAYS WITH]      [WEATHER - DAYS WITH]      9 = BLOWING SNOW
                                                   X = TORNADO
MAX 32 OR BELOW:   0    0.01 INCH OR MORE:   5
MAX 90 OR ABOVE:   4    0.10 INCH OR MORE:   3
MIN 32 OR BELOW:   0    0.50 INCH OR MORE:   1
MIN  0 OR BELOW:   0    1.00 INCH OR MORE:   0

[HDD (BASE 65) ]
TOTAL THIS MO.    47    CLEAR  (SCALE 0-3)  15
DPTR FM NORMAL   -36    PTCLDY (SCALE 4-7)   9
TOTAL FM JUL 1  1491    CLOUDY (SCALE 8-10)  1
DPTR FM NORMAL  -810

[CDD (BASE 65) ]
TOTAL THIS MO.   134
DPTR FM NORMAL    46    [PRESSURE DATA]
TOTAL FM JAN 1   278    HIGHEST SLP M ON M
DPTR FM NORMAL   152    LOWEST  SLP 29.31 ON 25

[REMARKS]
