000
CXUS56 KPQR 201230
CF6SLE
PRELIMINARY LOCAL CLIMATOLOGICAL DATA (WS FORM: F-6)

                                          STATION:   SALEM OR
                                          MONTH:     AUGUST
                                          YEAR:      2014
                                          LATITUDE:   44 55 N
                                          LONGITUDE: 123  0 W

  TEMPERATURE IN F:       :PCPN:    SNOW:  WIND      :SUNSHINE: SKY     :PK WND
================================================================================
1   2   3   4   5  6A  6B    7    8   9   10  11  12  13   14  15   16   17  18
                                     12Z  AVG MX 2MIN
DY MAX MIN AVG DEP HDD CDD  WTR  SNW DPTH SPD SPD DIR MIN PSBL S-S WX    SPD DR
================================================================================

 1  93  64  79  10   0  14 0.15  0.0    0  6.4 22 200   M    M   2 3      29 200
 2  90  59  75   6   0  10 0.00  0.0    0  4.6 13 270   M    M   0        15 270
 3  94  56  75   6   0  10 0.00  0.0    0  4.6 14 280   M    M   0        18  30
 4  94  61  78   9   0  13 0.00  0.0    0  5.8 17 280   M    M   0        23 290
 5  86  54  70   1   0   5 0.00  0.0    0  4.8 13 280   M    M   0        16 360
 6  85  56  71   2   0   6 0.00  0.0    0  5.9 16 360   M    M   1        19  50
 7  86  57  72   3   0   7 0.00  0.0    0  7.2 16 320   M    M   0        18 320
 8  82  56  69   1   0   4 0.00  0.0    0  9.9 16 360   M    M   0        22  30
 9  88  54  71   3   0   6 0.00  0.0    0  9.7 20  20   M    M   0        25  30
10  97  59  78  10   0  13 0.00  0.0    0  7.4 14 360   M    M   0        19  10
11  98  67  83  15   0  18 0.00  0.0    0  4.0 16 190   M    M   0        20 200
12  76  64  70   2   0   5 0.13  0.0    0  5.7 16 180   M    M   2 3      21 190
13  80  58  69   1   0   4    T  0.0    0  7.2 17 280   M    M   7        23 280
14  80  59  70   2   0   5    T  0.0    0  4.4 15 270   M    M   8        18 270
15  82  63  73   5   0   8 0.00  0.0    0  4.3 13 320   M    M   7        17 320
16  88  59  74   6   0   9 0.00  0.0    0  5.9 13  30   M    M   2        17 350
17  92  64  78  10   0  13 0.00  0.0    0  8.7 20 360   M    M   0        22  10
18  93  60  77   9   0  12 0.00  0.0    0  5.6 14  30   M    M   0        16 350
19  89  63  76   9   0  11 0.00  0.0    0  5.9 18 290   M    M   1        22 280
================================================================================
SM 1673 1133         0 173  0.28     0.0 118.0          M       30
================================================================================
AV 88.1 59.6                               6.2 FASTST   M    M   2    MAX(MPH)
                                 MISC ---->  # 22 200               # 29  200
================================================================================
NOTES:
# LAST OF SEVERAL OCCURRENCES

COLUMN 17 PEAK WIND IN M.P.H.

PRELIMINARY LOCAL CLIMATOLOGICAL DATA (WS FORM: F-6) , PAGE 2

                                          STATION:  SALEM OR
                                          MONTH:    AUGUST
                                          YEAR:     2014
                                          LATITUDE:   44 55 N
                                          LONGITUDE: 123  0 W

[TEMPERATURE DATA]      [PRECIPITATION DATA]       SYMBOLS USED IN COLUMN 16

AVERAGE MONTHLY: 73.8   TOTAL FOR MONTH:   0.28    1 = FOG OR MIST
DPTR FM NORMAL:   5.5   DPTR FM NORMAL:    0.08    2 = FOG REDUCING VISIBILITY
HIGHEST:    98 ON 11    GRTST 24HR  0.15 ON  1- 1      TO 1/4 MILE OR LESS
LOWEST:     54 ON  9, 5                            3 = THUNDER
                        SNOW, ICE PELLETS, HAIL    4 = ICE PELLETS
                        TOTAL MONTH:   0.0 INCH    5 = HAIL
                        GRTST 24HR     0.0         6 = FREEZING RAIN OR DRIZZLE
                        GRTST DEPTH:   0           7 = DUSTSTORM OR SANDSTORM:
                                                       VSBY 1/2 MILE OR LESS
                                                   8 = SMOKE OR HAZE
[NO. OF DAYS WITH]      [WEATHER - DAYS WITH]      9 = BLOWING SNOW
                                                   X = TORNADO
MAX 32 OR BELOW:   0    0.01 INCH OR MORE:   2
MAX 90 OR ABOVE:   8    0.10 INCH OR MORE:   2
MIN 32 OR BELOW:   0    0.50 INCH OR MORE:   0
MIN  0 OR BELOW:   0    1.00 INCH OR MORE:   0

[HDD (BASE 65) ]
TOTAL THIS MO.     0    CLEAR  (SCALE 0-3)  16
DPTR FM NORMAL   -16    PTCLDY (SCALE 4-7)   3
TOTAL FM JUL 1     3    CLOUDY (SCALE 8-10)  0
DPTR FM NORMAL   -43

[CDD (BASE 65) ]
TOTAL THIS MO.   173
DPTR FM NORMAL   101    [PRESSURE DATA]
TOTAL FM JAN 1   450    HIGHEST SLP M ON M
DPTR FM NORMAL   232    LOWEST  SLP 29.77 ON M

[REMARKS]
