000
CXUS53 KICT 300800
CF6SLN
PRELIMINARY LOCAL CLIMATOLOGICAL DATA (WS FORM: F-6)

                                          STATION:   SALINA KS
                                          MONTH:     AUGUST
                                          YEAR:      2015
                                          LATITUDE:   38 47 N
                                          LONGITUDE:  97 39 W

  TEMPERATURE IN F:       :PCPN:    SNOW:  WIND      :SUNSHINE: SKY     :PK WND
================================================================================
1   2   3   4   5  6A  6B    7    8   9   10  11  12  13   14  15   16   17  18
                                     12Z  AVG MX 2MIN
DY MAX MIN AVG DEP HDD CDD  WTR  SNW DPTH SPD SPD DIR MIN PSBL S-S WX    SPD DR
================================================================================

 1  95  69  82   1   0  17 0.00    M    M  6.1 15 200   M    M   1 1      18 150
 2  97  72  85   4   0  20 0.00    M    M  9.0 17 190   M    M   0        24 190
 3  96  70  83   2   0  18 0.00    M    M  5.9 15 200   M    M   0        19 190
 4  88  72  80  -1   0  15 0.05    M    M  8.1 20  20   M    M   3 3      26  20
 5  85  69  77  -4   0  12 2.14    M    M  7.0 36 320   M    M   5 13     44 350
 6  86  68  77  -4   0  12 0.00    M    M  7.2 18 150   M    M   3 18     23 150
 7  94  70  82   1   0  17 0.02    M    M  7.4 16 140   M    M   0 128    21 130
 8  96  71  84   3   0  19 0.00    M    M 11.4 33 350   M    M   1        40 340
 9  95  77  86   5   0  21    T    M    M  4.2 12 350   M    M   0 8      14 330
10  91  74  83   2   0  18 0.00    M    M  8.2 17 360   M    M   1 1      21 360
11  87  65  76  -4   0  11 0.00    M    M  5.2 12  80   M    M   0        17  70
12  89  63  76  -4   0  11 0.00    M    M  4.6 13 200   M    M   0        16 190
13  90  63  77  -3   0  12 0.00    M    M  8.0 18 200   M    M   2        23 170
14  93  70  82   2   0  17 0.00    M    M  8.7 18 160   M    M   2        23 170
15  92  63  78  -2   0  13 0.00    M    M 10.0 18 160   M    M   0        29 140
16  94  63  79  -1   0  14 0.00    M    M 10.0 18 160   M    M   0        23 150
17  88  69  79  -1   0  14 0.00    M    M  7.9 15 160   M    M   2        19 220
18  85  63  74  -6   0   9 0.24    M    M 11.8 30 200   M    M   7 1      39 200
19  79  56  68 -12   0   3 0.00    M    M  8.4 21 330   M    M   0        26 320
20  85  52  69 -10   0   4 0.00    M    M 10.6 24 190   M    M   0        33 200
21  87  58  73  -6   0   8 0.00    M    M 14.2 24 160   M    M   3        31 170
22  93  65  79   0   0  14 1.33    M    M 16.0 45 320   M    M   2 138    60 320
23  77  57  67 -12   0   2    T    M    M  9.2 20  10   M    M   1 138    25  30
24  83  53  68 -11   0   3 0.00    M    M  4.3 12 150   M    M   0        15 200
25  85  54  70  -8   0   5 0.00    M    M  5.3 13 150   M    M   0        17 150
26  91  61  76  -2   0  11 0.00    M    M  9.1 20 140   M    M   0        23 140
27  89  72  81   3   0  16 0.10    M    M 15.0 32 160   M    M   0 3      40 170
28  88  69  79   1   0  14 0.01    M    M 11.1 22 220   M    M   4 3      26 220
29  76  62  69  -8   0   4 0.00  0.0    M  7.3 20  10   M    M   5        23  10
================================================================================
SM 2574 1890         0 354  3.89     0.0 251.2          M       42
================================================================================
AV 88.8 65.2                               8.7 FASTST   M    M   1    MAX(MPH)
                                 MISC ---->  # 45 320               # 60  320
================================================================================
NOTES:
# LAST OF SEVERAL OCCURRENCES

COLUMN 17 PEAK WIND IN M.P.H.

PRELIMINARY LOCAL CLIMATOLOGICAL DATA (WS FORM: F-6) , PAGE 2

                                          STATION:  SALINA KS
                                          MONTH:    AUGUST
                                          YEAR:     2015
                                          LATITUDE:   38 47 N
                                          LONGITUDE:  97 39 W

[TEMPERATURE DATA]      [PRECIPITATION DATA]       SYMBOLS USED IN COLUMN 16

AVERAGE MONTHLY: 77.0   TOTAL FOR MONTH:   3.89    1 = FOG OR MIST
DPTR FM NORMAL:  -2.8   DPTR FM NORMAL:    0.18    2 = FOG REDUCING VISIBILITY
HIGHEST:    97 ON  2    GRTST 24HR  2.19 ON  4- 5      TO 1/4 MILE OR LESS
LOWEST:     52 ON 20                               3 = THUNDER
                        SNOW, ICE PELLETS, HAIL    4 = ICE PELLETS
                        TOTAL MONTH:   0.0 INCH    5 = HAIL
                        GRTST 24HR     0.0         6 = FREEZING RAIN OR DRIZZLE
                        GRTST DEPTH:  M  ON   M    7 = DUSTSTORM OR SANDSTORM:
                                                       VSBY 1/2 MILE OR LESS
                                                   8 = SMOKE OR HAZE
[NO. OF DAYS WITH]      [WEATHER - DAYS WITH]      9 = BLOWING SNOW
                                                   X = TORNADO
MAX 32 OR BELOW:   0    0.01 INCH OR MORE:   7
MAX 90 OR ABOVE:  13    0.10 INCH OR MORE:   4
MIN 32 OR BELOW:   0    0.50 INCH OR MORE:   2
MIN  0 OR BELOW:   0    1.00 INCH OR MORE:   2

[HDD (BASE 65) ]
TOTAL THIS MO.     0    CLEAR  (SCALE 0-3)  24
DPTR FM NORMAL     0    PTCLDY (SCALE 4-7)   5
TOTAL FM JUL 1     0    CLOUDY (SCALE 8-10)  0
DPTR FM NORMAL     0

[CDD (BASE 65) ]
TOTAL THIS MO.   354
DPTR FM NORMAL   -76    [PRESSURE DATA]
TOTAL FM JAN 1  1434    HIGHEST SLP M ON M
DPTR FM NORMAL    50    LOWEST  SLP 29.66 ON 18

[REMARKS]
