157
CXUS56 KSGX 221545
CF6SNA
PRELIMINARY LOCAL CLIMATOLOGICAL DATA (WS FORM: F-6)

                                          STATION:   JOHN WAYNE AIRPORT CA
                                          MONTH:     JANUARY
                                          YEAR:      2017
                                          LATITUDE:   33 40 N
                                          LONGITUDE: 117 53 W

  TEMPERATURE IN F:       :PCPN:    SNOW:  WIND      :SUNSHINE: SKY     :PK WND
================================================================================
1   2   3   4   5  6A  6B    7    8   9   10  11  12  13   14  15   16   17  18
                                     12Z  AVG MX 2MIN
DY MAX MIN AVG DEP HDD CDD  WTR  SNW DPTH SPD SPD DIR MIN PSBL S-S WX    SPD DR
================================================================================

 1  59  42  51  -5  14   0 0.03  0.0    0  4.7 14 200   M    M   4        19 170
 2  58  51  55  -1  10   0    T  0.0    0  3.5 13 200   M    M   9 1      14 200
 3  60  48  54  -2  11   0 0.00  0.0    0  1.7  7 190   M    M   5        10 180
 4  62  45  54  -2  11   0 0.00  0.0    0  2.6 12 200   M    M   5        14 200
 5  64  54  59   3   6   0 0.30  0.0    0  6.7 13 210   M    M   9 1      17 170
 6  64  50  57   1   8   0 0.00  0.0    0  2.3 12 210   M    M   4        13 220
 7  70  52  61   5   4   0 0.01  0.0    0  1.1  6 280   M    M   6         9 280
 8  76  51  64   8   1   0    T  0.0    0  2.0 10 260   M    M   5        17 250
 9  63  56  60   4   5   0 0.39  0.0    0  4.3 12  60   M    M   8 1      14  90
10  61  52  57   0   8   0 0.03  0.0    0  3.8 14 210   M    M   7 1      20 210
11  64  54  59   2   6   0 0.12  0.0    0  5.6 17 190   M    M   7 1      22 190
12  59  53  56  -1   9   0 0.49  0.0    0  5.4 16 220   M    M  10 1      23 170
13  61  51  56  -1   9   0    T  0.0    0  1.3  9 220   M    M   7 1      12 220
14  68  48  58   1   7   0 0.00  0.0    0  3.8 12 200   M    M   2 1      15 210
15  64  50  57   0   8   0 0.00  0.0    0  6.2 17 170   M    M   4        22 200
16  66  50  58   1   7   0 0.00  0.0    0  2.5 13 230   M    M   3        17 230
17  64  45  55  -2  10   0 0.00  0.0    0  3.0 12 220   M    M   1 1      16 220
18  60  47  54  -3  11   0 0.02    M    0  3.2 10 250   M    M   6        14 130
19  62  53  58   1   7   0 0.70  0.0    0  7.6 17 200   M    M   7 18     20 220
20  60  52  56  -1   9   0 1.22  0.0    0  9.4 37 210   M    M   7 1      49 210
21  60  49  55  -2  10   0 0.02    M    0  5.2 13 260   M    M   6        19 250
================================================================================
SM 1325 1053       171   0  3.33     0.0  85.9          M      122
================================================================================
AV 63.1 50.1                               4.1 FASTST   M    M   6    MAX(MPH)
                                 MISC ---->  # 37 210               # 49  210
================================================================================
NOTES:
# LAST OF SEVERAL OCCURRENCES

COLUMN 17 PEAK WIND IN M.P.H.

PRELIMINARY LOCAL CLIMATOLOGICAL DATA (WS FORM: F-6) , PAGE 2

                                          STATION:  JOHN WAYNE AIRPORT CA
                                          MONTH:    JANUARY
                                          YEAR:     2017
                                          LATITUDE:   33 40 N
                                          LONGITUDE: 117 53 W

[TEMPERATURE DATA]      [PRECIPITATION DATA]       SYMBOLS USED IN COLUMN 16

AVERAGE MONTHLY: 56.6   TOTAL FOR MONTH:   3.33    1 = FOG OR MIST
DPTR FM NORMAL:   0.0   DPTR FM NORMAL:    0.99    2 = FOG REDUCING VISIBILITY
HIGHEST:    76 ON  8    GRTST 24HR  1.25 ON 19-20      TO 1/4 MILE OR LESS
LOWEST:     42 ON  1                               3 = THUNDER
                        SNOW, ICE PELLETS, HAIL    4 = ICE PELLETS
                        TOTAL MONTH:   0.0 INCH    5 = HAIL
                        GRTST 24HR     0.0         6 = FREEZING RAIN OR DRIZZLE
                        GRTST DEPTH:   0           7 = DUSTSTORM OR SANDSTORM:
                                                       VSBY 1/2 MILE OR LESS
                                                   8 = SMOKE OR HAZE
[NO. OF DAYS WITH]      [WEATHER - DAYS WITH]      9 = BLOWING SNOW
                                                   X = TORNADO
MAX 32 OR BELOW:   0    0.01 INCH OR MORE:  11
MAX 90 OR ABOVE:   0    0.10 INCH OR MORE:   6
MIN 32 OR BELOW:   0    0.50 INCH OR MORE:   2
MIN  0 OR BELOW:   0    1.00 INCH OR MORE:   1

[HDD (BASE 65) ]
TOTAL THIS MO.   171    CLEAR  (SCALE 0-3)   3
DPTR FM NORMAL    -8    PTCLDY (SCALE 4-7)  15
TOTAL FM JUL 1   477    CLOUDY (SCALE 8-10)  3
DPTR FM NORMAL  -134

[CDD (BASE 65) ]
TOTAL THIS MO.     0
DPTR FM NORMAL     0    [PRESSURE DATA]
TOTAL FM JAN 1     0    HIGHEST SLP M ON M
DPTR FM NORMAL     0    LOWEST  SLP 29.47 ON 20

[REMARKS]
