000
CXAK56 PASN 291157
CF6SNP

PRELIMINARY LOCAL CLIMATOLOGICAL DATA (WS FORM: F-6)

                                          STATION:   ST PAUL
                                          MONTH:     08
                                          YEAR:      2016
                                          LATITUDE:   57 10 N
                                          LONGITUDE: 170 13 W

  TEMPERATURE IN F:       :PCPN:    SNOW:  WIND      :SUNSHINE: SKY     :PK WND
================================================================================
1   2   3   4   5  6A  6B    7     8   9   10  11  12  13   14  15   16  17  18
                                      12Z  AVG MX 2MIN
DY MAX MIN AVG DEP HDD CDD  WTR   SNW DPTH SPD SPD DIR MIN PSBL S-S WX   SPD DR
================================================================================

 1  58  46  52   3  13   0  0.00  0.0   0  9.8 17  330   M    M   M       20 320
 2  57  37  47  -2  18   0  0.00  0.0   0  6.8 14  110   M    M   M 8     18 100
 3  54  50  52   3  13   0  0.22  0.0   0 13.1 20   70   M    M   M 1     25  70
 4  57  51  54   5  11   0  0.22  0.0   0 15.4350   20   M    M   M 1     26 360
 5  57  50  54   5  11   0  0.05  0.0   0 15.0 24  230   M    M   M 1     31 240
 6  56  51  54   5  11   0  0.34  0.0   0 19.0 26  230   M    M   M 1     33 220
 7  60  51  56   7   9   0  0.01  0.0   0 12.2 22  320   M    M   M 1     27 330
 8  58  50  54   5  11   0     T  0.0   0 12.8 23  270   M    M   M 1     29 250
 9  56  51  54   5  11   0  0.02  0.0   0  9.6 17  280   M    M   M 1     22 270
10  58  50  54   5  11   0     T  0.0   0  0.0  8   20   M    M   M 1     10  60
11  57  50  54   5  11   0  0.34  0.0   0 14.4 26  140   M    M   M 1     33 140
12  58  50  54   5  11   0  0.71  0.0   0 14.4 24   10   M    M   M 1     32  20
13  59  52  56   7   9   0  0.08  0.0   0 23.3 33  340   M    M   M 1     41 340
14  55  51  53   4  12   0  0.00  0.0   0 18.1 26  330   M    M   M 1     33 330
15  55  50  53   4  12   0  0.01  0.0   0 16.8 24   10   M    M   M 1     28  10
16  58  48  53   4  12   0     T  0.0   0 15.9 25   20   M    M   M 1     31  20
17  58  42  50   1  15   0  0.00  0.0   0 18.2 24   10   M    M   M 1     30  10
18  55  49  52   3  13   0  0.00  0.0   0 11.0 16  340   M    M   M 1     20  10
19  56  49  53   4  12   0     T  0.0   0 11.3 23  210   M    M   M 1     29 210
20  54  52  53   4  12   0  0.36  0.0   0 20.3 31  230   M    M   M 1     39 230
21  57  50  54   5  11   0     T  0.0   0 13.8 23  310   M    M   M 1     28 310
22  56  49  53   4  12   0  0.03  0.0   0 10.2 21   10   M    M   M 1     27  10
23  51  47  49   0  16   0  0.20  0.0   0 23.2 32   10   M    M   M 1     39 360
24  54  47  51   2  14   0  0.02  0.0   0 12.4 24  360   M    M   M 1     30  10
25  53  49  51   2  14   0  0.05  0.0   0 16.9 24  190   M    M   M 1     30 190
26  53  51  52   3  13   0  0.15  0.0   0  0.0 22  180   M    M   M 1     28 180
27  56  50  53   4  12   0  0.01  0.0   0 10.0 15  110   M    M   M 1     20 120
28  55  52  54   5  11   0  0.16  0.0   0  9.8 15   90   M    M   M 1     18  80
================================================================================
SM 1571 1375       341   0  2.98 0.0    373.7           M        M
================================================================================
AV 56.1 49.1                             13.3 FASTST  PSBL  %   M    MAX(MPH)
                                 MISC ---->    350   20                 41 340
================================================================================
NOTES:
# LAST OF SEVERAL OCCURRENCES

COLUMN 17 PEAK WIND IN M.P.H.

PRELIMINARY LOCAL CLIMATOLOGICAL DATA (WS FORM: F-6) , PAGE 2

                                          STATION:   ST PAUL
                                          MONTH:     08
                                          YEAR:      2016
                                          LATITUDE:  57 10 N
                                          LONGITUDE: 170 13 W

[TEMPERATURE DATA]      [PRECIPITATION DATA]       SYMBOLS USED IN COLUMN 16

AVERAGE MONTHLY:52.6   TOTAL FOR MONTH: 2.98       1 = FOG
DPTR FM NORMAL:  3.6   DPTR FM NORMAL: 0.23       2 = FOG REDUCING VISIBILITY
HIGHEST:    60 ON  7    GRTST 24HR   0.71 ON 12        TO 1/4 MILE OR LESS
LOWEST:     37 ON  2                               3 = THUNDER
                        SNOW, ICE PELLETS, HAIL    4 = ICE PELLETS
                        TOTAL MONTH: 0.0         5 = HAIL
                        GRTST 24HR   0.0           6 = GLAZE OR RIME
                        GRTST DEPTH:    0          7 = BLOWING DUST OR SAND:
                                                       VSBY 1/2 MILE OR LESS
                                                   8 = SMOKE OR HAZE
[NO. OF DAYS WITH]      [WEATHER - DAYS WITH]      9 = BLOWING SNOW
                                                   X = TORNADO
MAX 32 OR BELOW:   0    0.01 INCH OR MORE:  18
MAX 70 OR ABOVE:   0    0.10 INCH OR MORE:   9
MIN 32 OR BELOW:   0    0.50 INCH OR MORE:   1
MIN  0 OR BELOW:   0    1.00 INCH OR MORE:   0

[HDD (BASE 65) ]
TOTAL THIS MO.   341    CLEAR  (SCALE 0-3)   M
DPTR FM NORMAL  -108    PTCLDY (SCALE 4-7)   M
SEASONAL TOTAL   733    CLOUDY (SCALE 8-10)  M
DPTR FM NORMAL  -269

[CDD (BASE 65) ]
TOTAL THIS MO.     0
DPTR FM NORMAL     0    [PRESSURE DATA]
SEASONAL TOTAL     0    HIGHEST SLP     M
DPTR FM NORMAL     0    LOWEST  SLP     M

[REMARKS]
