000
CXAK56 PASN 271112
CF6SNP

PRELIMINARY LOCAL CLIMATOLOGICAL DATA (WS FORM: F-6)

                                          STATION:   ST PAUL
                                          MONTH:     08
                                          YEAR:      2014
                                          LATITUDE:   57 10 N
                                          LONGITUDE: 170 13 W

  TEMPERATURE IN F:       :PCPN:    SNOW:  WIND      :SUNSHINE: SKY     :PK WND
================================================================================
1   2   3   4   5  6A  6B    7     8   9   10  11  12  13   14  15   16  17  18
                                      12Z  AVG MX 2MIN
DY MAX MIN AVG DEP HDD CDD  WTR   SNW DPTH SPD SPD DIR MIN PSBL S-S WX   SPD DR
================================================================================

 1  60  51  56   7   9   0  0.01  0.0   0  5.4 12  240   M    M   M 1     13 240
 2  57  51  54   5  11   0  0.00  0.0   0 12.8 23  330   M    M   M 1     26 340
 3  57  52  55   6  10   0     T  0.0   0 11.8 17  340   M    M   M 2     22 360
 4  59  51  55   6  10   0  0.00  0.0   0  9.9 15  330   M    M   M 12    19 340
 5  56  53  55   6  10   0  0.10  0.0   0  6.4 15  180   M    M   M 2     18 180
 6  54  53  54   5  11   0  0.92  0.0   0 19.1 30  170   M    M   M 1     40 180
 7  53  52  53   4  12   0  0.12  0.0   0 12.8 21  240   M    M   M 12    26 240
 8  58  52  55   6  10   0     T  0.0   0 15.5 25  360   M    M   M 12    30 340
 9  56  51  54   5  11   0  0.06  0.0   0 16.4 25  320   M    M   M 1     31 330
10  53  51  52   3  13   0  0.19  0.0   0  5.9 17  140   M    M   M 12    20 140
11  53  51  52   3  13   0  0.21  0.0   0 12.4 18  110   M    M   M 1     25 100
12  57  51  54   5  11   0  0.09  0.0   0 13.9 24   40   M    M   M 1     30  30
13  56  51  54   5  11   0  0.09  0.0   0 15.5 22  350   M    M   M 1     27 340
14  59  51  55   6  10   0     T  0.0   0  9.5 16   70   M    M   M 1     19  80
15  60  50  55   6  10   0  0.00  0.0   0 10.4 17   30   M    M   M       21  40
16  59  50  55   6  10   0  0.00  0.0   0 12.7 20  330   M    M   M 1     24 320
17  60  48  54   5  11   0  0.01  0.0   0 13.2 22  260   M    M   M 1     26 250
18  58  50  54   5  11   0  0.00  0.0   0  7.5 16  240   M    M   M       21 250
19  58  47  53   4  12   0  0.00  0.0   0  5.5 12  150   M    M   M 1     15 160
20  58  46  52   3  13   0  0.01  0.0   0  9.3 16  110   M    M   M 1     20 110
21  59  52  56   7   9   0  0.06  0.0   0  9.2 14  100   M    M   M 1     17  90
22  60  55  58   9   7   0  0.03  0.0   0 19.7 30  130   M    M   M 1     40 130
23  54  52  53   4  12   0  0.98  0.0   0 13.2 21   60   M    M   M 1     25  60
24  56  52  54   5  11   0  0.52  0.0   0 18.5 31  320   M    M   M 1     39 330
25  60  44  52   3  13   0  0.00  0.0   0 12.2 26  320   M    M   M 12    33 320
26  55  37  46  -3  19   0  0.29  0.0   0  8.0 17  110   M    M   M 12    22 110
================================================================================
SM 1485 1304       290   0  3.69 0.0    306.7           M        M
================================================================================
AV 57.1 50.2                             11.8 FASTST  PSBL  %   M    MAX(MPH)
                                 MISC ---->     31  320               # 40 130
================================================================================
NOTES:
# LAST OF SEVERAL OCCURRENCES

COLUMN 17 PEAK WIND IN M.P.H.

PRELIMINARY LOCAL CLIMATOLOGICAL DATA (WS FORM: F-6) , PAGE 2

                                          STATION:   ST PAUL
                                          MONTH:     08
                                          YEAR:      2014
                                          LATITUDE:  57 10 N
                                          LONGITUDE: 170 13 W

[TEMPERATURE DATA]      [PRECIPITATION DATA]       SYMBOLS USED IN COLUMN 16

AVERAGE MONTHLY:53.6   TOTAL FOR MONTH: 3.69       1 = FOG
DPTR FM NORMAL:  4.6   DPTR FM NORMAL: 1.16       2 = FOG REDUCING VISIBILITY
HIGHEST:    60 ON 25    GRTST 24HR   0.98 ON 23        TO 1/4 MILE OR LESS
LOWEST:     37 ON 26                               3 = THUNDER
                        SNOW, ICE PELLETS, HAIL    4 = ICE PELLETS
                        TOTAL MONTH: 0.0         5 = HAIL
                        GRTST 24HR   0.0           6 = GLAZE OR RIME
                        GRTST DEPTH:    0          7 = BLOWING DUST OR SAND:
                                                       VSBY 1/2 MILE OR LESS
                                                   8 = SMOKE OR HAZE
[NO. OF DAYS WITH]      [WEATHER - DAYS WITH]      9 = BLOWING SNOW
                                                   X = TORNADO
MAX 32 OR BELOW:   0    0.01 INCH OR MORE:  16
MAX 70 OR ABOVE:   0    0.10 INCH OR MORE:   8
MIN 32 OR BELOW:   0    0.50 INCH OR MORE:   3
MIN  0 OR BELOW:   0    1.00 INCH OR MORE:   0

[HDD (BASE 65) ]
TOTAL THIS MO.   290    CLEAR  (SCALE 0-3)   M
DPTR FM NORMAL  -127    PTCLDY (SCALE 4-7)   M
SEASONAL TOTAL   736    CLOUDY (SCALE 8-10)  M
DPTR FM NORMAL  -234

[CDD (BASE 65) ]
TOTAL THIS MO.     0
DPTR FM NORMAL     0    [PRESSURE DATA]
SEASONAL TOTAL     0    HIGHEST SLP     M
DPTR FM NORMAL     0    LOWEST  SLP     M

[REMARKS]
