164
CXUS56 KPQR 251200
CF6SPB
PRELIMINARY LOCAL CLIMATOLOGICAL DATA (WS FORM: F-6)

                                          STATION:   SCAPPOOSE OR
                                          MONTH:     MARCH
                                          YEAR:      2017
                                          LATITUDE:   45 46 N
                                          LONGITUDE: 122 50 W

  TEMPERATURE IN F:       :PCPN:    SNOW:  WIND      :SUNSHINE: SKY     :PK WND
================================================================================
1   2   3   4   5  6A  6B    7    8   9   10  11  12  13   14  15   16   17  18
                                     12Z  AVG MX 2MIN
DY MAX MIN AVG DEP HDD CDD  WTR  SNW DPTH SPD SPD DIR MIN PSBL S-S WX    SPD DR
================================================================================

 1  51  35  43  -1  22   0 0.05    M    0  3.3 10 150   M    M   9 1      14 160
 2  49  40  45   1  20   0 0.07    M    0  4.7 12 170   M    M  10        16 140
 3  51  35  43  -1  22   0 0.32    M    0  7.4 16 180   M    M  10 1      25 200
 4  46  31  39  -6  26   0 0.16    M    0  4.6 21 140   M    M   9 12     27 140
 5  46  34  40  -5  25   0 0.16    M    0  8.3 20 150   M    M   9 1      26 160
 6  44  33  39  -6  26   0 0.15    M    M  5.2 17 270   M    M   8 1      24 270
 7  48  38  43  -2  22   0 0.59    M    M  5.3 16 150   M    M  10 1      20 160
 8  43  41  42  -3  23   0 0.27    M    0  1.5  7  70   M    M  10 1       9 320
 9  55  42  49   3  16   0 0.66    M    0  2.9 18 150   M    M  10 1      25 140
10  61  42  52   6  13   0 0.00  0.0    0  7.1 17 210   M    M   6        23 160
11  56  37  47   1  18   0 0.34    M    0  3.2 15 140   M    M   7 1      17 150
12  62  39  51   5  14   0 0.00  0.0    0  3.2 10 120   M    M   4 12     13 120
13  54  48  51   5  14   0 0.59    M    0  1.2  7 160   M    M   9 1      10 160
14  58  51  55   9  10   0 0.63  0.0    0  5.1 16 140   M    M  10 1      22 160
15  58  41  50   4  15   0 0.98    M    0  4.5 16 250   M    M  10 1      20 160
16  54  32  43  -3  22   0 0.00  0.0    0  4.1 13 150   M    M   2        16 150
17  48  33  41  -6  24   0 0.45    M    0  1.9  8 170   M    M   7 1      11 170
18  52  32  42  -5  23   0 0.40    M    0  5.3 14 300   M    M   6 1      21 310
19  55  30  43  -4  22   0 0.00  0.0    0  5.3 14 330   M    M   1 12     16 330
20  56  35  46  -1  19   0 0.13    M    0  2.7 12 150   M    M   7 1      16 160
21  57  43  50   3  15   0 0.20    M    0  4.0 13 140   M    M   9 1      16 160
22  55  37  46  -1  19   0 0.10    M    0  7.8 22 240   M    M   7        28 220
23  56  36  46  -1  19   0 0.57    M    0  4.9 15 200   M    M   9 1      22 190
24  55  40  48   1  17   0 0.49    M    0  6.4 14 150   M    M   9 1      19 160
================================================================================
SM 1270  905       466   0  7.31     0.0 109.9          M      188
================================================================================
AV 52.9 37.7                               4.6 FASTST   M    M   8    MAX(MPH)
                                 MISC ---->  # 22 240               # 28  220
================================================================================
NOTES:
# LAST OF SEVERAL OCCURRENCES

COLUMN 17 PEAK WIND IN M.P.H.

PRELIMINARY LOCAL CLIMATOLOGICAL DATA (WS FORM: F-6) , PAGE 2

                                          STATION:  SCAPPOOSE OR
                                          MONTH:    MARCH
                                          YEAR:     2017
                                          LATITUDE:   45 46 N
                                          LONGITUDE: 122 50 W

[TEMPERATURE DATA]      [PRECIPITATION DATA]       SYMBOLS USED IN COLUMN 16

AVERAGE MONTHLY: 45.3   TOTAL FOR MONTH:   7.31    1 = FOG OR MIST
DPTR FM NORMAL:  -0.6   DPTR FM NORMAL:    4.07    2 = FOG REDUCING VISIBILITY
HIGHEST:    62 ON 12    GRTST 24HR  0.98 ON 15-15      TO 1/4 MILE OR LESS
LOWEST:     30 ON 19                               3 = THUNDER
                        SNOW, ICE PELLETS, HAIL    4 = ICE PELLETS
                        TOTAL MONTH:   0.0 INCH    5 = HAIL
                        GRTST 24HR     0.0         6 = FREEZING RAIN OR DRIZZLE
                        GRTST DEPTH:   0           7 = DUSTSTORM OR SANDSTORM:
                                                       VSBY 1/2 MILE OR LESS
                                                   8 = SMOKE OR HAZE
[NO. OF DAYS WITH]      [WEATHER - DAYS WITH]      9 = BLOWING SNOW
                                                   X = TORNADO
MAX 32 OR BELOW:   0    0.01 INCH OR MORE:  20
MAX 90 OR ABOVE:   0    0.10 INCH OR MORE:  18
MIN 32 OR BELOW:   4    0.50 INCH OR MORE:   6
MIN  0 OR BELOW:   0    1.00 INCH OR MORE:   0

[HDD (BASE 65) ]
TOTAL THIS MO.   466    CLEAR  (SCALE 0-3)   2
DPTR FM NORMAL     7    PTCLDY (SCALE 4-7)   8
TOTAL FM JUL 1  4014    CLOUDY (SCALE 8-10) 14
DPTR FM NORMAL    98

[CDD (BASE 65) ]
TOTAL THIS MO.     0
DPTR FM NORMAL     0    [PRESSURE DATA]
TOTAL FM JAN 1     0    HIGHEST SLP M ON M
DPTR FM NORMAL     0    LOWEST  SLP 29.55 ON  4

[REMARKS]
