000
CXUS53 KILX 232300
CF6SPI
PRELIMINARY LOCAL CLIMATOLOGICAL DATA (WS FORM: F-6)

                                          STATION:   SPRINGFIELD IL
                                          MONTH:     JANUARY
                                          YEAR:      2017
                                          LATITUDE:   39 50 N
                                          LONGITUDE:  89 41 W

  TEMPERATURE IN F:       :PCPN:    SNOW:  WIND      :SUNSHINE: SKY     :PK WND
================================================================================
1   2   3   4   5  6A  6B    7    8   9   10  11  12  13   14  15   16   17  18
                                     12Z  AVG MX 2MIN
DY MAX MIN AVG DEP HDD CDD  WTR  SNW DPTH SPD SPD DIR MIN PSBL S-S WX    SPD DR
================================================================================

 1  44  18  31   4  34   0 0.00  0.0    0  4.6 12  80   M    M   1 18     14 130
 2  48  34  41  14  24   0 0.33  0.0    0  5.4 14 120   M    M  10 12     16 120
 3  46  21  34   7  31   0 0.13  0.0    0 13.4 29 320   M    M   8 128    36 290
 4  24  14  19  -8  46   0 0.02  0.2    0 11.3 22 300   M    M   2 18     29 290
 5  17  10  14 -13  51   0 0.06  0.7    1  8.8 15 330   M    M   9 18     19 320
 6  11   0   6 -21  59   0    T    T    T  7.5 15 320   M    M   2 8      19 320
 7  23   0  12 -15  53   0 0.00  0.0    T  8.1 18 260   M    M   2        22 250
 8  25   1  13 -14  52   0 0.00  0.0    T  9.0 22 170   M    M   2        28 170
 9  40  22  31   4  34   0 0.00  0.0    T 16.7 30 170   M    M   6        39 170
10  60  29  45  19  20   0 0.03  0.0    0 20.9 44 270   M    M   8 1      55 270
11  62  25  44  18  21   0 0.00  0.0    0 14.0 25 180   M    M   5 128    36 190
12  43  23  33   7  32   0 0.08  0.0    0 10.9 18 320   M    M   8 128    22 310
13  32  20  26   0  39   0 0.00  0.0    0 10.2 22  40   M    M   4        24  40
14  32  31  32   6  33   0 0.10  0.0    T  4.6 10 350   M    M  10 168    13 350
15  35  29  32   6  33   0 0.01  0.0    0  4.7 12  60   M    M   9 18     13  60
16  56  35  46  20  19   0 0.07  0.0    0  9.2 17 150   M    M  10 12     21 150
17  56  39  48  22  17   0 0.02  0.0    0 13.8 23 260   M    M   9 1      27 250
18  46  36  41  15  24   0 0.00  0.0    0  8.1 15 190   M    M   6 1      20 290
19  45  37  41  15  24   0 0.10  0.0    0  8.1 16 140   M    M   8 18     22 140
20  54  43  49  23  16   0 0.07  0.0    0  5.9 16 170   M    M   9 12     22 170
21  65  44  55  28  10   0 0.00  0.0    0 10.4 21 200   M    M   1        25 210
22  52  40  46  19  19   0 0.00  0.0    0 10.8 22 360   M    M   6 128    27  10
================================================================================
SM  916  551       691   0  1.02     0.9 216.4          M      135
================================================================================
AV 41.6 25.1                               9.8 FASTST   M    M   6    MAX(MPH)
                                 MISC ---->  # 44 270               # 55  270
================================================================================
NOTES:
# LAST OF SEVERAL OCCURRENCES

COLUMN 17 PEAK WIND IN M.P.H.

PRELIMINARY LOCAL CLIMATOLOGICAL DATA (WS FORM: F-6) , PAGE 2

                                          STATION:  SPRINGFIELD IL
                                          MONTH:    JANUARY
                                          YEAR:     2017
                                          LATITUDE:   39 50 N
                                          LONGITUDE:  89 41 W

[TEMPERATURE DATA]      [PRECIPITATION DATA]       SYMBOLS USED IN COLUMN 16

AVERAGE MONTHLY: 33.3   TOTAL FOR MONTH:   1.02    1 = FOG OR MIST
DPTR FM NORMAL:   6.8   DPTR FM NORMAL:   -0.32    2 = FOG REDUCING VISIBILITY
HIGHEST:    65 ON 21    GRTST 24HR  0.34 ON  2- 3      TO 1/4 MILE OR LESS
LOWEST:      0 ON  7, 6                            3 = THUNDER
                        SNOW, ICE PELLETS, HAIL    4 = ICE PELLETS
                        TOTAL MONTH:   0.9 INCH    5 = HAIL
                        GRTST 24HR   0.7 ON   M    6 = FREEZING RAIN OR DRIZZLE
                        GRTST DEPTH:   1 ON  5     7 = DUSTSTORM OR SANDSTORM:
                                                       VSBY 1/2 MILE OR LESS
                                                   8 = SMOKE OR HAZE
[NO. OF DAYS WITH]      [WEATHER - DAYS WITH]      9 = BLOWING SNOW
                                                   X = TORNADO
MAX 32 OR BELOW:   7    0.01 INCH OR MORE:  12
MAX 90 OR ABOVE:   0    0.10 INCH OR MORE:   4
MIN 32 OR BELOW:  14    0.50 INCH OR MORE:   0
MIN  0 OR BELOW:   2    1.00 INCH OR MORE:   0

[HDD (BASE 65) ]
TOTAL THIS MO.   691    CLEAR  (SCALE 0-3)   6
DPTR FM NORMAL  -152    PTCLDY (SCALE 4-7)   7
TOTAL FM JUL 1  2390    CLOUDY (SCALE 8-10)  9
DPTR FM NORMAL  -593

[CDD (BASE 65) ]
TOTAL THIS MO.     0
DPTR FM NORMAL     0    [PRESSURE DATA]
TOTAL FM JAN 1     0    HIGHEST SLP M ON M
DPTR FM NORMAL     0    LOWEST  SLP 29.30 ON 10

[REMARKS]
