604
CXUS53 KILX 240900
CF6SPI
PRELIMINARY LOCAL CLIMATOLOGICAL DATA (WS FORM: F-6)

                                          STATION:   SPRINGFIELD IL
                                          MONTH:     SEPTEMBER
                                          YEAR:      2017
                                          LATITUDE:   39 50 N
                                          LONGITUDE:  89 41 W

  TEMPERATURE IN F:       :PCPN:    SNOW:  WIND      :SUNSHINE: SKY     :PK WND
================================================================================
1   2   3   4   5  6A  6B    7    8   9   10  11  12  13   14  15   16   17  18
                                     12Z  AVG MX 2MIN
DY MAX MIN AVG DEP HDD CDD  WTR  SNW DPTH SPD SPD DIR MIN PSBL S-S WX    SPD DR
================================================================================

 1  75  49  62 -10   3   0 0.00  0.0    0 10.7 18  40   M    M   2        24  30
 2  78  42  60 -12   5   0 0.00  0.0    0  3.3 10 270   M    M   1 1      14 360
 3  85  58  72   0   0   7    T  0.0    0  3.5 12 310   M    M   1 1      16 310
 4  91  58  75   4   0  10 0.00  0.0    0  9.0 21 260   M    M   1 3      29 260
 5  74  51  63  -8   2   0 0.00  0.0    0 11.6 22 310   M    M   1        30 340
 6  68  46  57 -14   8   0 0.00  0.0    0  7.5 17 320   M    M   3        21 340
 7  75  45  60 -10   5   0 0.00  0.0    0  4.8 15 270   M    M   1        19 270
 8  83  46  65  -5   0   0 0.00  0.0    0  3.1  9  60   M    M   0 1      13 190
 9  85  52  69  -1   0   4 0.00  0.0    0  6.8 15  80   M    M   0        18  80
10  78  50  64  -5   1   0 0.00  0.0    0  6.5 14  60   M    M   0        19  90
11  80  46  63  -6   2   0 0.00  0.0    0  6.9 17  60   M    M   0        22  50
12  79  54  67  -1   0   2 0.00  0.0    0 10.0 22  50   M    M   1        28  40
13  74  55  65  -3   0   0    T  0.0    0  3.2  9 350   M    M   7 12     11 350
14  88  54  71   3   0   6 0.00  0.0    0  3.6  9 140   M    M   3 12     15 170
15  92  62  77  10   0  12 0.00  0.0    0  7.3 14 160   M    M   0        19 170
16  91  68  80  13   0  15 0.00  0.0    0  7.3 15 190   M    M   1        20 200
17  86  68  77  11   0  12    T  0.0    0  6.0 14 330   M    M   5        18 190
18  88  61  75   9   0  10 0.01  0.0    0  4.2 14 260   M    M   4 13     20 260
19  88  64  76  10   0  11 0.00  0.0    0  3.4  9 110   M    M   5 12     11 110
20  96  71  84  19   0  19 0.00  0.0    0  8.9 15 180   M    M   0        21 210
21  95  72  84  19   0  19 0.00  0.0    0  6.1 14 160   M    M   0 1      19 170
22  96  72  84  20   0  19 0.00  0.0    0  5.3 14 190   M    M   0        19 200
23  95  68  82  18   0  17 0.00  0.0    0  4.1 13 130   M    M   0        17 170
================================================================================
SM 1940 1312        26 163  0.01     0.0 143.1          M       36
================================================================================
AV 84.4 57.0                               6.2 FASTST   M    M   2    MAX(MPH)
                                 MISC ---->  # 22 310               # 30  340
================================================================================
NOTES:
# LAST OF SEVERAL OCCURRENCES

COLUMN 17 PEAK WIND IN M.P.H.

PRELIMINARY LOCAL CLIMATOLOGICAL DATA (WS FORM: F-6) , PAGE 2

                                          STATION:  SPRINGFIELD IL
                                          MONTH:    SEPTEMBER
                                          YEAR:     2017
                                          LATITUDE:   39 50 N
                                          LONGITUDE:  89 41 W

[TEMPERATURE DATA]      [PRECIPITATION DATA]       SYMBOLS USED IN COLUMN 16

AVERAGE MONTHLY: 70.7   TOTAL FOR MONTH:   0.01    1 = FOG OR MIST
DPTR FM NORMAL:   2.4   DPTR FM NORMAL:   -2.22    2 = FOG REDUCING VISIBILITY
HIGHEST:    96 ON 22,20 GRTST 24HR  0.01 ON 18-18      TO 1/4 MILE OR LESS
LOWEST:     42 ON  2                               3 = THUNDER
                        SNOW, ICE PELLETS, HAIL    4 = ICE PELLETS
                        TOTAL MONTH:   0.0 INCH    5 = HAIL
                        GRTST 24HR     0.0         6 = FREEZING RAIN OR DRIZZLE
                        GRTST DEPTH:   0           7 = DUSTSTORM OR SANDSTORM:
                                                       VSBY 1/2 MILE OR LESS
                                                   8 = SMOKE OR HAZE
[NO. OF DAYS WITH]      [WEATHER - DAYS WITH]      9 = BLOWING SNOW
                                                   X = TORNADO
MAX 32 OR BELOW:   0    0.01 INCH OR MORE:   1
MAX 90 OR ABOVE:   7    0.10 INCH OR MORE:   0
MIN 32 OR BELOW:   0    0.50 INCH OR MORE:   0
MIN  0 OR BELOW:   0    1.00 INCH OR MORE:   0

[HDD (BASE 65) ]
TOTAL THIS MO.    26    CLEAR  (SCALE 0-3)  18
DPTR FM NORMAL   -14    PTCLDY (SCALE 4-7)   5
TOTAL FM JUL 1    26    CLOUDY (SCALE 8-10)  0
DPTR FM NORMAL   -19

[CDD (BASE 65) ]
TOTAL THIS MO.   163
DPTR FM NORMAL    50    [PRESSURE DATA]
TOTAL FM JAN 1  1275    HIGHEST SLP M ON M
DPTR FM NORMAL   192    LOWEST  SLP 29.73 ON 13

[REMARKS]
