000
CXUS55 KTBW 281810
CF6SRQ
PRELIMINARY LOCAL CLIMATOLOGICAL DATA (WS FORM: F-6)

                                          STATION:   Sarasota Bradenton
                                          MONTH:     DECEMBER
                                          YEAR:      2014
                                          LATITUDE:   27 23 N
                                          LONGITUDE:  82 33 W

  TEMPERATURE IN F:       :PCPN:    SNOW:  WIND      :SUNSHINE: SKY     :PK WND
================================================================================
1   2   3   4   5  6A  6B    7    8   9   10  11  12  13   14  15   16   17  18
                                     12Z  AVG MX 2MIN
DY MAX MIN AVG DEP HDD CDD  WTR  SNW DPTH SPD SPD DIR MIN PSBL S-S WX    SPD DR
================================================================================

 1  81  59  70   4   0   5 0.01  0.0    0  9.9 17  80   M    M   3        23  90
 2  79  63  71   5   0   6 0.01  0.0    0  8.9 20  90   M    M   3        25  80
 3  82  63  73   7   0   8    T  0.0    0  8.2 16  70   M    M   2        22  70
 4  82  62  72   6   0   7 0.00  0.0    0  9.2 17  80   M    M   1        23  80
 5  81  65  73   8   0   8 0.00  0.0    0  9.0 16  70   M    M   4        20  70
 6  80  64  72   7   0   7    T  0.0    0  6.9 13 270   M    M   1 12     17 280
 7  71  60  66   1   0   1 0.00  0.0    0  7.1 13  50   M    M  10 1      16  50
 8  67  58  63  -2   2   0    T  0.0    0  7.3 16  40   M    M  10 1      20  40
 9  64  55  60  -4   5   0    T  0.0    0 10.3 21 330   M    M   6 1      25 320
10  66  43  55  -9  10   0 0.00  0.0    0  4.8 15 320   M    M   1        21 320
11  65  44  55  -9  10   0 0.00  0.0    0  4.4 15 330   M    M   3 1      18 330
12  59  42  51 -13  14   0 0.00  0.0    0  3.0  9 350   M    M   0        13 330
13  68  41  55  -9  10   0 0.00  0.0    0  4.9 13  10   M    M   0        17 330
14  67  40  54 -10  11   0 0.00  0.0    0  4.3 13 280   M    M   0 1      15 280
15  68  40  54 -10  11   0 0.00  0.0    0  2.8 12 280   M    M   0 12     14 270
16  69  43  56  -7   9   0 0.00  0.0    0  3.9 13 200   M    M   4 12     28 210
17  73  53  63   0   2   0 0.00  0.0    0  5.1  9 290   M    M   5        16 100
18  69  44  57  -6   8   0 0.00  0.0    0  4.3 12 290   M    M   0 1      17  70
19  74  47  61  -2   4   0 0.00  0.0    0  3.9 12 270   M    M   0 1      13 260
20  77  52  65   2   0   0 0.00  0.0    0  6.0 13 130   M    M   2        17 270
21  79  59  69   7   0   4 0.06  0.0    0  7.6 18 170   M    M   8        23 160
22  77  66  72  10   0   7 0.02  0.0    0 11.0 26 190   M    M   1        32 180
23  81  65  73  11   0   8 0.00  0.0    0 12.7 23 180   M    M   5 1      28 170
24  80  66  73  11   0   8 0.30  0.0    0 17.5 29 180   M    M   7 1      39 180
25  69  56  63   1   2   0 0.00  0.0    0  7.5 17 320   M    M   6        22 320
26  74  53  64   2   1   0 0.00  0.0    0  7.3 12  80   M    M   5        14  40
27  78  63  71   9   0   6 0.00  0.0    0  4.6 10 130   M    M   6        14 130
================================================================================
SM 1980 1466        99  75  0.40     0.0 192.4          M       93
================================================================================
AV 73.3 54.3                               7.1 FASTST   M    M   3    MAX(MPH)
                                 MISC ---->  # 29 180               # 39  180
================================================================================
NOTES:
# LAST OF SEVERAL OCCURRENCES

COLUMN 17 PEAK WIND IN M.P.H.

PRELIMINARY LOCAL CLIMATOLOGICAL DATA (WS FORM: F-6) , PAGE 2

                                          STATION:  Sarasota Bradenton
                                          MONTH:    DECEMBER
                                          YEAR:     2014
                                          LATITUDE:   27 23 N
                                          LONGITUDE:  82 33 W

[TEMPERATURE DATA]      [PRECIPITATION DATA]       SYMBOLS USED IN COLUMN 16

AVERAGE MONTHLY: 63.8   TOTAL FOR MONTH:   0.40    1 = FOG OR MIST
DPTR FM NORMAL:   0.1   DPTR FM NORMAL:   -1.87    2 = FOG REDUCING VISIBILITY
HIGHEST:    82 ON  4, 3 GRTST 24HR  0.30 ON 24-24      TO 1/4 MILE OR LESS
LOWEST:     40 ON 15,14                            3 = THUNDER
                        SNOW, ICE PELLETS, HAIL    4 = ICE PELLETS
                        TOTAL MONTH:   0.0 INCH    5 = HAIL
                        GRTST 24HR     0.0         6 = FREEZING RAIN OR DRIZZLE
                        GRTST DEPTH:   0           7 = DUSTSTORM OR SANDSTORM:
                                                       VSBY 1/2 MILE OR LESS
                                                   8 = SMOKE OR HAZE
[NO. OF DAYS WITH]      [WEATHER - DAYS WITH]      9 = BLOWING SNOW
                                                   X = TORNADO
MAX 32 OR BELOW:   0    0.01 INCH OR MORE:   5
MAX 90 OR ABOVE:   0    0.10 INCH OR MORE:   1
MIN 32 OR BELOW:   0    0.50 INCH OR MORE:   0
MIN  0 OR BELOW:   0    1.00 INCH OR MORE:   0

[HDD (BASE 65) ]
TOTAL THIS MO.    99    CLEAR  (SCALE 0-3)  13
DPTR FM NORMAL    -1    PTCLDY (SCALE 4-7)  12
TOTAL FM JUL 1   184    CLOUDY (SCALE 8-10)  2
DPTR FM NORMAL    51

[CDD (BASE 65) ]
TOTAL THIS MO.    75
DPTR FM NORMAL     7    [PRESSURE DATA]
TOTAL FM JAN 1  3487    HIGHEST SLP M ON M
DPTR FM NORMAL   119    LOWEST  SLP 29.80 ON 24

[REMARKS]
