000
CXUS54 KEWX 260910
CF6SSF
PRELIMINARY LOCAL CLIMATOLOGICAL DATA (WS FORM: F-6)

                                          STATION:   SAN ANTONIO STINSON FIELD
                                          MONTH:     JULY
                                          YEAR:      2017
                                          LATITUDE:   29 19 N
                                          LONGITUDE:  98 29 W

  TEMPERATURE IN F:       :PCPN:    SNOW:  WIND      :SUNSHINE: SKY     :PK WND
================================================================================
1   2   3   4   5  6A  6B    7    8   9   10  11  12  13   14  15   16   17  18
                                     12Z  AVG MX 2MIN
DY MAX MIN AVG DEP HDD CDD  WTR  SNW DPTH SPD SPD DIR MIN PSBL S-S WX    SPD DR
================================================================================

 1  99  80  90   6   0  25 0.00    M    M 11.2 22 130   M    M   5        28 130
 2 101  78  90   6   0  25 0.00    M    M  9.2 18 120   M    M   5 1      25 120
 3 101  77  89   5   0  24 0.00    M    M 10.2 22 120   M    M   5        27 110
 4 102  79  91   7   0  26 0.00    M    M 10.6 22 140   M    M   4        29 150
 5 100  77  89   5   0  24 0.00    M    M  8.1 17 110   M    M   4        22 110
 6  99  76  88   4   0  23 0.00    M    M  6.7 17 120   M    M   2        21 110
 7  99  76  88   4   0  23 0.00    M    M  5.1 20 130   M    M   2        25 130
 8 100  74  87   3   0  22 0.00    M    M  4.5 16 150   M    M   1        19 140
 9 101  74  88   4   0  23 0.00    M    M  6.1 15 150   M    M   0        21 140
10 102  72  87   3   0  22 0.00    M    M  8.7 17 130   M    M   1        23 150
11 102  75  89   5   0  24    T    M    M  8.8 21 150   M    M   2 3      30 150
12  96  76  86   2   0  21 0.08    M    M  6.0 25 120   M    M   2 13     30 120
13  99  76  88   4   0  23    T    M    M  5.4 21 200   M    M   3 3      30 210
14 100  77  89   5   0  24 0.00    M    M  4.3 16 140   M    M   4        21 140
15 102  74  88   4   0  23 0.03    M    M  3.9 23  60   M    M   1 3      34  60
16 100  74  87   3   0  22    T    M    M  5.3 17 120   M    M   2 3      22 120
17  99  77  88   4   0  23 0.00    M    M  6.1 18 130   M    M   3        26 140
18 100  77  89   5   0  24 0.00    M    M  8.1 18 120   M    M   1        25  90
19 102  76  89   5   0  24 0.00    M    M  7.5 20 130   M    M   3 8      27 120
20 103  77  90   6   0  25 0.00    M    M  8.0 21 110   M    M   1        27 100
21 103  76  90   5   0  25 0.00    M    M  8.0 18 120   M    M   1        23 120
22 104  77  91   6   0  26 0.00    M    M  7.7 21 130   M    M   1        29 130
23 104  76  90   5   0  25 0.00    M    M  7.0 20 340   M    M   1        28 330
24 103  78  91   6   0  26 0.00    M    M  9.3 22 140   M    M   2        27 140
25 102  78  90   5   0  25 0.00  0.0    0 10.7 23 140   M    M   4        28 140
================================================================================
SM 2523 1907         0 597  0.11     0.0 186.5          M       60
================================================================================
AV100.9 76.3                               7.5 FASTST   M    M   2    MAX(MPH)
                                 MISC ---->  # 25 120               # 34   60
================================================================================
NOTES:
# LAST OF SEVERAL OCCURRENCES

COLUMN 17 PEAK WIND IN M.P.H.

PRELIMINARY LOCAL CLIMATOLOGICAL DATA (WS FORM: F-6) , PAGE 2

                                          STATION:  SAN ANTONIO STINSON FIELD
                                          MONTH:    JULY
                                          YEAR:     2017
                                          LATITUDE:   29 19 N
                                          LONGITUDE:  98 29 W

[TEMPERATURE DATA]      [PRECIPITATION DATA]       SYMBOLS USED IN COLUMN 16

AVERAGE MONTHLY: 88.6   TOTAL FOR MONTH:   0.11    1 = FOG OR MIST
DPTR FM NORMAL:   4.4   DPTR FM NORMAL:   -1.72    2 = FOG REDUCING VISIBILITY
HIGHEST:   104 ON 23,22 GRTST 24HR  0.08 ON 12-12      TO 1/4 MILE OR LESS
LOWEST:     72 ON 10                               3 = THUNDER
                        SNOW, ICE PELLETS, HAIL    4 = ICE PELLETS
                        TOTAL MONTH:   0.0 INCH    5 = HAIL
                        GRTST 24HR     0.0         6 = FREEZING RAIN OR DRIZZLE
                        GRTST DEPTH:   0           7 = DUSTSTORM OR SANDSTORM:
                                                       VSBY 1/2 MILE OR LESS
                                                   8 = SMOKE OR HAZE
[NO. OF DAYS WITH]      [WEATHER - DAYS WITH]      9 = BLOWING SNOW
                                                   X = TORNADO
MAX 32 OR BELOW:   0    0.01 INCH OR MORE:   2
MAX 90 OR ABOVE:  25    0.10 INCH OR MORE:   0
MIN 32 OR BELOW:   0    0.50 INCH OR MORE:   0
MIN  0 OR BELOW:   0    1.00 INCH OR MORE:   0

[HDD (BASE 65) ]
TOTAL THIS MO.     0    CLEAR  (SCALE 0-3)  17
DPTR FM NORMAL     0    PTCLDY (SCALE 4-7)   8
TOTAL FM JUL 1     0    CLOUDY (SCALE 8-10)  0
DPTR FM NORMAL     0

[CDD (BASE 65) ]
TOTAL THIS MO.   597
DPTR FM NORMAL   119    [PRESSURE DATA]
TOTAL FM JAN 1  2191    HIGHEST SLP M ON M
DPTR FM NORMAL   512    LOWEST  SLP 29.78 ON 22

[REMARKS]
