000
CXUS54 KEWX 250910
CF6SSF
PRELIMINARY LOCAL CLIMATOLOGICAL DATA (WS FORM: F-6)

                                          STATION:   SAN ANTONIO STINSON FIELD
                                          MONTH:     MAY
                                          YEAR:      2017
                                          LATITUDE:   29 19 N
                                          LONGITUDE:  98 29 W

  TEMPERATURE IN F:       :PCPN:    SNOW:  WIND      :SUNSHINE: SKY     :PK WND
================================================================================
1   2   3   4   5  6A  6B    7    8   9   10  11  12  13   14  15   16   17  18
                                     12Z  AVG MX 2MIN
DY MAX MIN AVG DEP HDD CDD  WTR  SNW DPTH SPD SPD DIR MIN PSBL S-S WX    SPD DR
================================================================================

 1  91  50  71  -3   0   6    T    M    M  7.6 17 210   M    M   0        24 170
 2  92  57  75   1   0  10    T    M    M  8.1 20 130   M    M   2        28 130
 3  90  70  80   6   0  15    T    M    M  8.7 26  10   M    M   7 138    38  20
 4  83  56  70  -4   0   5 0.00    M    M  9.0 20 340   M    M   0        27 350
 5  87  53  70  -5   0   5 0.00    M    M  3.5 13  20   M    M   0        25  70
 6  90  53  72  -3   0   7 0.00    M    M  4.8 14 170   M    M   0        17 170
 7  89  57  73  -2   0   8 0.00    M    M  7.8 20 120   M    M   0        24 110
 8  80  65  73  -3   0   8    T    M    M 10.4 18 140   M    M   6        24 140
 9  80  70  75  -1   0  10 0.09    M    M 10.4 22 130   M    M   9 18     26 130
10  85  72  79   3   0  14    T    M    M  9.6 20 110   M    M   9 18     24 130
11  89  71  80   4   0  15 0.00    M    M  6.4 14 160   M    M   8 18     19 180
12  90  67  79   3   0  14 0.00    M    M  7.7 17 340   M    M   1 1      26 310
13  92  57  75  -2   0  10 0.00    M    M  5.0 12 120   M    M   0        15  60
14  93  62  78   1   0  13 0.00    M    M  7.6 17 130   M    M   0        22 110
15  94  67  81   4   0  16 0.00    M    M 10.2 23 120   M    M   5        27 110
16  83  72  78   0   0  13 0.00    M    M 12.7 23 120   M    M  10        30 120
17  89  70  80   2   0  15 0.11    M    M  8.0 15  90   M    M   8 1      22 130
18  94  76  85   7   0  20 0.00    M    M 12.8 26 130   M    M   8 18     34 120
19  94  77  86   8   0  21 0.00    M    M 13.0 22 140   M    M   8        29 150
20  82  73  78   0   0  13    T    M    M  8.4 16  60   M    M   7 3      20  60
21  80  66  73  -6   0   8 0.14    M    M 10.2 21  10   M    M   8 3      29  10
22  78  65  72  -7   0   7 0.06    M    M  8.2 15  30   M    M   9 1      21  70
23  88  64  76  -3   0  11 0.09    M    M  7.2 23 350   M    M   5 3      33 340
24  87  52  70  -9   0   5 0.00  0.0    0  5.4 15 260   M    M   0 8      21 250
================================================================================
SM 2100 1542         0 269  0.49     0.0 202.7          M      110
================================================================================
AV 87.5 64.3                               8.4 FASTST   M    M   5    MAX(MPH)
                                 MISC ---->  # 26  10               # 38   20
================================================================================
NOTES:
# LAST OF SEVERAL OCCURRENCES

COLUMN 17 PEAK WIND IN M.P.H.

PRELIMINARY LOCAL CLIMATOLOGICAL DATA (WS FORM: F-6) , PAGE 2

                                          STATION:  SAN ANTONIO STINSON FIELD
                                          MONTH:    MAY
                                          YEAR:     2017
                                          LATITUDE:   29 19 N
                                          LONGITUDE:  98 29 W

[TEMPERATURE DATA]      [PRECIPITATION DATA]       SYMBOLS USED IN COLUMN 16

AVERAGE MONTHLY: 75.9   TOTAL FOR MONTH:   0.49    1 = FOG OR MIST
DPTR FM NORMAL:  -0.7   DPTR FM NORMAL:   -2.13    2 = FOG REDUCING VISIBILITY
HIGHEST:    94 ON 19,18 GRTST 24HR  0.14 ON 21-21      TO 1/4 MILE OR LESS
LOWEST:     50 ON  1                               3 = THUNDER
                        SNOW, ICE PELLETS, HAIL    4 = ICE PELLETS
                        TOTAL MONTH:   0.0 INCH    5 = HAIL
                        GRTST 24HR     0.0         6 = FREEZING RAIN OR DRIZZLE
                        GRTST DEPTH:   0           7 = DUSTSTORM OR SANDSTORM:
                                                       VSBY 1/2 MILE OR LESS
                                                   8 = SMOKE OR HAZE
[NO. OF DAYS WITH]      [WEATHER - DAYS WITH]      9 = BLOWING SNOW
                                                   X = TORNADO
MAX 32 OR BELOW:   0    0.01 INCH OR MORE:   5
MAX 90 OR ABOVE:  10    0.10 INCH OR MORE:   2
MIN 32 OR BELOW:   0    0.50 INCH OR MORE:   0
MIN  0 OR BELOW:   0    1.00 INCH OR MORE:   0

[HDD (BASE 65) ]
TOTAL THIS MO.     0    CLEAR  (SCALE 0-3)  10
DPTR FM NORMAL     0    PTCLDY (SCALE 4-7)  10
TOTAL FM JUL 1   621    CLOUDY (SCALE 8-10)  4
DPTR FM NORMAL  -789

[CDD (BASE 65) ]
TOTAL THIS MO.   269
DPTR FM NORMAL   -11    [PRESSURE DATA]
TOTAL FM JAN 1   864    HIGHEST SLP M ON M
DPTR FM NORMAL   298    LOWEST  SLP 29.60 ON 18

[REMARKS]
