000
CXUS55 KSTO 301355
CF6STO
PRELIMINARY LOCAL CLIMATOLOGICAL DATA (WS FORM: F-6)

                                          STATION:   SACRAMENTO CITY
                                          MONTH:     MAY
                                          YEAR:      2016
                                          LATITUDE:   38 36 N
                                          LONGITUDE: 121 23 W

  TEMPERATURE IN F:       :PCPN:    SNOW:  WIND      :SUNSHINE: SKY     :PK WND
================================================================================
1   2   3   4   5  6A  6B    7    8   9   10  11  12  13   14  15   16   17  18
                                     12Z  AVG MX 2MIN
DY MAX MIN AVG DEP HDD CDD  WTR  SNW DPTH SPD SPD DIR MIN PSBL S-S WX    SPD DR
================================================================================

 1  86  55  71   7   0   6 0.00    M    M   M   M   M   M    M   M         M  M
 2  86  56  71   7   0   6 0.00    M    M   M   M   M   M    M   M         M  M
 3  85  55  70   5   0   5 0.00    M    M   M   M   M   M    M   M         M  M
 4  80  58  69   4   0   4 0.00    M    M   M   M   M   M    M   M         M  M
 5  64  57  61  -4   4   0 0.36    M    M   M   M   M   M    M   M         M  M
 6  66  56  61  -4   4   0 0.05    M    M   M   M   M   M    M   M         M  M
 7  64  56  60  -6   5   0 0.04    M    M   M   M   M   M    M   M         M  M
 8  76  56  66   0   0   1 0.00  0.0    0   M   M   M   M    M   M         M  M
 9  78  54  66   0   0   1 0.00  0.0    M   M   M   M   M    M   M         M  M
10  89  54  72   6   0   7 0.00  0.0    0   M   M   M   M    M   M         M  M
11  91  56  74   8   0   9 0.00    M    M   M   M   M   M    M   M         M  M
12  93  55  74   7   0   9 0.00    M    M   M   M   M   M    M   M         M  M
13  80  55  68   1   0   3 0.00  0.0    M   M   M   M   M    M   M         M  M
14  80  51  66  -1   0   1 0.00  0.0    M   M   M   M   M    M   M         M  M
15  85  53  69   2   0   4 0.00  0.0    M   M   M   M   M    M   M         M  M
16  87  56  72   4   0   7 0.00  0.0    M   M   M   M   M    M   M         M  M
17  93  65  79  11   0  14 0.00  0.0    M   M   M   M   M    M   M         M  M
18  98  64  81  13   0  16 0.00  0.0    M   M   M   M   M    M   M         M  M
19  82  58  70   2   0   5 0.00  0.0    M   M   M   M   M    M   M         M  M
20  71  51  61  -7   4   0 0.14  0.0    M   M   M   M   M    M   M         M  M
21  71  52  62  -6   3   0 0.00  0.0    M   M   M   M   M    M   M         M  M
22  73  48  61  -8   4   0 0.00  0.0    M   M   M   M   M    M   M         M  M
23  78  51  65  -4   0   0 0.00  0.0    0   M   M   M   M    M   M         M  M
24  77  54  66  -3   0   1 0.00  0.0    M   M   M   M   M    M   M         M  M
25  81  52  67  -2   0   2 0.00  0.0    M   M   M   M   M    M   M         M  M
26  87  55  71   2   0   6 0.00    M    M   M   M   M   M    M   M         M  M
27  89  56  73   3   0   8 0.00    M    M   M   M   M   M    M   M         M  M
28  90  64  77   7   0  12 0.00    M    M   M   M   M   M    M   M         M  M
29  94  60  77   7   0  12 0.00    M    M   M   M   M   M    M   M         M  M
================================================================================
SM 2374 1613        24 139  0.59     0.0     M          M        M
================================================================================
AV 81.9 55.6                                 M FASTST   M    M   3    MAX(MPH)
                                 MISC ---->     M   M                  M    M
================================================================================
NOTES:
# LAST OF SEVERAL OCCURRENCES

COLUMN 17 PEAK WIND IN M.P.H.

PRELIMINARY LOCAL CLIMATOLOGICAL DATA (WS FORM: F-6) , PAGE 2

                                          STATION:  SACRAMENTO CITY
                                          MONTH:    MAY
                                          YEAR:     2016
                                          LATITUDE:   38 36 N
                                          LONGITUDE: 121 23 W

[TEMPERATURE DATA]      [PRECIPITATION DATA]       SYMBOLS USED IN COLUMN 16

AVERAGE MONTHLY: 68.7   TOTAL FOR MONTH:   0.59    1 = FOG OR MIST
DPTR FM NORMAL:   1.5   DPTR FM NORMAL:   -0.14    2 = FOG REDUCING VISIBILITY
HIGHEST:    98 ON 18    GRTST 24HR  0.36 ON  5- 5      TO 1/4 MILE OR LESS
LOWEST:     48 ON 22                               3 = THUNDER
                        SNOW, ICE PELLETS, HAIL    4 = ICE PELLETS
                        TOTAL MONTH:   0.0 INCH    5 = HAIL
                        GRTST 24HR     0.0         6 = FREEZING RAIN OR DRIZZLE
                        GRTST DEPTH:   0           7 = DUSTSTORM OR SANDSTORM:
                                                       VSBY 1/2 MILE OR LESS
                                                   8 = SMOKE OR HAZE
[NO. OF DAYS WITH]      [WEATHER - DAYS WITH]      9 = BLOWING SNOW
                                                   X = TORNADO
MAX 32 OR BELOW:   0    0.01 INCH OR MORE:   4
MAX 90 OR ABOVE:   6    0.10 INCH OR MORE:   2
MIN 32 OR BELOW:   0    0.50 INCH OR MORE:   0
MIN  0 OR BELOW:   0    1.00 INCH OR MORE:   0

[HDD (BASE 65) ]
TOTAL THIS MO.    24    CLEAR  (SCALE 0-3)   0
DPTR FM NORMAL   -26    PTCLDY (SCALE 4-7)   0
TOTAL FM JUL 1  1823    CLOUDY (SCALE 8-10)  0
DPTR FM NORMAL  -471

[CDD (BASE 65) ]
TOTAL THIS MO.   139
DPTR FM NORMAL    25    [PRESSURE DATA]
TOTAL FM JAN 1   185    HIGHEST SLP M ON M
DPTR FM NORMAL    36    LOWEST  SLP M ON M

[REMARKS]
