000
CXUS53 KLSX 241600
CF6SUS
PRELIMINARY LOCAL CLIMATOLOGICAL DATA (WS FORM: F-6)

                                          STATION:   SPIRIT OF ST LOUIS MO
                                          MONTH:     JULY
                                          YEAR:      2017
                                          LATITUDE:   38 39 N
                                          LONGITUDE:  90 38 W

  TEMPERATURE IN F:       :PCPN:    SNOW:  WIND      :SUNSHINE: SKY     :PK WND
================================================================================
1   2   3   4   5  6A  6B    7    8   9   10  11  12  13   14  15   16   17  18
                                     12Z  AVG MX 2MIN
DY MAX MIN AVG DEP HDD CDD  WTR  SNW DPTH SPD SPD DIR MIN PSBL S-S WX    SPD DR
================================================================================

 1  87  64  76  -1   0  11 0.00  0.0    0  4.1 12 290   M    M   3        16 280
 2  90  58  74  -4   0   9 0.00  0.0    0  1.5  9 330   M    M   1        14 280
 3  92  64  78   0   0  13 0.00  0.0    0  2.8 10 150   M    M   3        14 150
 4  85  65  75  -3   0  10 0.00  0.0    0  1.5  7  80   M    M   4 1       9  80
 5  85  72  79   1   0  14 0.52  0.0    0  4.2 22 180   M    M   7 13     31 190
 6  90  71  81   3   0  16 0.01  0.0    0  4.3 14  90   M    M   3        17  90
 7  93  69  81   3   0  16    T  0.0    0  7.8 18 250   M    M   2        24 250
 8  90  63  77  -1   0  12 0.00  0.0    0  5.4 17 290   M    M   1        22 300
 9  95  66  81   3   0  16 0.00  0.0    0  5.2 14 250   M    M   1        20 270
10  95  76  86   8   0  21 0.00  0.0    0 10.3 22 240   M    M   2        29 240
11  97  77  87   9   0  22 0.00  0.0    0  9.0 15 200   M    M   2        21 200
12  99  71  85   7   0  20 0.00  0.0    0  8.3 16 250   M    M   2        21 250
13  95  74  85   7   0  20 0.08  0.0    0  6.0 21 250   M    M   6 13     25 250
14  91  72  82   4   0  17 0.04  0.0    0  5.2 10  50   M    M   6 13     13  40
15  89  64  77  -1   0  12 0.00  0.0    0  2.3 13  20   M    M   1        19 300
16  94  63  79   1   0  14 0.00  0.0    0  4.2 14 100   M    M   5 3      21 120
17  92  72  82   4   0  17 0.00  0.0    0  3.6 10  60   M    M   4        18  60
18  96  70  83   5   0  18 0.00  0.0    0  3.0  9 200   M    M   3        15 200
19  98  73  86   8   0  21 0.00  0.0    0  3.7 13 250   M    M   3 18     16 260
20  99  75  87   9   0  22 0.00  0.0    0  5.6 13 250   M    M   2        18 240
21 101  77  89  11   0  24 0.00  0.0    0  5.3 15 250   M    M   1        20 250
22 104  76  90  12   0  25 0.04  0.0    0  8.8 22 250   M    M   2 3      29 220
23  91  71  81   3   0  16 0.12  0.0    0  7.4 37 290   M    M   4 13     55 300
================================================================================
SM 2148 1603         0 386  0.81     0.0 119.5          M       68
================================================================================
AV 93.4 69.7                               5.2 FASTST   M    M   3    MAX(MPH)
                                 MISC ---->  # 37 290               # 55  300
================================================================================
NOTES:
# LAST OF SEVERAL OCCURRENCES

COLUMN 17 PEAK WIND IN M.P.H.

PRELIMINARY LOCAL CLIMATOLOGICAL DATA (WS FORM: F-6) , PAGE 2

                                          STATION:  SPIRIT OF ST LOUIS MO
                                          MONTH:    JULY
                                          YEAR:     2017
                                          LATITUDE:   38 39 N
                                          LONGITUDE:  90 38 W

[TEMPERATURE DATA]      [PRECIPITATION DATA]       SYMBOLS USED IN COLUMN 16

AVERAGE MONTHLY: 81.5   TOTAL FOR MONTH:   0.81    1 = FOG OR MIST
DPTR FM NORMAL:   3.6   DPTR FM NORMAL:   -2.45    2 = FOG REDUCING VISIBILITY
HIGHEST:   104 ON 22    GRTST 24HR  0.52 ON  5- 5      TO 1/4 MILE OR LESS
LOWEST:     58 ON  2                               3 = THUNDER
                        SNOW, ICE PELLETS, HAIL    4 = ICE PELLETS
                        TOTAL MONTH:   0.0 INCH    5 = HAIL
                        GRTST 24HR     0.0         6 = FREEZING RAIN OR DRIZZLE
                        GRTST DEPTH:   0           7 = DUSTSTORM OR SANDSTORM:
                                                       VSBY 1/2 MILE OR LESS
                                                   8 = SMOKE OR HAZE
[NO. OF DAYS WITH]      [WEATHER - DAYS WITH]      9 = BLOWING SNOW
                                                   X = TORNADO
MAX 32 OR BELOW:   0    0.01 INCH OR MORE:   6
MAX 90 OR ABOVE:  19    0.10 INCH OR MORE:   2
MIN 32 OR BELOW:   0    0.50 INCH OR MORE:   1
MIN  0 OR BELOW:   0    1.00 INCH OR MORE:   0

[HDD (BASE 65) ]
TOTAL THIS MO.     0    CLEAR  (SCALE 0-3)  16
DPTR FM NORMAL     0    PTCLDY (SCALE 4-7)   7
TOTAL FM JUL 1     0    CLOUDY (SCALE 8-10)  0
DPTR FM NORMAL     0

[CDD (BASE 65) ]
TOTAL THIS MO.   386
DPTR FM NORMAL    88    [PRESSURE DATA]
TOTAL FM JAN 1   826    HIGHEST SLP M ON M
DPTR FM NORMAL   110    LOWEST  SLP 29.70 ON 22

[REMARKS]
