000
CXUS54 KEPZ 301200
CF6SVC
PRELIMINARY LOCAL CLIMATOLOGICAL DATA (WS FORM: F-6)

                                          STATION:   SILVER CITY
                                          MONTH:     AUGUST
                                          YEAR:      2015
                                          LATITUDE:   32 37 N
                                          LONGITUDE: 108 10 W

  TEMPERATURE IN F:       :PCPN:    SNOW:  WIND      :SUNSHINE: SKY     :PK WND
================================================================================
1   2   3   4   5  6A  6B    7    8   9   10  11  12  13   14  15   16   17  18
                                     12Z  AVG MX 2MIN
DY MAX MIN AVG DEP HDD CDD  WTR  SNW DPTH SPD SPD DIR MIN PSBL S-S WX    SPD DR
================================================================================

 1  90  61  76   M   0  11 0.00  0.0    0  9.2 18 340   M    M   0        24 340
 2  86  61  74   M   0   9 0.00  0.0    0  6.3 13  20   M    M   0 3      17 340
 3  90  63  77   M   0  12 0.02  0.0    0  6.4 15 310   M    M   0        21 210
 4  91  61  76   M   0  11 0.00  0.0    0  7.0 15  30   M    M   0 3      22 230
 5  91  64  78   M   0  13    T  0.0    0  8.4 13 270   M    M   0 3      44 270
 6  95  68  82   M   0  17    T  0.0    0 11.2 23  10   M    M   0 3      28  10
 7  91  66  79   M   0  14 0.00  0.0    0 11.6 22 290   M    M   0        25 300
 8  86  64  75   M   0  10 0.06  0.0    0  9.8 18 330   M    M   0 3      31 350
 9  86  61  74   M   0   9    T  0.0    0  8.4 16  10   M    M   0        24 230
10  88  63  76   M   0  11 0.04  0.0    0  8.7 16 130   M    M   0        23 140
11  88  63  76   M   0  11 0.42  0.0    0 13.2 23 130   M    M   0 3      30 130
12  90  64  77   M   0  12 0.00  0.0    0 11.7 17 130   M    M   0        24 100
13  91  57  74   M   0   9 0.00  0.0    0  7.4 12 120   M    M   0        17 120
14  95  64  80   M   0  15 0.00  0.0    0  7.3 17 160   M    M   0        24 120
15  93  73  83   M   0  18    T  0.0    M  8.7 22  70   M    M   0 3      31  70
16  93  63  78   M   0  13 0.00  0.0    0  8.7 23 280   M    M   0 3      30 280
17  91  66  79   M   0  14 0.22  0.0    0  7.4 21 150   M    M   0 3      28 150
18  91  68  80   M   0  15 0.00  0.0    0 13.7 20 290   M    M   0        24 330
19  93  68  81   M   0  16 0.00  0.0    0 13.9 21 280   M    M   0        36 280
20  91  64  78   M   0  13 0.00  0.0    0 12.4 20 310   M    M   0        25 310
21  90  66  78   M   0  13 0.00  0.0    0 13.9 20 300   M    M   0 3      25 310
22  90  54  72   M   0   7 2.96  0.0    0 11.7 27 150   M    M   0 38     59 150
23  84  64  74   M   0   9    T  0.0    0  8.7 22  20   M    M   0 3      29 140
24  81  61  71   M   0   6 0.00  0.0    0  5.5 13  80   M    M   0 3       M  M
25  86  61  74   M   0   9 0.17  0.0    0 10.6 18  60   M    M   0 3      27  60
26  72  63  68   M   0   3 0.00  0.0    0  7.5 23 360   M    M   0        30 360
27  84  61  73   M   0   8 0.00  0.0    0  9.5 17 300   M    M   0        22 310
28  88  63  76   M   0  11    T  0.0    0  7.3 13 330   M    M   0 3       M  M
29  86  63  75   M   0  10 0.01  0.0    0  7.5 23 120   M    M   0 3      31 120
================================================================================
SM 2571 1838         0 329  3.90     0.0 273.6          M        0
================================================================================
AV 88.7 63.4                               9.4 FASTST   M    M   0    MAX(MPH)
                                 MISC ---->  # 27 150                 59    M
================================================================================
NOTES:
# LAST OF SEVERAL OCCURRENCES

COLUMN 17 PEAK WIND IN M.P.H.

PRELIMINARY LOCAL CLIMATOLOGICAL DATA (WS FORM: F-6) , PAGE 2

                                          STATION:  SILVER CITY
                                          MONTH:    AUGUST
                                          YEAR:     2015
                                          LATITUDE:   32 37 N
                                          LONGITUDE: 108 10 W

[TEMPERATURE DATA]      [PRECIPITATION DATA]       SYMBOLS USED IN COLUMN 16

AVERAGE MONTHLY: 76.0   TOTAL FOR MONTH:   3.90    1 = FOG OR MIST
DPTR FM NORMAL:     M   DPTR FM NORMAL:       M    2 = FOG REDUCING VISIBILITY
HIGHEST:    95 ON 14, 6 GRTST 24HR  2.96 ON 22-22      TO 1/4 MILE OR LESS
LOWEST:     54 ON 22                               3 = THUNDER
                        SNOW, ICE PELLETS, HAIL    4 = ICE PELLETS
                        TOTAL MONTH:   0.0 INCH    5 = HAIL
                        GRTST 24HR     0.0         6 = FREEZING RAIN OR DRIZZLE
                        GRTST DEPTH:   0           7 = DUSTSTORM OR SANDSTORM:
                                                       VSBY 1/2 MILE OR LESS
                                                   8 = SMOKE OR HAZE
[NO. OF DAYS WITH]      [WEATHER - DAYS WITH]      9 = BLOWING SNOW
                                                   X = TORNADO
MAX 32 OR BELOW:   0    0.01 INCH OR MORE:   8
MAX 90 OR ABOVE:  17    0.10 INCH OR MORE:   4
MIN 32 OR BELOW:   0    0.50 INCH OR MORE:   1
MIN  0 OR BELOW:   0    1.00 INCH OR MORE:   1

[HDD (BASE 65) ]
TOTAL THIS MO.     0    CLEAR  (SCALE 0-3)  29
DPTR FM NORMAL     M    PTCLDY (SCALE 4-7)   0
TOTAL FM JUL 1     0    CLOUDY (SCALE 8-10)  0
DPTR FM NORMAL     M

[CDD (BASE 65) ]
TOTAL THIS MO.   329
DPTR FM NORMAL     M    [PRESSURE DATA]
TOTAL FM JAN 1   944    HIGHEST SLP M ON M
DPTR FM NORMAL     M    LOWEST  SLP M ON M

[REMARKS]
