000
CXUS54 KBMX 231610
CF6TCL
PRELIMINARY LOCAL CLIMATOLOGICAL DATA (WS FORM: F-6)

                                          STATION:   TUSCALOOSA
                                          MONTH:     FEBRUARY
                                          YEAR:      2018
                                          LATITUDE:   33 13 N
                                          LONGITUDE:  87 37 W

  TEMPERATURE IN F:       :PCPN:    SNOW:  WIND      :SUNSHINE: SKY     :PK WND
================================================================================
1   2   3   4   5  6A  6B    7    8   9   10  11  12  13   14  15   16   17  18
                                     12Z  AVG MX 2MIN
DY MAX MIN AVG DEP HDD CDD  WTR  SNW DPTH SPD SPD DIR MIN PSBL S-S WX    SPD DR
================================================================================

 1  70  45  58  12   7   0 0.23  0.0    0  9.3 24  20   M    M   9 1      31 360
 2  46  32  39  -7  26   0 0.00  0.0    0 12.4 22  10   M    M   1        27 360
 3  57  29  43  -3  22   0 0.07  0.0    0  7.3 14 170   M    M   3        19 140
 4  55  36  46   0  19   0 2.37  0.0    0  5.0 29 320   M    M   7 1      37 320
 5  55  36  46   0  19   0 0.00  0.0    0  3.3 15 350   M    M   4 18     19 360
 6  71  49  60  13   5   0 0.22  0.0    0  3.8 13 170   M    M   9 1      16 180
 7  62  38  50   3  15   0 2.33  0.0    0  9.6 18 300   M    M   9 13     27 300
 8  60  31  46  -1  19   0 0.00  0.0    0  4.9 13  30   M    M   0 18     15  40
 9  70  32  51   4  14   0 0.20    M    0  5.1 14 200   M    M   3 1      18 180
10  67  57  62  14   3   0 1.16  0.0    0  8.8 18 170   M    M  10 13     24 180
11  68  48  58  10   7   0 0.41    M    0  7.6 18 300   M    M  10 1      24 300
12  48  40  44  -4  21   0 0.30    M    0  8.9 16 330   M    M  10 1      20 320
13  61  43  52   4  13   0    T    M    0  3.6  8  10   M    M   7 1      10  10
14  66  54  60  12   5   0    T  0.0    0  6.0 14 170   M    M   9 1      18 180
15  79  65  72  23   0   7 0.00  0.0    0  9.2 16 190   M    M   8 1      22 190
16  72  53  63  14   2   0 0.02  0.0    0 10.2 20 230   M    M   7 18     24 230
17  77  51  64  15   1   0 0.24  0.0    0  7.4 20 320   M    M  10 18     25 310
18  58  50  54   4  11   0 0.07  0.0    0  5.5 15  40   M    M   9 1      19  30
19  79  51  65  15   0   0 0.00  0.0    0  6.7 18 160   M    M   5 1      26 160
20  82  60  71  21   0   6 0.10  0.0    0  9.7 24 170   M    M   6 1      29 170
21  83  68  76  26   0  11 0.36  0.0    0 10.2 18 170   M    M   6 1      24 160
22  83  68  76  25   0  11    T  0.0    0  9.4 20 160   M    M   3        23 180
================================================================================
SM 1469 1036       209  35  8.08     0.0 163.9          M      145
================================================================================
AV 66.8 47.1                               7.4 FASTST   M    M   7    MAX(MPH)
                                 MISC ---->  # 29 320               # 37  320
================================================================================
NOTES:
# LAST OF SEVERAL OCCURRENCES

COLUMN 17 PEAK WIND IN M.P.H.

PRELIMINARY LOCAL CLIMATOLOGICAL DATA (WS FORM: F-6) , PAGE 2

                                          STATION:  TUSCALOOSA
                                          MONTH:    FEBRUARY
                                          YEAR:     2018
                                          LATITUDE:   33 13 N
                                          LONGITUDE:  87 37 W

[TEMPERATURE DATA]      [PRECIPITATION DATA]       SYMBOLS USED IN COLUMN 16

AVERAGE MONTHLY: 56.9   TOTAL FOR MONTH:   8.08    1 = FOG OR MIST
DPTR FM NORMAL:   8.9   DPTR FM NORMAL:    3.85    2 = FOG REDUCING VISIBILITY
HIGHEST:    83 ON 22,21 GRTST 24HR  2.37 ON  4- 4      TO 1/4 MILE OR LESS
LOWEST:     29 ON  3                               3 = THUNDER
                        SNOW, ICE PELLETS, HAIL    4 = ICE PELLETS
                        TOTAL MONTH:   0.0 INCH    5 = HAIL
                        GRTST 24HR     0.0         6 = FREEZING RAIN OR DRIZZLE
                        GRTST DEPTH:   0           7 = DUSTSTORM OR SANDSTORM:
                                                       VSBY 1/2 MILE OR LESS
                                                   8 = SMOKE OR HAZE
[NO. OF DAYS WITH]      [WEATHER - DAYS WITH]      9 = BLOWING SNOW
                                                   X = TORNADO
MAX 32 OR BELOW:   0    0.01 INCH OR MORE:  14
MAX 90 OR ABOVE:   0    0.10 INCH OR MORE:  11
MIN 32 OR BELOW:   4    0.50 INCH OR MORE:   3
MIN  0 OR BELOW:   0    1.00 INCH OR MORE:   3

[HDD (BASE 65) ]
TOTAL THIS MO.   209    CLEAR  (SCALE 0-3)   2
DPTR FM NORMAL  -167    PTCLDY (SCALE 4-7)  11
TOTAL FM JUL 1  1888    CLOUDY (SCALE 8-10)  9
DPTR FM NORMAL  -120

[CDD (BASE 65) ]
TOTAL THIS MO.    35
DPTR FM NORMAL    35    [PRESSURE DATA]
TOTAL FM JAN 1    38    HIGHEST SLP M ON M
DPTR FM NORMAL    36    LOWEST  SLP 29.87 ON  4

[REMARKS]
