000
CXUS51 KCLE 011004
CF6TOL
PRELIMINARY LOCAL CLIMATOLOGICAL DATA (WS FORM: F-6)

                                          STATION:   TOLEDO OH
                                          MONTH:     JANUARY
                                          YEAR:      2015
                                          LATITUDE:   41 35 N
                                          LONGITUDE:  83 48 W

  TEMPERATURE IN F:       :PCPN:    SNOW:  WIND      :SUNSHINE: SKY     :PK WND
================================================================================
1   2   3   4   5  6A  6B    7    8   9   10  11  12  13   14  15   16   17  18
                                     12Z  AVG MX 2MIN
DY MAX MIN AVG DEP HDD CDD  WTR  SNW DPTH SPD SPD DIR MIN PSBL S-S WX    SPD DR
================================================================================

 1  30  16  23  -3  42   0 0.00  0.0    0 16.9 30 250   M    M   2        36 250
 2  35  22  29   3  36   0 0.00  0.0    0  5.8 13 240   M    M   6        16 230
 3  35  24  30   4  35   0 0.86  0.0    0  4.6 12  90   M    M   8 16     14  80
 4  37  21  29   3  36   0 0.21  1.3    0 12.8 28 280   M    M  10 12     38 280
 5  21   7  14 -12  51   0    T  0.1    T 14.5 29 280   M    M   7 18     37 260
 6  16   2   9 -17  56   0 0.13  1.2    1 10.5 23 250   M    M   7 1      31 280
 7  12   2   7 -19  58   0 0.02  0.5    1 13.1 23 330   M    M   5 18     31 330
 8  15  -5   5 -21  60   0 0.10  2.1    3 15.2 25 230   M    M   4 1      33 240
 9  18   2  10 -16  55   0 0.02  0.3    3 20.2 29 250   M    M   4 128    39 290
10  17  -2   8 -18  57   0 0.00  0.0    3 10.8 25 220   M    M   2        31 210
11  30  17  24  -1  41   0 0.17  1.7    3  7.9 15 210   M    M  10 1      20 200
12  30  13  22  -3  43   0 0.19  2.8    2  6.5 18 340   M    M   9 128    23 330
13  13  -6   4 -21  61   0    T    T    4  7.5 17  60   M    M   4 18     23  60
14  12  -2   5 -20  60   0    T    T    4  2.8  9 250   M    M   6 128    10 290
15  26  -1  13 -12  52   0 0.00  0.0    4  8.8 20 250   M    M   4 18     25 230
16  30  20  25   0  40   0 0.00  0.0    4  9.4 17 240   M    M   8 18     21 240
17  43  16  30   5  35   0 0.00  0.0    4 11.7 24 210   M    M   2 18     35 200
18  41  33  37  12  28   0 0.02    T    1 12.6 23 250   M    M  10 18     28 250
19  40  30  35  10  30   0 0.00  0.0    1  5.9 13 260   M    M   9 1      15 260
20  31  26  29   4  36   0 0.05  0.5    0  7.1 15  80   M    M  10 12     18 100
21  28  24  26   1  39   0 0.08  0.8    1  4.9 15  70   M    M  10 16     20  70
22  30  24  27   2  38   0 0.00  0.0    1  3.9 13 280   M    M  10 1      16 280
23  29  26  28   3  37   0 0.00  0.0    1  8.5 16 240   M    M  10        21 240
24  35  25  30   5  35   0 0.00  0.0    T  9.9 16 250   M    M  10 18     20 260
25  35  18  27   2  38   0 0.05  0.9    1 13.0 24  60   M    M  10 1      30  60
26  23   8  16  -9  49   0 0.00  0.0    1  5.6 16  40   M    M   3        21  40
27  26   7  17  -8  48   0 0.00  0.0    1  5.1 14 320   M    M   2 1      17 310
28  26   4  15 -11  50   0 0.00  0.0    1  3.4 10 180   M    M   0        15 160
29  38  24  31   5  34   0 0.15    T    1  8.3 17 330   M    M   9 1      26 320
30  31  11  21  -5  44   0    T    T    T  9.6 22 320   M    M   4 8      29 330
31  35   9  22  -4  43   0    T    T    T  5.0 17 230   M    M   3 18     23 220
================================================================================
SM  868  415      1367   0  2.05    12.2 281.8          M      198
================================================================================
AV 28.0 13.4                               9.1 FASTST   M    M   6    MAX(MPH)
                                 MISC ---->  # 30 250               # 39  290
================================================================================
NOTES:
# LAST OF SEVERAL OCCURRENCES

COLUMN 17 PEAK WIND IN M.P.H.

PRELIMINARY LOCAL CLIMATOLOGICAL DATA (WS FORM: F-6) , PAGE 2

                                          STATION:  TOLEDO OH
                                          MONTH:    JANUARY
                                          YEAR:     2015
                                          LATITUDE:   41 35 N
                                          LONGITUDE:  83 48 W

[TEMPERATURE DATA]      [PRECIPITATION DATA]       SYMBOLS USED IN COLUMN 16

AVERAGE MONTHLY: 20.7   TOTAL FOR MONTH:   2.05    1 = FOG OR MIST
DPTR FM NORMAL:  -4.8   DPTR FM NORMAL:    0.00    2 = FOG REDUCING VISIBILITY
HIGHEST:    43 ON 17    GRTST 24HR  0.93 ON  3- 4      TO 1/4 MILE OR LESS
LOWEST:     -6 ON 13                               3 = THUNDER
                        SNOW, ICE PELLETS, HAIL    4 = ICE PELLETS
                        TOTAL MONTH:  12.2 INCHES  5 = HAIL
                        GRTST 24HR   2.8 ON   M    6 = FREEZING RAIN OR DRIZZLE
                        GRTST DEPTH:   4 ON 17,16  7 = DUSTSTORM OR SANDSTORM:
                                                       VSBY 1/2 MILE OR LESS
                                                   8 = SMOKE OR HAZE
[NO. OF DAYS WITH]      [WEATHER - DAYS WITH]      9 = BLOWING SNOW
                                                   X = TORNADO
MAX 32 OR BELOW:  21    0.01 INCH OR MORE:  13
MAX 90 OR ABOVE:   0    0.10 INCH OR MORE:   7
MIN 32 OR BELOW:  30    0.50 INCH OR MORE:   1
MIN  0 OR BELOW:   5    1.00 INCH OR MORE:   0

[HDD (BASE 65) ]
TOTAL THIS MO.  1367    CLEAR  (SCALE 0-3)   7
DPTR FM NORMAL   143    PTCLDY (SCALE 4-7)  10
TOTAL FM JUL 1  3793    CLOUDY (SCALE 8-10) 14
DPTR FM NORMAL   244

[CDD (BASE 65) ]
TOTAL THIS MO.     0
DPTR FM NORMAL     0    [PRESSURE DATA]
TOTAL FM JAN 1     0    HIGHEST SLP M ON M
DPTR FM NORMAL     0    LOWEST  SLP 29.56 ON 24

[REMARKS]
#FINAL-01-15#
