000
CXUS51 KCLE 230800
CF6TOL
PRELIMINARY LOCAL CLIMATOLOGICAL DATA (WS FORM: F-6)

                                          STATION:   TOLEDO OH
                                          MONTH:     NOVEMBER
                                          YEAR:      2017
                                          LATITUDE:   41 35 N
                                          LONGITUDE:  83 48 W

  TEMPERATURE IN F:       :PCPN:    SNOW:  WIND      :SUNSHINE: SKY     :PK WND
================================================================================
1   2   3   4   5  6A  6B    7    8   9   10  11  12  13   14  15   16   17  18
                                     12Z  AVG MX 2MIN
DY MAX MIN AVG DEP HDD CDD  WTR  SNW DPTH SPD SPD DIR MIN PSBL S-S WX    SPD DR
================================================================================

 1  45  36  41  -6  24   0 0.15  0.0    0  3.9 10 190   M    M   9 1      15 180
 2  64  45  55   8  10   0 0.62  0.0    0  8.9 20 200   M    M   7 13     28 220
 3  57  41  49   3  16   0    T  0.0    0  9.0 17 340   M    M   3        24 340
 4  52  39  46   0  19   0 0.02  0.0    0  6.4 15 100   M    M   6 1      18 100
 5  66  51  59  13   6   0 2.03  0.0    0  5.2 21 280   M    M  10 123    31 290
 6  51  37  44  -1  21   0 0.00  0.0    0  6.8 16 360   M    M   7        22 340
 7  51  36  44  -1  21   0 0.00  0.0    0  7.2 17  60   M    M   3        24  40
 8  49  31  40  -5  25   0 0.00  0.0    0  2.8  9 280   M    M   0        12 270
 9  51  28  40  -4  25   0 0.00  0.0    0 10.8 26 250   M    M   5        34 260
10  31  20  26 -18  39   0 0.00  0.0    0  9.3 21 360   M    M   4        32  10
11  36  22  29 -15  36   0 0.00  0.0    0  4.1 10 120   M    M   3        16 110
12  39  33  36  -7  29   0 0.20    T    0  2.6  8 350   M    M  10 1      10 350
13  44  36  40  -3  25   0    T  0.0    0  4.6 12 310   M    M  10 1      15 320
14  49  31  40  -2  25   0 0.00  0.0    0  3.0  9 180   M    M   5 128    13 170
15  49  36  43   1  22   0 0.29  0.0    0 10.0 23 250   M    M   9 1      29 240
16  46  34  40  -1  25   0 0.01  0.0    0 10.5 26 300   M    M  10        34 300
17  47  34  41   0  24   0 0.08  0.0    0  6.2 15 180   M    M   6 13     24 170
18  52  35  44   4  21   0 1.62    T    0  9.3 25 330   M    M  10 13     36 340
19  41  32  37  -3  28   0    T    T    0 14.2 25 290   M    M  10        32 270
20  48  29  39  -1  26   0 0.00  0.0    0 13.8 24 210   M    M   1        32 220
21  52  37  45   6  20   0 0.07  0.0    0 15.5 31 250   M    M   3        37 230
22  37  27  32  -7  33   0 0.00  0.0    0  7.0 15 340   M    M   6        20 340
================================================================================
SM 1057  750       520   0  5.09    T    171.1          M      137
================================================================================
AV 48.1 34.1                               7.8 FASTST   M    M   6    MAX(MPH)
                                 MISC ---->  # 31 250               # 37  230
================================================================================
NOTES:
# LAST OF SEVERAL OCCURRENCES

COLUMN 17 PEAK WIND IN M.P.H.

PRELIMINARY LOCAL CLIMATOLOGICAL DATA (WS FORM: F-6) , PAGE 2

                                          STATION:  TOLEDO OH
                                          MONTH:    NOVEMBER
                                          YEAR:     2017
                                          LATITUDE:   41 35 N
                                          LONGITUDE:  83 48 W

[TEMPERATURE DATA]      [PRECIPITATION DATA]       SYMBOLS USED IN COLUMN 16

AVERAGE MONTHLY: 41.1   TOTAL FOR MONTH:   5.09    1 = FOG OR MIST
DPTR FM NORMAL:  -2.1   DPTR FM NORMAL:    3.02    2 = FOG REDUCING VISIBILITY
HIGHEST:    66 ON  5    GRTST 24HR  2.03 ON  5- 5      TO 1/4 MILE OR LESS
LOWEST:     20 ON 10                               3 = THUNDER
                        SNOW, ICE PELLETS, HAIL    4 = ICE PELLETS
                        TOTAL MONTH:    T          5 = HAIL
                        GRTST 24HR    T  ON 19-19  6 = FREEZING RAIN OR DRIZZLE
                        GRTST DEPTH:   0           7 = DUSTSTORM OR SANDSTORM:
                                                       VSBY 1/2 MILE OR LESS
                                                   8 = SMOKE OR HAZE
[NO. OF DAYS WITH]      [WEATHER - DAYS WITH]      9 = BLOWING SNOW
                                                   X = TORNADO
MAX 32 OR BELOW:   1    0.01 INCH OR MORE:  10
MAX 90 OR ABOVE:   0    0.10 INCH OR MORE:   6
MIN 32 OR BELOW:   8    0.50 INCH OR MORE:   3
MIN  0 OR BELOW:   0    1.00 INCH OR MORE:   2

[HDD (BASE 65) ]
TOTAL THIS MO.   520    CLEAR  (SCALE 0-3)   3
DPTR FM NORMAL    39    PTCLDY (SCALE 4-7)  11
TOTAL FM JUL 1   873    CLOUDY (SCALE 8-10)  8
DPTR FM NORMAL  -134

[CDD (BASE 65) ]
TOTAL THIS MO.     0
DPTR FM NORMAL     0    [PRESSURE DATA]
TOTAL FM JAN 1   744    HIGHEST SLP M ON M
DPTR FM NORMAL   -49    LOWEST  SLP 29.16 ON 18

[REMARKS]
