000
CXUS53 KTOP 270800
CF6TOP
PRELIMINARY LOCAL CLIMATOLOGICAL DATA (WS FORM: F-6)

                                          STATION:   Topeka KS
                                          MONTH:     FEBRUARY
                                          YEAR:      2017
                                          LATITUDE:   39  4 N
                                          LONGITUDE:  95 38 W

  TEMPERATURE IN F:       :PCPN:    SNOW:  WIND      :SUNSHINE: SKY     :PK WND
================================================================================
1   2   3   4   5  6A  6B    7    8   9   10  11  12  13   14  15   16   17  18
                                     12Z  AVG MX 2MIN
DY MAX MIN AVG DEP HDD CDD  WTR  SNW DPTH SPD SPD DIR MIN PSBL S-S WX    SPD DR
================================================================================

 1  45  27  36   5  29   0 0.00  0.0    0 11.5 21  10   M    M   0        26  30
 2  35  19  27  -4  38   0 0.00  0.0    0  8.1 18 360   M    M   1        25 350
 3  37  23  30  -1  35   0    T    T    0  5.2 14 340   M    M   4        17 360
 4  54  25  40   9  25   0 0.00  0.0    0 11.5 30 190   M    M   1        41 190
 5  51  28  40   8  25   0 0.00  0.0    0  4.2 12  20   M    M   0        13  20
 6  60  27  44  12  21   0 0.00  0.0    0  3.8 16 160   M    M   5 1      21 150
 7  46  29  38   6  27   0 0.00  0.0    0 10.2 20 310   M    M   5 1      25 290
 8  29  18  24  -8  41   0    T    T    0 12.1 25 360   M    M   4        32 350
 9  40  15  28  -4  37   0 0.00  0.0    0  6.1 15 140   M    M   0        20 140
10  73  30  52  19  13   0 0.00  0.0    0  9.8 22 210   M    M   0        27 220
11  70  43  57  24   8   0 0.00  0.0    0  6.0 18 350   M    M   1 128    25 360
12  54  30  42   9  23   0 0.00  0.0    0 11.9 24 360   M    M   0        34  20
13  51  27  39   5  26   0    T  0.0    0  2.7 10 200   M    M   5 8      14 200
14  57  32  45  11  20   0 0.00  0.0    0  8.0 17 360   M    M   0        25  10
15  54  27  41   7  24   0 0.00  0.0    0  5.3 14 260   M    M   0        21 280
16  76  42  59  24   6   0 0.00  0.0    0 10.3 21 230   M    M   0        29 230
17  77  40  59  24   6   0 0.00  0.0    0  8.3 18 180   M    M   0        26 190
18  73  35  54  19  11   0 0.00  0.0    0  2.4 10 200   M    M   0        15 190
19  69  38  54  18  11   0 0.00  0.0    0  6.2 22 160   M    M   2 128    26 160
20  65  51  58  22   7   0 0.11  0.0    0  8.4 21 150   M    M   6 13     27 230
21  70  38  54  18  11   0 0.00  0.0    0  2.7 10 260   M    M   0        13 260
22  79  40  60  23   5   0 0.00  0.0    0  4.5 14 250   M    M   0 8      19 230
23  63  42  53  16  12   0    T  0.0    0 12.4 29 320   M    M   2 1      37 310
24  44  25  35  -2  30   0    T    T    0 14.8 25 320   M    M   9 1      33 310
25  45  19  32  -6  33   0 0.00  0.0    0  6.9 15 200   M    M   1        20 200
26  54  32  43   5  22   0    T    T    0  6.1 18 200   M    M   4 1      24 200
================================================================================
SM 1471  802       546   0  0.11    T    199.4          M       50
================================================================================
AV 56.6 30.9                               7.7 FASTST   M    M   2    MAX(MPH)
                                 MISC ---->  # 30 190               # 41  190
================================================================================
NOTES:
# LAST OF SEVERAL OCCURRENCES

COLUMN 17 PEAK WIND IN M.P.H.

PRELIMINARY LOCAL CLIMATOLOGICAL DATA (WS FORM: F-6) , PAGE 2

                                          STATION:  Topeka KS
                                          MONTH:    FEBRUARY
                                          YEAR:     2017
                                          LATITUDE:   39  4 N
                                          LONGITUDE:  95 38 W

[TEMPERATURE DATA]      [PRECIPITATION DATA]       SYMBOLS USED IN COLUMN 16

AVERAGE MONTHLY: 43.7   TOTAL FOR MONTH:   0.11    1 = FOG OR MIST
DPTR FM NORMAL:   9.7   DPTR FM NORMAL:   -1.10    2 = FOG REDUCING VISIBILITY
HIGHEST:    79 ON 22    GRTST 24HR  0.11 ON 20-20      TO 1/4 MILE OR LESS
LOWEST:     15 ON  9                               3 = THUNDER
                        SNOW, ICE PELLETS, HAIL    4 = ICE PELLETS
                        TOTAL MONTH:    T          5 = HAIL
                        GRTST 24HR    T  ON 26-26  6 = FREEZING RAIN OR DRIZZLE
                        GRTST DEPTH:   0           7 = DUSTSTORM OR SANDSTORM:
                                                       VSBY 1/2 MILE OR LESS
                                                   8 = SMOKE OR HAZE
[NO. OF DAYS WITH]      [WEATHER - DAYS WITH]      9 = BLOWING SNOW
                                                   X = TORNADO
MAX 32 OR BELOW:   1    0.01 INCH OR MORE:   1
MAX 90 OR ABOVE:   0    0.10 INCH OR MORE:   1
MIN 32 OR BELOW:  17    0.50 INCH OR MORE:   0
MIN  0 OR BELOW:   0    1.00 INCH OR MORE:   0

[HDD (BASE 65) ]
TOTAL THIS MO.   546    CLEAR  (SCALE 0-3)  18
DPTR FM NORMAL  -258    PTCLDY (SCALE 4-7)   7
TOTAL FM JUL 1  3153    CLOUDY (SCALE 8-10)  1
DPTR FM NORMAL  -761

[CDD (BASE 65) ]
TOTAL THIS MO.     0
DPTR FM NORMAL     0    [PRESSURE DATA]
TOTAL FM JAN 1     0    HIGHEST SLP M ON M
DPTR FM NORMAL     0    LOWEST  SLP 29.38 ON 23

[REMARKS]
