000
CXUS55 KTBW 311000
CF6TPA
PRELIMINARY LOCAL CLIMATOLOGICAL DATA (WS FORM: F-6)

                                          STATION:   Tampa
                                          MONTH:     JANUARY
                                          YEAR:      2015
                                          LATITUDE:   27 58 N
                                          LONGITUDE:  82 32 W

  TEMPERATURE IN F:       :PCPN:    SNOW:  WIND      :SUNSHINE: SKY     :PK WND
================================================================================
1   2   3   4   5  6A  6B    7    8   9   10  11  12  13   14  15   16   17  18
                                     12Z  AVG MX 2MIN
DY MAX MIN AVG DEP HDD CDD  WTR  SNW DPTH SPD SPD DIR MIN PSBL S-S WX    SPD DR
================================================================================

 1  74  59  67   6   0   2 0.00  0.0    0  6.4 12  40   M    M   9 18     15  30
 2  79  62  71  10   0   6    T  0.0    0  4.5  8 100   M    M   9 128    14 100
 3  83  71  77  16   0  12 0.00  0.0    0  7.1 15 190   M    M   7        23 180
 4  80  70  75  14   0  10    T  0.0    0  8.7 17 210   M    M   6        23 200
 5  72  59  66   6   0   1 0.00  0.0    0  6.8 15 360   M    M   7        20 350
 6  74  54  64   4   1   0 0.00  0.0    0  5.8 14 340   M    M   6        17 330
 7  67  50  59  -1   6   0 0.00  0.0    0  8.1 17 360   M    M   3        24 350
 8  59  37  48 -12  17   0 0.00  0.0    0 12.6 21 360   M    M   5        32 350
 9  62  44  53  -7  12   0    T  0.0    0  8.5 16 350   M    M   7        19 330
10  66  45  56  -4   9   0 0.00  0.0    0  7.1 12  50   M    M   4        18  30
11  80  54  67   7   0   2 0.00  0.0    0  5.8 12 140   M    M   8        17  40
12  76  65  71  11   0   6 0.25  0.0    0  5.1 20 330   M    M   9 18     26 330
13  76  62  69   9   0   4    T  0.0    0  5.2  9 360   M    M   7 12     13 350
14  68  59  64   4   1   0 0.00  0.0    0  7.3 13  30   M    M   9        18  40
15  60  53  57  -3   8   0 0.02  0.0    0  6.1 14 360   M    M  10 1      17 340
16  68  51  60   0   5   0 0.02  0.0    0  7.3 16 340   M    M   5 1      20 340
17  75  46  61   1   4   0 0.00  0.0    0  4.6 12  70   M    M   3 8      17  70
18  71  54  63   2   2   0 0.00  0.0    0  6.9 16 280   M    M   6 1      25 290
19  72  47  60  -1   5   0 0.00  0.0    0  3.5 13  40   M    M   3 1      17  30
20  70  50  60  -1   5   0 0.00  0.0    0  2.4  8 180   M    M   6        11 140
21  76  55  66   5   0   1 0.00  0.0    0  3.1 10 260   M    M   1 18     12 290
22  81  59  70   9   0   5 0.00  0.0    0  5.3 13 100   M    M   5 18     21 100
23  78  66  72  11   0   7 0.20  0.0    0 10.8 21 190   M    M   7 1      27 190
24  71  51  61   0   4   0 0.99  0.0    0 12.8 26 280   M    M   8 1      36 290
25  63  46  55  -6  10   0 0.00  0.0    0  5.2 10 170   M    M   4        15 170
26  65  56  61   0   4   0 0.27  0.0    0 12.0 22 280   M    M   5 1      30 280
27  66  47  57  -4   8   0 0.00  0.0    0  7.3 16 270   M    M   1        23 270
28  63  46  55  -6  10   0 0.00  0.0    0  7.0 16 320   M    M   0        19 320
29  70  45  58  -4   7   0 0.00  0.0    0  5.3 12 290   M    M   2        17 280
30  72  50  61  -1   4   0 0.00  0.0    0  5.0 14 290   M    M   6 18     19 300
================================================================================
SM 2137 1613       122  56  1.75     0.0 203.6          M      168
================================================================================
AV 71.2 53.8                               6.8 FASTST   M    M   6    MAX(MPH)
                                 MISC ---->  # 26 280               # 36  290
================================================================================
NOTES:
# LAST OF SEVERAL OCCURRENCES

COLUMN 17 PEAK WIND IN M.P.H.

PRELIMINARY LOCAL CLIMATOLOGICAL DATA (WS FORM: F-6) , PAGE 2

                                          STATION:  Tampa
                                          MONTH:    JANUARY
                                          YEAR:     2015
                                          LATITUDE:   27 58 N
                                          LONGITUDE:  82 32 W

[TEMPERATURE DATA]      [PRECIPITATION DATA]       SYMBOLS USED IN COLUMN 16

AVERAGE MONTHLY: 62.5   TOTAL FOR MONTH:   1.75    1 = FOG OR MIST
DPTR FM NORMAL:   1.9   DPTR FM NORMAL:   -0.40    2 = FOG REDUCING VISIBILITY
HIGHEST:    83 ON  3    GRTST 24HR  1.19 ON 23-24      TO 1/4 MILE OR LESS
LOWEST:     37 ON  8                               3 = THUNDER
                        SNOW, ICE PELLETS, HAIL    4 = ICE PELLETS
                        TOTAL MONTH:   0.0 INCH    5 = HAIL
                        GRTST 24HR     0.0         6 = FREEZING RAIN OR DRIZZLE
                        GRTST DEPTH:   0           7 = DUSTSTORM OR SANDSTORM:
                                                       VSBY 1/2 MILE OR LESS
                                                   8 = SMOKE OR HAZE
[NO. OF DAYS WITH]      [WEATHER - DAYS WITH]      9 = BLOWING SNOW
                                                   X = TORNADO
MAX 32 OR BELOW:   0    0.01 INCH OR MORE:   6
MAX 90 OR ABOVE:   0    0.10 INCH OR MORE:   4
MIN 32 OR BELOW:   0    0.50 INCH OR MORE:   1
MIN  0 OR BELOW:   0    1.00 INCH OR MORE:   0

[HDD (BASE 65) ]
TOTAL THIS MO.   122    CLEAR  (SCALE 0-3)   6
DPTR FM NORMAL   -53    PTCLDY (SCALE 4-7)  19
TOTAL FM JUL 1   299    CLOUDY (SCALE 8-10)  5
DPTR FM NORMAL   -59

[CDD (BASE 65) ]
TOTAL THIS MO.    56
DPTR FM NORMAL    -2    [PRESSURE DATA]
TOTAL FM JAN 1    56    HIGHEST SLP M ON M
DPTR FM NORMAL    -2    LOWEST  SLP 29.82 ON 24

[REMARKS]
