000
CXUS55 KTBW 251000
CF6TPA
PRELIMINARY LOCAL CLIMATOLOGICAL DATA (WS FORM: F-6)

                                          STATION:   Tampa
                                          MONTH:     JULY
                                          YEAR:      2016
                                          LATITUDE:   27 58 N
                                          LONGITUDE:  82 32 W

  TEMPERATURE IN F:       :PCPN:    SNOW:  WIND      :SUNSHINE: SKY     :PK WND
================================================================================
1   2   3   4   5  6A  6B    7    8   9   10  11  12  13   14  15   16   17  18
                                     12Z  AVG MX 2MIN
DY MAX MIN AVG DEP HDD CDD  WTR  SNW DPTH SPD SPD DIR MIN PSBL S-S WX    SPD DR
================================================================================

 1  92  79  86   3   0  21 0.00  0.0    0  6.8 14 270   M    M   4        23 270
 2  90  77  84   1   0  19 0.30  0.0    0  5.0 23 270   M    M   8 138    29 250
 3  91  78  85   2   0  20 0.00  0.0    0  5.1 13 200   M    M   6 3      15 210
 4  92  80  86   3   0  21 0.00  0.0    0  4.9 14 230   M    M   5        17 230
 5  92  81  87   4   0  22 0.00  0.0    0  5.5 14 290   M    M   5 8      21 290
 6  94  82  88   5   0  23 0.00  0.0    0  5.1 13 270   M    M   3 3      21 300
 7  90  81  86   3   0  21 0.00  0.0    0  3.5 13 330   M    M   4 3      19 280
 8  94  80  87   4   0  22 0.00  0.0    0  4.7 15 280   M    M   4 3      24 270
 9  92  80  86   3   0  21 0.00  0.0    0  5.5 14 260   M    M   5 3      18 270
10  91  81  86   3   0  21 0.00  0.0    0  4.0 13 270   M    M   6 38     18 280
11  94  74  84   1   0  19 0.35  0.0    0  5.8 16  90   M    M   6 138    23 110
12  94  73  84   1   0  19 0.52  0.0    0  6.3 21 360   M    M   5 13     29 170
13  93  76  85   2   0  20    T  0.0    0  5.4 24 140   M    M   7 38     35 140
14  92  78  85   2   0  20 0.07  0.0    0  3.7 20 180   M    M   5 3      27 190
15  92  76  84   1   0  19 0.01  0.0    0  6.1 13  80   M    M   5 3      22  70
16  92  79  86   3   0  21 0.00  0.0    0  5.1 18 280   M    M   6 3      25 250
17  96  75  86   3   0  21 0.11  0.0    0  3.9 22 130   M    M   7 38     36 100
18  95  77  86   3   0  21    T  0.0    0  5.1 16  90   M    M   6 38     28  90
19  93  77  85   2   0  20    T  0.0    0  5.5 22 360   M    M   4 3      28  10
20  93  76  85   2   0  20 0.04  0.0    0  4.1 12 110   M    M   4 3      18 110
21  94  78  86   3   0  21    T  0.0    0  4.4 21 200   M    M   4 3      26 200
22  92  75  84   1   0  19 0.52  0.0    0  5.7 20  30   M    M   7 138    26  30
23  89  74  82  -1   0  17 0.00  0.0    0  4.6 17 240   M    M   7 13     22 240
24  90  73  82  -1   0  17 1.31  0.0    0  5.5 18 340   M    M   4 13     25 130
================================================================================
SM 2217 1860         0 485  3.23     0.0 121.3          M      127
================================================================================
AV 92.4 77.5                               5.1 FASTST   M    M   5    MAX(MPH)
                                 MISC ---->  # 24 140               # 36  100
================================================================================
NOTES:
# LAST OF SEVERAL OCCURRENCES

COLUMN 17 PEAK WIND IN M.P.H.

PRELIMINARY LOCAL CLIMATOLOGICAL DATA (WS FORM: F-6) , PAGE 2

                                          STATION:  Tampa
                                          MONTH:    JULY
                                          YEAR:     2016
                                          LATITUDE:   27 58 N
                                          LONGITUDE:  82 32 W

[TEMPERATURE DATA]      [PRECIPITATION DATA]       SYMBOLS USED IN COLUMN 16

AVERAGE MONTHLY: 84.9   TOTAL FOR MONTH:   3.23    1 = FOG OR MIST
DPTR FM NORMAL:   1.9   DPTR FM NORMAL:   -2.27    2 = FOG REDUCING VISIBILITY
HIGHEST:    96 ON 17    GRTST 24HR  1.31 ON 24-24      TO 1/4 MILE OR LESS
LOWEST:     73 ON 24,12                            3 = THUNDER
                        SNOW, ICE PELLETS, HAIL    4 = ICE PELLETS
                        TOTAL MONTH:   0.0 INCH    5 = HAIL
                        GRTST 24HR     0.0         6 = FREEZING RAIN OR DRIZZLE
                        GRTST DEPTH:   0           7 = DUSTSTORM OR SANDSTORM:
                                                       VSBY 1/2 MILE OR LESS
                                                   8 = SMOKE OR HAZE
[NO. OF DAYS WITH]      [WEATHER - DAYS WITH]      9 = BLOWING SNOW
                                                   X = TORNADO
MAX 32 OR BELOW:   0    0.01 INCH OR MORE:   9
MAX 90 OR ABOVE:  23    0.10 INCH OR MORE:   6
MIN 32 OR BELOW:   0    0.50 INCH OR MORE:   3
MIN  0 OR BELOW:   0    1.00 INCH OR MORE:   1

[HDD (BASE 65) ]
TOTAL THIS MO.     0    CLEAR  (SCALE 0-3)   1
DPTR FM NORMAL     0    PTCLDY (SCALE 4-7)  23
TOTAL FM JUL 1     0    CLOUDY (SCALE 8-10)  0
DPTR FM NORMAL     0

[CDD (BASE 65) ]
TOTAL THIS MO.   485
DPTR FM NORMAL    53    [PRESSURE DATA]
TOTAL FM JAN 1  2056    HIGHEST SLP M ON M
DPTR FM NORMAL   231    LOWEST  SLP 29.97 ON 23

[REMARKS]
