000
CXUS55 KTBW 211000
CF6TPA
PRELIMINARY LOCAL CLIMATOLOGICAL DATA (WS FORM: F-6)

                                          STATION:   Tampa
                                          MONTH:     AUGUST
                                          YEAR:      2014
                                          LATITUDE:   27 58 N
                                          LONGITUDE:  82 32 W

  TEMPERATURE IN F:       :PCPN:    SNOW:  WIND      :SUNSHINE: SKY     :PK WND
================================================================================
1   2   3   4   5  6A  6B    7    8   9   10  11  12  13   14  15   16   17  18
                                     12Z  AVG MX 2MIN
DY MAX MIN AVG DEP HDD CDD  WTR  SNW DPTH SPD SPD DIR MIN PSBL S-S WX    SPD DR
================================================================================

 1  93  77  85   2   0  20 0.00  0.0    0  4.7 15 280   M    M   6        24 270
 2  92  74  83   0   0  18 1.12  0.0    0  5.6 18 360   M    M   8 13     28  10
 3  91  76  84   1   0  19 0.06  0.0    0  5.3 21 310   M    M   6 38     27 320
 4  89  78  84   1   0  19 0.00  0.0    0  5.6 15 340   M    M   9        22 280
 5  90  78  84   1   0  19 0.00  0.0    0  3.4 13 340   M    M   8 3      17 270
 6  92  79  86   3   0  21    T  0.0    0  4.0 13 270   M    M   5 3      22 270
 7  91  79  85   2   0  20 0.00  0.0    0  4.6 14  10   M    M   6 3      20 250
 8  92  78  85   2   0  20 0.00  0.0    0  4.9 15 260   M    M   7 3      20 260
 9  91  78  85   2   0  20    T  0.0    0  7.0 15 240   M    M   6 3      19 230
10  92  76  84   1   0  19 0.05  0.0    0  8.2 22 330   M    M   6 138    27 310
11  90  74  82  -1   0  17 0.40  0.0    0  7.1 23 280   M    M   8 138    30 300
12  91  78  85   2   0  20 0.00  0.0    0  8.1 20 270   M    M   5        23 270
13  91  76  84   1   0  19 0.43  0.0    0  6.0 25 230   M    M   5 13     30 230
14  88  79  84   1   0  19 0.08  0.0    0  5.5 16 180   M    M   5 138    19 180
15  83  74  79  -4   0  14 0.88  0.0    0  5.2 20 180   M    M   9 138    29 200
16  88  75  82  -1   0  17    T  0.0    0  4.2 16 230   M    M   7 3      23 320
17  89  78  84   1   0  19 0.00  0.0    0  5.3 14 200   M    M   4        18 190
18  91  80  86   3   0  21 0.00  0.0    0  4.6 14 250   M    M   3        19 270
19  91  79  85   2   0  20 0.00  0.0    0  4.8 14 300   M    M   2        19 270
20  93  79  86   3   0  21 0.02  0.0    0  5.0 17 270   M    M   3        23 280
================================================================================
SM 1808 1545         0 382  3.04     0.0 109.1          M      118
================================================================================
AV 90.4 77.2                               5.5 FASTST   M    M   6    MAX(MPH)
                                 MISC ---->  # 25 230               # 30  300
================================================================================
NOTES:
# LAST OF SEVERAL OCCURRENCES

COLUMN 17 PEAK WIND IN M.P.H.

PRELIMINARY LOCAL CLIMATOLOGICAL DATA (WS FORM: F-6) , PAGE 2

                                          STATION:  Tampa
                                          MONTH:    AUGUST
                                          YEAR:     2014
                                          LATITUDE:   27 58 N
                                          LONGITUDE:  82 32 W

[TEMPERATURE DATA]      [PRECIPITATION DATA]       SYMBOLS USED IN COLUMN 16

AVERAGE MONTHLY: 83.8   TOTAL FOR MONTH:   3.04    1 = FOG OR MIST
DPTR FM NORMAL:   0.8   DPTR FM NORMAL:   -1.95    2 = FOG REDUCING VISIBILITY
HIGHEST:    93 ON 20, 1 GRTST 24HR  1.14 ON  2- 3      TO 1/4 MILE OR LESS
LOWEST:     74 ON 15,11                            3 = THUNDER
                        SNOW, ICE PELLETS, HAIL    4 = ICE PELLETS
                        TOTAL MONTH:   0.0 INCH    5 = HAIL
                        GRTST 24HR     0.0         6 = FREEZING RAIN OR DRIZZLE
                        GRTST DEPTH:   0           7 = DUSTSTORM OR SANDSTORM:
                                                       VSBY 1/2 MILE OR LESS
                                                   8 = SMOKE OR HAZE
[NO. OF DAYS WITH]      [WEATHER - DAYS WITH]      9 = BLOWING SNOW
                                                   X = TORNADO
MAX 32 OR BELOW:   0    0.01 INCH OR MORE:   8
MAX 90 OR ABOVE:  15    0.10 INCH OR MORE:   4
MIN 32 OR BELOW:   0    0.50 INCH OR MORE:   2
MIN  0 OR BELOW:   0    1.00 INCH OR MORE:   1

[HDD (BASE 65) ]
TOTAL THIS MO.     0    CLEAR  (SCALE 0-3)   2
DPTR FM NORMAL     0    PTCLDY (SCALE 4-7)  15
TOTAL FM JUL 1     0    CLOUDY (SCALE 8-10)  3
DPTR FM NORMAL     0

[CDD (BASE 65) ]
TOTAL THIS MO.   382
DPTR FM NORMAL    22    [PRESSURE DATA]
TOTAL FM JAN 1  2295    HIGHEST SLP M ON M
DPTR FM NORMAL   -16    LOWEST  SLP 29.84 ON  3

[REMARKS]
