000
CXUS54 KMRX 011000
CF6TRI
PRELIMINARY LOCAL CLIMATOLOGICAL DATA (WS FORM: F-6)

                                          STATION:   TRI-CITIES      ASOS
                                          MONTH:     SEPTEMBER
                                          YEAR:      2014
                                          LATITUDE:   36 28 N
                                          LONGITUDE:  82 24 W

  TEMPERATURE IN F:       :PCPN:    SNOW:  WIND      :SUNSHINE: SKY     :PK WND
================================================================================
1   2   3   4   5  6A  6B    7    8   9   10  11  12  13   14  15   16   17  18
                                     12Z  AVG MX 2MIN
DY MAX MIN AVG DEP HDD CDD  WTR  SNW DPTH SPD SPD DIR MIN PSBL S-S WX    SPD DR
================================================================================

 1  89  68  79   7   0  14    T  0.0    0  3.6 15 230   M    M   M 1      20 240
 2  90  67  79   7   0  14 0.29  0.0    0  4.1 25 330   M    M   M 13     34 330
 3  86  67  77   6   0  12    T  0.0    0  1.7 10 110   M    M   M        14 140
 4  86  67  77   6   0  12 0.30  0.0    0  2.4 14 170   M    M   M 1238   19 160
 5  86  67  77   6   0  12    T  0.0    0  1.2 12 200   M    M   M 123    14 200
 6  87  67  77   6   0  12    T  0.0    0  2.6 17 350   M    M   M 13     23 320
 7  85  65  75   5   0  10    T  0.0    0  2.7 12 350   M    M   M 12     16  10
 8  84  65  75   5   0  10 0.00  0.0    0  3.2 10  80   M    M   M        14  70
 9  86  63  75   5   0  10 0.01  0.0    0  0.7  8 340   M    M   M 1      12 320
10  84  63  74   5   0   9 0.00  0.0    0  3.3 12 180   M    M   M        14 200
11  86  64  75   6   0  10 0.23  0.0    0  3.9 28 320   M    M   M 13     34 310
12  83  69  76   7   0  11 0.00  0.0    0  0.7  8 320   M    M   M 1      11 360
13  71  62  67  -1   0   2 0.18  0.0    0  4.9 14 350   M    M   M 18     19 340
14  73  59  66  -2   0   1    T  0.0    0  0.8  6  80   M    M   M 1      11  30
15  77  60  69   1   0   4    T  0.0    0  2.3 12 260   M    M   M 1      15 270
16  77  62  70   3   0   5    T  0.0    0  4.3 15 310   M    M   M 12     18 260
17  77  54  66  -1   0   1 0.00  0.0    0  2.3 13 280   M    M   M 1      16 280
18  77  52  65  -1   0   0 0.00  0.0    0  1.6  9 350   M    M   M 18     13 360
19  83  53  68   2   0   3 0.00  0.0    0  4.2 16 140   M    M   M 1      23 140
20  84  54  69   3   0   4 0.00  0.0    0  1.5  8 130   M    M   M 1      12  60
21  80  55  68   3   0   3 0.38  0.0    0  5.5 18 230   M    M   M 138    24 290
22  71  49  60  -5   5   0 0.00  0.0    0  3.4 12 350   M    M   M        17 300
23  76  43  60  -4   5   0 0.00  0.0    0  3.2  9 180   M    M   M 1      12 120
24  79  50  65   1   0   0 0.00  0.0    0  3.3 12  60   M    M   M        18  70
25  80  54  67   3   0   2 0.00  0.0    0  2.0 10  40   M    M   M        15  60
26  83  58  71   8   0   6 0.00  0.0    0  2.3 10 140   M    M   M 1      13  90
27  82  54  68   5   0   3 0.00  0.0    0  1.8  9 340   M    M   M        14  50
28  76  52  64   2   1   0 0.00  0.0    0  1.2  8 300   M    M   M 1      12 270
29  75  58  67   5   0   2 0.03  0.0    0  0.8  7 160   M    M   M 1       9 150
30  82  53  68   6   0   3 0.00  0.0    0  1.7 12 250   M    M   5 12     14 270
================================================================================
SM 2435 1774        11 175  1.42     0.0  77.2          M        5
================================================================================
AV 81.2 59.1                               2.6 FASTST   M    M   5    MAX(MPH)
                                 MISC ---->  # 28 320               # 34  330
================================================================================
NOTES:
# LAST OF SEVERAL OCCURRENCES

COLUMN 17 PEAK WIND IN M.P.H.

PRELIMINARY LOCAL CLIMATOLOGICAL DATA (WS FORM: F-6) , PAGE 2

                                          STATION:  TRI-CITIES      ASOS
                                          MONTH:    SEPTEMBER
                                          YEAR:     2014
                                          LATITUDE:   36 28 N
                                          LONGITUDE:  82 24 W

[TEMPERATURE DATA]      [PRECIPITATION DATA]       SYMBOLS USED IN COLUMN 16

AVERAGE MONTHLY: 70.2   TOTAL FOR MONTH:   1.42    1 = FOG OR MIST
DPTR FM NORMAL:   3.1   DPTR FM NORMAL:   -1.57    2 = FOG REDUCING VISIBILITY
HIGHEST:    90 ON  2    GRTST 24HR  0.61 ON 31- 1      TO 1/4 MILE OR LESS
LOWEST:     43 ON 23                               3 = THUNDER
                        SNOW, ICE PELLETS, HAIL    4 = ICE PELLETS
                        TOTAL MONTH:   0.0 INCH    5 = HAIL
                        GRTST 24HR     0.0         6 = FREEZING RAIN OR DRIZZLE
                        GRTST DEPTH:   0           7 = DUSTSTORM OR SANDSTORM:
                                                       VSBY 1/2 MILE OR LESS
                                                   8 = SMOKE OR HAZE
[NO. OF DAYS WITH]      [WEATHER - DAYS WITH]      9 = BLOWING SNOW
                                                   X = TORNADO
MAX 32 OR BELOW:   0    0.01 INCH OR MORE:   7
MAX 90 OR ABOVE:   1    0.10 INCH OR MORE:   5
MIN 32 OR BELOW:   0    0.50 INCH OR MORE:   0
MIN  0 OR BELOW:   0    1.00 INCH OR MORE:   0

[HDD (BASE 65) ]
TOTAL THIS MO.    11    CLEAR  (SCALE 0-3)   0
DPTR FM NORMAL   -41    PTCLDY (SCALE 4-7)   1
TOTAL FM JUL 1    11    CLOUDY (SCALE 8-10)  0
DPTR FM NORMAL   -42

[CDD (BASE 65) ]
TOTAL THIS MO.   175
DPTR FM NORMAL    59    [PRESSURE DATA]
TOTAL FM JAN 1  1132    HIGHEST SLP 30.32 ON 24
DPTR FM NORMAL   164    LOWEST  SLP 29.82 ON 21

[REMARKS]
#FINAL-09-14#
