000
CXUS54 KFWD 190730
CF6TRL
PRELIMINARY LOCAL CLIMATOLOGICAL DATA (WS FORM: F-6)

                                          STATION:   TERRELL
                                          MONTH:     FEBRUARY
                                          YEAR:      2017
                                          LATITUDE:   32 42 N
                                          LONGITUDE:  96 16 W

  TEMPERATURE IN F:       :PCPN:    SNOW:  WIND      :SUNSHINE: SKY     :PK WND
================================================================================
1   2   3   4   5  6A  6B    7    8   9   10  11  12  13   14  15   16   17  18
                                     12Z  AVG MX 2MIN
DY MAX MIN AVG DEP HDD CDD  WTR  SNW DPTH SPD SPD DIR MIN PSBL S-S WX    SPD DR
================================================================================

 1  79  52  66  19   0   1 0.00  0.0    0 10.0 21 190   M    M   0 8      25 170
 2  57  43  50   3  15   0 0.00  0.0    0 10.2 17 360   M    M   7        25 360
 3  54  41  48   0  17   0 0.00  0.0    0  9.4 17  20   M    M   6        26  20
 4  50  43  47  -1  18   0    T  0.0    0  7.8 15 170   M    M  10        18 160
 5  72  48  60  12   5   0 0.00  0.0    0  6.9 17 170   M    M   9 18     21 160
 6  77  64  71  23   0   6    T  0.0    0 14.6 26 190   M    M   7 1      34 190
 7  79  51  65  17   0   0 0.00  0.0    0  9.6 24 200   M    M   2 8      32 210
 8  72  44  58  10   7   0 0.00  0.0    0 10.2 23 330   M    M   0        33 340
 9  61  34  48  -1  17   0 0.00  0.0    0  6.5 16  30   M    M   0        18  40
10  74  45  60  11   5   0 0.00    M    0 11.9 25 180   M    M   3        33 210
11  84  62  73  24   0   8 0.00  0.0    0 14.1 24 210   M    M   5        31 190
12  72  61  67  18   0   2 0.00  0.0    0 11.7 20  20   M    M   8 18     27  10
13  68  55  62  13   3   0    T  0.0    0  9.5 17 110   M    M   8        23  60
14  54  42  48  -2  17   0 1.03  0.0    0 12.4 22  50   M    M  10 1      28  20
15  58  38  48  -2  17   0 0.00  0.0    0  7.5 16 330   M    M   2        26 320
16  65  31  48  -2  17   0 0.00  0.0    0  4.2 14 220   M    M   0        20 240
17  69  44  57   7   8   0 0.00  0.0    0  9.1 18 140   M    M   2        22 150
18  80  56  68  18   0   3 0.00  0.0    0  8.7 16 170   M    M   5 1      22 160
================================================================================
SM 1225  854       146  20  1.03     0.0 174.3          M       84
================================================================================
AV 68.1 47.4                               9.7 FASTST   M    M   5    MAX(MPH)
                                 MISC ---->  # 26 190               # 34  190
================================================================================
NOTES:
# LAST OF SEVERAL OCCURRENCES

COLUMN 17 PEAK WIND IN M.P.H.

PRELIMINARY LOCAL CLIMATOLOGICAL DATA (WS FORM: F-6) , PAGE 2

                                          STATION:  TERRELL
                                          MONTH:    FEBRUARY
                                          YEAR:     2017
                                          LATITUDE:   32 42 N
                                          LONGITUDE:  96 16 W

[TEMPERATURE DATA]      [PRECIPITATION DATA]       SYMBOLS USED IN COLUMN 16

AVERAGE MONTHLY: 57.8   TOTAL FOR MONTH:   1.03    1 = FOG OR MIST
DPTR FM NORMAL:   9.0   DPTR FM NORMAL:   -1.02    2 = FOG REDUCING VISIBILITY
HIGHEST:    84 ON 11    GRTST 24HR  1.03 ON 14-14      TO 1/4 MILE OR LESS
LOWEST:     31 ON 16                               3 = THUNDER
                        SNOW, ICE PELLETS, HAIL    4 = ICE PELLETS
                        TOTAL MONTH:   0.0 INCH    5 = HAIL
                        GRTST 24HR     0.0         6 = FREEZING RAIN OR DRIZZLE
                        GRTST DEPTH:   0           7 = DUSTSTORM OR SANDSTORM:
                                                       VSBY 1/2 MILE OR LESS
                                                   8 = SMOKE OR HAZE
[NO. OF DAYS WITH]      [WEATHER - DAYS WITH]      9 = BLOWING SNOW
                                                   X = TORNADO
MAX 32 OR BELOW:   0    0.01 INCH OR MORE:   1
MAX 90 OR ABOVE:   0    0.10 INCH OR MORE:   1
MIN 32 OR BELOW:   1    0.50 INCH OR MORE:   1
MIN  0 OR BELOW:   0    1.00 INCH OR MORE:   1

[HDD (BASE 65) ]
TOTAL THIS MO.   146    CLEAR  (SCALE 0-3)   8
DPTR FM NORMAL  -150    PTCLDY (SCALE 4-7)   6
TOTAL FM JUL 1  1247    CLOUDY (SCALE 8-10)  4
DPTR FM NORMAL  -593

[CDD (BASE 65) ]
TOTAL THIS MO.    20
DPTR FM NORMAL    20    [PRESSURE DATA]
TOTAL FM JAN 1    26    HIGHEST SLP M ON M
DPTR FM NORMAL    25    LOWEST  SLP 29.58 ON  8

[REMARKS]
