000
CXUS54 KTSA 290840
CF6TUL
PRELIMINARY LOCAL CLIMATOLOGICAL DATA (WS FORM: F-6)

                                          STATION:   TULSA OKLAHOMA
                                          MONTH:     JUNE
                                          YEAR:      2015
                                          LATITUDE:   36 12 N
                                          LONGITUDE:  95 54 W

  TEMPERATURE IN F:       :PCPN:    SNOW:  WIND      :SUNSHINE: SKY     :PK WND
================================================================================
1   2   3   4   5  6A  6B    7    8   9   10  11  12  13   14  15   16   17  18
                                     12Z  AVG MX 2MIN
DY MAX MIN AVG DEP HDD CDD  WTR  SNW DPTH SPD SPD DIR MIN PSBL S-S WX    SPD DR
================================================================================

 1  81  55  68  -6   0   3 0.00  0.0    0  4.4  9  80   M    M   4        12  60
 2  86  64  75   1   0  10 0.00  0.0    0  8.1 16 150   M    M   7        22 150
 3  89  68  79   5   0  14 0.00  0.0    0 12.6 22 170   M    M   6        28 180
 4  90  72  81   7   0  16 0.00  0.0    0 11.9 21 170   M    M   5        25 180
 5  92  70  81   6   0  16 0.00  0.0    0  6.8 15 180   M    M   7        19 180
 6  94  74  84   9   0  19 0.00  0.0    0  7.3 15 140   M    M   5        18 140
 7  94  75  85  10   0  20 0.00  0.0    0 11.1 21 190   M    M   3        26 210
 8  92  73  83   7   0  18 0.00  0.0    0  6.1 14 330   M    M   5        17 310
 9  95  68  82   6   0  17 0.00  0.0    0  5.6 15 170   M    M   1        17 170
10  98  73  86  10   0  21 0.00  0.0    0  9.8 18 150   M    M   4        23 140
11  95  78  87  11   0  22 0.00  0.0    0 15.5 25 190   M    M   4        32 170
12  94  69  82   5   0  17 0.04  0.0    0 12.8 25 270   M    M   9 13     34 260
13  86  68  77   0   0  12 1.17  0.0    0  7.7 25 260   M    M   8 13     35 260
14  88  73  81   4   0  16 0.15  0.0    0 11.0 28 180   M    M   9 138    38 180
15  82  71  77  -1   0  12 0.26  0.0    0  9.3 17 170   M    M  10 13     23 170
16  83  72  78   0   0  13 0.52  0.0    0  5.9 14 180   M    M  10 13      M  M
17  79  72  76  -2   0  11 0.96  0.0    0  6.7 15 110   M    M  10 1      20 110
18  75  71  73  -5   0   8 1.67  0.0    0 10.9 21 360   M    M  10 1      26  80
19  90  71  81   2   0  16 0.00  0.0    0  6.8 12 320   M    M   8        16 320
20  94  76  85   6   0  20 0.00  0.0    0 13.1 24 200   M    M   7        30 200
21  89  74  82   3   0  17 0.00  0.0    0 14.5 25 190   M    M   3        30 180
22  93  76  85   6   0  20 0.00  0.0    0 15.3 26 190   M    M   1        40 190
23  95  78  87   7   0  22 0.00  0.0    0  9.8 17 260   M    M   3        22 220
24  95  75  85   5   0  20 0.00  0.0    0 11.2 21 170   M    M   2        26 180
25  96  78  87   7   0  22 0.00  0.0    0 11.5 20 240   M    M   3        26 240
26  91  73  82   2   0  17 0.00  0.0    0  9.4 20 360   M    M   8        24 360
27  87  67  77  -4   0  12 0.00  0.0    0  7.7 15 350   M    M   2        19  10
28  93  67  80  -1   0  15 0.00  0.0    0  8.7 20 200   M    M   2        25 200
================================================================================
SM 2516 2001         0 446  4.77     0.0 271.5          M      156
================================================================================
AV 89.9 71.5                               9.7 FASTST   M    M   6    MAX(MPH)
                                 MISC ---->  # 28 180               # 40  190
================================================================================
NOTES:
# LAST OF SEVERAL OCCURRENCES

COLUMN 17 PEAK WIND IN M.P.H.

PRELIMINARY LOCAL CLIMATOLOGICAL DATA (WS FORM: F-6) , PAGE 2

                                          STATION:  TULSA OKLAHOMA
                                          MONTH:    JUNE
                                          YEAR:     2015
                                          LATITUDE:   36 12 N
                                          LONGITUDE:  95 54 W

[TEMPERATURE DATA]      [PRECIPITATION DATA]       SYMBOLS USED IN COLUMN 16

AVERAGE MONTHLY: 80.7   TOTAL FOR MONTH:   4.77    1 = FOG OR MIST
DPTR FM NORMAL:   3.3   DPTR FM NORMAL:    0.31    2 = FOG REDUCING VISIBILITY
HIGHEST:    98 ON 10    GRTST 24HR  2.61 ON 17-18      TO 1/4 MILE OR LESS
LOWEST:     55 ON  1                               3 = THUNDER
                        SNOW, ICE PELLETS, HAIL    4 = ICE PELLETS
                        TOTAL MONTH:   0.0 INCH    5 = HAIL
                        GRTST 24HR     0.0         6 = FREEZING RAIN OR DRIZZLE
                        GRTST DEPTH:   0           7 = DUSTSTORM OR SANDSTORM:
                                                       VSBY 1/2 MILE OR LESS
                                                   8 = SMOKE OR HAZE
[NO. OF DAYS WITH]      [WEATHER - DAYS WITH]      9 = BLOWING SNOW
                                                   X = TORNADO
MAX 32 OR BELOW:   0    0.01 INCH OR MORE:   7
MAX 90 OR ABOVE:  17    0.10 INCH OR MORE:   6
MIN 32 OR BELOW:   0    0.50 INCH OR MORE:   4
MIN  0 OR BELOW:   0    1.00 INCH OR MORE:   2

[HDD (BASE 65) ]
TOTAL THIS MO.     0    CLEAR  (SCALE 0-3)   8
DPTR FM NORMAL     0    PTCLDY (SCALE 4-7)  13
TOTAL FM JUL 1  3547    CLOUDY (SCALE 8-10)  7
DPTR FM NORMAL   -25

[CDD (BASE 65) ]
TOTAL THIS MO.   446
DPTR FM NORMAL    99    [PRESSURE DATA]
TOTAL FM JAN 1   651    HIGHEST SLP M ON M
DPTR FM NORMAL    70    LOWEST  SLP 29.66 ON 11

[REMARKS]
