000
CXUS54 KTSA 270840
CF6TUL
PRELIMINARY LOCAL CLIMATOLOGICAL DATA (WS FORM: F-6)

                                          STATION:   TULSA OKLAHOMA
                                          MONTH:     MAY
                                          YEAR:      2015
                                          LATITUDE:   36 12 N
                                          LONGITUDE:  95 54 W

  TEMPERATURE IN F:       :PCPN:    SNOW:  WIND      :SUNSHINE: SKY     :PK WND
================================================================================
1   2   3   4   5  6A  6B    7    8   9   10  11  12  13   14  15   16   17  18
                                     12Z  AVG MX 2MIN
DY MAX MIN AVG DEP HDD CDD  WTR  SNW DPTH SPD SPD DIR MIN PSBL S-S WX    SPD DR
================================================================================

 1  79  48  64  -1   1   0 0.00  0.0    0  4.3 15 140   M    M   0        19 130
 2  81  53  67   1   0   2 0.00  0.0    0 10.4 21 170   M    M   6        26 160
 3  83  63  73   7   0   8 0.00  0.0    0 15.2 26 190   M    M   7        32 180
 4  83  63  73   7   0   8 0.00  0.0    0 12.5 23 170   M    M   7        29 170
 5  80  60  70   4   0   5 0.14  0.0    0 12.6 25 170   M    M   9        34 170
 6  79  60  70   3   0   5 0.99  0.0    0 18.1 46 170   M    M   9 13     55 170
 7  82  66  74   7   0   9 0.05  0.0    0 11.8 35 170   M    M   8 3      43 160
 8  77  64  71   4   0   6 1.86  0.0    0  7.0 30 100   M    M  10 13     40 100
 9  73  63  68   1   0   3 0.30  0.0    0 10.4 35 110   M    M  10 13     49 100
10  75  63  69   1   0   4 1.02  0.0    0 12.7 26 180   M    M   9 13     34 170
11  70  47  59  -9   6   0 0.00  0.0    0  9.6 22 350   M    M   3        31 350
12  72  48  60  -8   5   0 0.00  0.0    0  5.8 14  40   M    M   8        18  40
13  67  51  59  -9   6   0 0.66  0.0    0  9.6 21 130   M    M  10 1      26 130
14  81  59  70   1   0   5 0.70  0.0    0 12.1 23 180   M    M   7 13     27 180
15  78  66  72   3   0   7 0.20  0.0    0 12.0 23 180   M    M   9 13     30 170
16  83  65  74   5   0   9 1.01  0.0    0 13.9 49 260   M    M   8 13     63 260
17  83  65  74   4   0   9 0.03  0.0    0 13.2 23 170   M    M   7 3      30 190
18  86  64  75   5   0  10 0.00  0.0    0  7.9 20  50   M    M   3        25  50
19  69  58  64  -6   1   0 0.62  0.0    0  9.5 18  40   M    M   9 1      24  30
20  69  55  62  -8   3   0    T  0.0    0 11.0 18 340   M    M  10 1      23 340
21  66  49  58 -13   7   0 0.00  0.0    0  7.0 14  50   M    M   6        18  50
22  63  52  58 -13   7   0 0.29  0.0    0  7.6 15 140   M    M  10 1      19 130
23  76  59  68  -3   0   3 3.36  0.0    0  9.9 23 150   M    M  10 138    29 150
24  70  61  66  -5   0   1 0.62  0.0    0  7.6 15 180   M    M   9 1      17 190
25  82  61  72   0   0   7 0.10  0.0    0 10.4 21 170   M    M  10 13     27 170
26  81  60  71  -1   0   6 0.14  0.0    0  7.6 14 160   M    M   8 13     18 170
================================================================================
SM 1988 1523        36 107 12.09     0.0 269.7          M      202
================================================================================
AV 76.5 58.6                              10.4 FASTST   M    M   8    MAX(MPH)
                                 MISC ---->  # 49 260               # 63  260
================================================================================
NOTES:
# LAST OF SEVERAL OCCURRENCES

COLUMN 17 PEAK WIND IN M.P.H.

PRELIMINARY LOCAL CLIMATOLOGICAL DATA (WS FORM: F-6) , PAGE 2

                                          STATION:  TULSA OKLAHOMA
                                          MONTH:    MAY
                                          YEAR:     2015
                                          LATITUDE:   36 12 N
                                          LONGITUDE:  95 54 W

[TEMPERATURE DATA]      [PRECIPITATION DATA]       SYMBOLS USED IN COLUMN 16

AVERAGE MONTHLY: 67.5   TOTAL FOR MONTH:  12.09    1 = FOG OR MIST
DPTR FM NORMAL:  -1.1   DPTR FM NORMAL:    7.12    2 = FOG REDUCING VISIBILITY
HIGHEST:    86 ON 18    GRTST 24HR  3.77 ON 23-24      TO 1/4 MILE OR LESS
LOWEST:     47 ON 11                               3 = THUNDER
                        SNOW, ICE PELLETS, HAIL    4 = ICE PELLETS
                        TOTAL MONTH:   0.0 INCH    5 = HAIL
                        GRTST 24HR     0.0         6 = FREEZING RAIN OR DRIZZLE
                        GRTST DEPTH:   0           7 = DUSTSTORM OR SANDSTORM:
                                                       VSBY 1/2 MILE OR LESS
                                                   8 = SMOKE OR HAZE
[NO. OF DAYS WITH]      [WEATHER - DAYS WITH]      9 = BLOWING SNOW
                                                   X = TORNADO
MAX 32 OR BELOW:   0    0.01 INCH OR MORE:  17
MAX 90 OR ABOVE:   0    0.10 INCH OR MORE:  15
MIN 32 OR BELOW:   0    0.50 INCH OR MORE:   9
MIN  0 OR BELOW:   0    1.00 INCH OR MORE:   4

[HDD (BASE 65) ]
TOTAL THIS MO.    36    CLEAR  (SCALE 0-3)   2
DPTR FM NORMAL    -1    PTCLDY (SCALE 4-7)   9
TOTAL FM JUL 1  3547    CLOUDY (SCALE 8-10) 15
DPTR FM NORMAL   -25

[CDD (BASE 65) ]
TOTAL THIS MO.   107
DPTR FM NORMAL   -21    [PRESSURE DATA]
TOTAL FM JAN 1   181    HIGHEST SLP M ON M
DPTR FM NORMAL   -12    LOWEST  SLP 29.64 ON  9

[REMARKS]
