000
CXUS54 KTSA 300840
CF6TUL
PRELIMINARY LOCAL CLIMATOLOGICAL DATA (WS FORM: F-6)

                                          STATION:   TULSA OKLAHOMA
                                          MONTH:     AUGUST
                                          YEAR:      2015
                                          LATITUDE:   36 12 N
                                          LONGITUDE:  95 54 W

  TEMPERATURE IN F:       :PCPN:    SNOW:  WIND      :SUNSHINE: SKY     :PK WND
================================================================================
1   2   3   4   5  6A  6B    7    8   9   10  11  12  13   14  15   16   17  18
                                     12Z  AVG MX 2MIN
DY MAX MIN AVG DEP HDD CDD  WTR  SNW DPTH SPD SPD DIR MIN PSBL S-S WX    SPD DR
================================================================================

 1  94  71  83  -1   0  18 0.00  0.0    0  4.6 14 180   M    M   6        18 200
 2  94  72  83  -1   0  18 0.00  0.0    0  7.0 18 200   M    M   6        24 190
 3  95  73  84   0   0  19 0.00  0.0    0  6.7 13 120   M    M   6        17 140
 4  85  76  81  -3   0  16    T  0.0    0  6.4 14 120   M    M   9        20 210
 5  94  74  84   0   0  19 0.06  0.0    0  7.1 25 340   M    M   5 13     30 350
 6  97  75  86   2   0  21 0.00  0.0    0  6.3 14 120   M    M   4        18 130
 7 102  78  90   7   0  25 0.00  0.0    0  5.9 14 170   M    M   2        16 120
 8 102  78  90   7   0  25 0.00  0.0    0  8.7 18 160   M    M   4        24 150
 9 102  77  90   7   0  25 0.00  0.0    0  9.5 17 180   M    M   2        23 190
10  92  76  84   1   0  19 0.01  0.0    0  6.2 18 350   M    M   5        24 360
11  92  69  81  -2   0  16 0.00  0.0    0  8.8 17 360   M    M   4        24  50
12  90  64  77  -6   0  12 0.00  0.0    0  6.3 13  40   M    M   5        18  90
13  91  63  77  -6   0  12 0.00  0.0    0  5.1 13 120   M    M   3        17 140
14  92  68  80  -3   0  15 0.00  0.0    0  5.6 14 150   M    M   3        17  70
15  93  65  79  -4   0  14 0.00  0.0    0  4.5 13 110   M    M   0        17 110
16  94  67  81  -2   0  16 0.00  0.0    0  5.9 15 130   M    M   1        19 180
17  97  73  85   3   0  20 0.00  0.0    0  7.7 18 180   M    M   6        22 180
18  92  74  83   1   0  18 0.04  0.0    0 12.0 25 180   M    M   9 1      30 180
19  75  58  67 -15   0   2 3.02  0.0    0  9.8 26 300   M    M   8 13     32 330
20  83  56  70 -12   0   5 0.00  0.0    0  5.9 16 150   M    M   4        21 170
21  85  65  75  -7   0  10 0.03  0.0    0  8.7 15 150   M    M   8 3      22 130
22  87  68  78  -4   0  13 0.76  0.0    0  9.8 32 170   M    M   6 13     41 170
23  80  68  74  -7   0   9 0.80  0.0    0  8.3 35 350   M    M   8 13     41 350
24  80  61  71 -10   0   6    T  0.0    0  4.4 12  40   M    M   6        14  30
25  87  56  72  -9   0   7 0.00  0.0    0  4.9 14 130   M    M   0        17 130
26  89  59  74  -7   0   9 0.00  0.0    0  4.0 10 120   M    M   4        14 170
27  83  67  75  -5   0  10 0.44  0.0    0  9.0 35  70   M    M   8 13     43  60
28  82  67  75  -5   0  10 0.00  0.0    0  9.4 20 170   M    M   9        25 170
29  87  69  78  -2   0  13 0.00  0.0    0  6.9 13 350   M    M   5        16 350
================================================================================
SM 2616 1987         0 422  5.16     0.0 205.4          M      146
================================================================================
AV 90.2 68.5                               7.1 FASTST   M    M   5    MAX(MPH)
                                 MISC ---->  # 35 350               # 43   60
================================================================================
NOTES:
# LAST OF SEVERAL OCCURRENCES

COLUMN 17 PEAK WIND IN M.P.H.

PRELIMINARY LOCAL CLIMATOLOGICAL DATA (WS FORM: F-6) , PAGE 2

                                          STATION:  TULSA OKLAHOMA
                                          MONTH:    AUGUST
                                          YEAR:     2015
                                          LATITUDE:   36 12 N
                                          LONGITUDE:  95 54 W

[TEMPERATURE DATA]      [PRECIPITATION DATA]       SYMBOLS USED IN COLUMN 16

AVERAGE MONTHLY: 79.4   TOTAL FOR MONTH:   5.16    1 = FOG OR MIST
DPTR FM NORMAL:  -3.1   DPTR FM NORMAL:    2.49    2 = FOG REDUCING VISIBILITY
HIGHEST:   102 ON  9, 8 GRTST 24HR  3.05 ON 18-19      TO 1/4 MILE OR LESS
LOWEST:     56 ON 25,20                            3 = THUNDER
                        SNOW, ICE PELLETS, HAIL    4 = ICE PELLETS
                        TOTAL MONTH:   0.0 INCH    5 = HAIL
                        GRTST 24HR     0.0         6 = FREEZING RAIN OR DRIZZLE
                        GRTST DEPTH:   0           7 = DUSTSTORM OR SANDSTORM:
                                                       VSBY 1/2 MILE OR LESS
                                                   8 = SMOKE OR HAZE
[NO. OF DAYS WITH]      [WEATHER - DAYS WITH]      9 = BLOWING SNOW
                                                   X = TORNADO
MAX 32 OR BELOW:   0    0.01 INCH OR MORE:   8
MAX 90 OR ABOVE:  17    0.10 INCH OR MORE:   4
MIN 32 OR BELOW:   0    0.50 INCH OR MORE:   3
MIN  0 OR BELOW:   0    1.00 INCH OR MORE:   1

[HDD (BASE 65) ]
TOTAL THIS MO.     0    CLEAR  (SCALE 0-3)   5
DPTR FM NORMAL     0    PTCLDY (SCALE 4-7)  18
TOTAL FM JUL 1     0    CLOUDY (SCALE 8-10)  6
DPTR FM NORMAL     0

[CDD (BASE 65) ]
TOTAL THIS MO.   422
DPTR FM NORMAL   -82    [PRESSURE DATA]
TOTAL FM JAN 1  1710    HIGHEST SLP M ON M
DPTR FM NORMAL    38    LOWEST  SLP 29.59 ON 18

[REMARKS]
