000
CXUS54 KMEG 210635
CF6TUP
PRELIMINARY LOCAL CLIMATOLOGICAL DATA (WS FORM: F-6)

                                          STATION:   TUPELO
                                          MONTH:     AUGUST
                                          YEAR:      2017
                                          LATITUDE:   34 16 N
                                          LONGITUDE:  88 46 W

  TEMPERATURE IN F:       :PCPN:    SNOW:  WIND      :SUNSHINE: SKY     :PK WND
================================================================================
1   2   3   4   5  6A  6B    7    8   9   10  11  12  13   14  15   16   17  18
                                     12Z  AVG MX 2MIN
DY MAX MIN AVG DEP HDD CDD  WTR  SNW DPTH SPD SPD DIR MIN PSBL S-S WX    SPD DR
================================================================================

 1  92  67  80  -2   0  15 0.00  0.0    0  1.9 10  80   M    M   1        15 140
 2  90  71  81  -1   0  16 0.06  0.0    0  2.7 16 150   M    M   3        19 150
 3  93  68  81  -1   0  16 0.00  0.0    0  2.4 12 160   M    M   2        14 100
 4  91  68  80  -2   0  15 0.00  0.0    0  4.9 13 350   M    M   1        16 320
 5  91  68  80  -2   0  15 0.00  0.0    0  6.0 15  10   M    M   2        20  50
 6  90  69  80  -2   0  15    T  0.0    0  7.1 16 240   M    M   3 3      23 230
 7  82  72  77  -5   0  12 0.62  0.0    0  5.3 13 350   M    M   9 1      15 280
 8  87  72  80  -1   0  15 0.03  0.0    0  3.5 12 190   M    M   8        15 160
 9  88  71  80  -1   0  15 0.00  0.0    0  5.3 12 160   M    M   5        14 160
10  87  72  80  -1   0  15 0.05  0.0    0  3.2 13 160   M    M   5 138    23 210
11  91  72  82   1   0  17 0.09  0.0    0  3.4 23 290   M    M   6 13     32 300
12  91  72  82   1   0  17    T  0.0    0  4.9 15 350   M    M   5 1      17 340
13  88  70  79  -2   0  14 0.04  0.0    0  5.3 12 350   M    M   2        13 200
14  84  73  79  -2   0  14 0.64  0.0    0  3.7 13 230   M    M   6 13     18 250
15  91  75  83   2   0  18 0.19  0.0    0  5.3 23 330   M    M   4 13     27 340
16  91  74  83   2   0  18    T  0.0    0  6.4 15 170   M    M   5 3      20 160
17  92  73  83   2   0  18 0.00  0.0    0  6.9 15 180   M    M   4 3      22 240
18  92  73  83   2   0  18 0.00  0.0    0  3.6 12 230   M    M   2        14 290
19  97  72  85   4   0  20 0.00  0.0    0  2.3 12 290   M    M   1        15 280
20  96  75  86   5   0  21 0.36  0.0    0  2.9 12 200   M    M   2 8      20 210
================================================================================
SM 1804 1427         0 324  2.08     0.0  87.0          M       76
================================================================================
AV 90.2 71.4                               4.4 FASTST   M    M   4    MAX(MPH)
                                 MISC ---->  # 23 290               # 32  300
================================================================================
NOTES:
# LAST OF SEVERAL OCCURRENCES

COLUMN 17 PEAK WIND IN M.P.H.

PRELIMINARY LOCAL CLIMATOLOGICAL DATA (WS FORM: F-6) , PAGE 2

                                          STATION:  TUPELO
                                          MONTH:    AUGUST
                                          YEAR:     2017
                                          LATITUDE:   34 16 N
                                          LONGITUDE:  88 46 W

[TEMPERATURE DATA]      [PRECIPITATION DATA]       SYMBOLS USED IN COLUMN 16

AVERAGE MONTHLY: 80.8   TOTAL FOR MONTH:   2.08    1 = FOG OR MIST
DPTR FM NORMAL:  -0.6   DPTR FM NORMAL:   -0.33    2 = FOG REDUCING VISIBILITY
HIGHEST:    97 ON 19    GRTST 24HR  0.64 ON 14-14      TO 1/4 MILE OR LESS
LOWEST:     67 ON  1                               3 = THUNDER
                        SNOW, ICE PELLETS, HAIL    4 = ICE PELLETS
                        TOTAL MONTH:   0.0 INCH    5 = HAIL
                        GRTST 24HR     0.0         6 = FREEZING RAIN OR DRIZZLE
                        GRTST DEPTH:   0           7 = DUSTSTORM OR SANDSTORM:
                                                       VSBY 1/2 MILE OR LESS
                                                   8 = SMOKE OR HAZE
[NO. OF DAYS WITH]      [WEATHER - DAYS WITH]      9 = BLOWING SNOW
                                                   X = TORNADO
MAX 32 OR BELOW:   0    0.01 INCH OR MORE:   9
MAX 90 OR ABOVE:  14    0.10 INCH OR MORE:   4
MIN 32 OR BELOW:   0    0.50 INCH OR MORE:   2
MIN  0 OR BELOW:   0    1.00 INCH OR MORE:   0

[HDD (BASE 65) ]
TOTAL THIS MO.     0    CLEAR  (SCALE 0-3)  10
DPTR FM NORMAL     0    PTCLDY (SCALE 4-7)   8
TOTAL FM JUL 1     0    CLOUDY (SCALE 8-10)  2
DPTR FM NORMAL     0

[CDD (BASE 65) ]
TOTAL THIS MO.   324
DPTR FM NORMAL     0    [PRESSURE DATA]
TOTAL FM JAN 1  1560    HIGHEST SLP M ON M
DPTR FM NORMAL    54    LOWEST  SLP 29.82 ON 14

[REMARKS]
