000
CXUS55 KBOI 231002
CF6TWF
PRELIMINARY LOCAL CLIMATOLOGICAL DATA (WS FORM: F-6)

                                          STATION:   TWIN FALLS ID
                                          MONTH:     MARCH
                                          YEAR:      2017
                                          LATITUDE:   42 28 N
                                          LONGITUDE: 114 29 W

  TEMPERATURE IN F:       :PCPN:    SNOW:  WIND      :SUNSHINE: SKY     :PK WND
================================================================================
1   2   3   4   5  6A  6B    7    8   9   10  11  12  13   14  15   16   17  18
                                     12Z  AVG MX 2MIN
DY MAX MIN AVG DEP HDD CDD  WTR  SNW DPTH SPD SPD DIR MIN PSBL S-S WX    SPD DR
================================================================================

 1  37  24  31  -6  34   0 0.00    M    M 11.8 17 190   M    M   4        19 190
 2  42  25  34  -4  31   0 0.00    M    M  8.4 16 190   M    M   0        19 190
 3  42  21  32  -6  33   0 0.00    M    M  5.1 14 190   M    M   1 12     17 180
 4  47  31  39   1  26   0 0.00    M    M  9.6 17 170   M    M   3        19 170
 5  40  24  32  -7  33   0    T    M    M 15.9 31 260   M    M   7 18     38 260
 6  34  23  29 -10  36   0 0.02    M    M 16.9 31 230   M    M   6 18     38 270
 7  43  26  35  -4  30   0 0.05    M    M  9.1 21 200   M    M   9 18     26 240
 8  55  37  46   6  19   0    T    M    M 13.3 25 240   M    M   6        32 230
 9  61  41  51  11  14   0    T    M    M  9.6 17 290   M    M   5        21 190
10  58  39  49   9  16   0    T    M    M 11.5 18 280   M    M   5        23 290
11  61  35  48   7  17   0 0.03    M    M 10.6 24 290   M    M   2 3      28 270
12  56  36  46   5  19   0 0.00    M    M 12.3 24 250   M    M   1        29 230
13  66  38  52  11  13   0 0.00    M    M  9.2 17 190   M    M   0        22 190
14  71  44  58  16   7   0 0.00    M    M  9.5 17 190   M    M   0        20 190
15  72  39  56  14   9   0    T    M    M  9.0 39 230   M    M   1        55 240
16  59  38  49   7  16   0 0.00    M    M 10.4 23 280   M    M   4        29 270
17  69  36  53  11  12   0 0.00    M    M  6.8 12 130   M    M   1        15  80
18  69  40  55  12  10   0 0.04    M    M 11.6 25 190   M    M   2        34 190
19  62  44  53  10  12   0    T    M    M 10.1 20 240   M    M   3        24 230
20  64  40  52   9  13   0    T    M    M  8.6 16  50   M    M   5        21 350
21  67  43  55  12  10   0 0.18    M    M 10.2 28 270   M    M   4 13     37 270
22  56  41  49   5  16   0 0.03    M    M  8.2 20 290   M    M   8        24 280
================================================================================
SM 1231  765       426   0  0.35    M    227.7          M       77
================================================================================
AV 56.0 34.8                              10.4 FASTST   M    M   4    MAX(MPH)
                                 MISC ---->  # 39 230               # 55  240
================================================================================
NOTES:
# LAST OF SEVERAL OCCURRENCES

COLUMN 17 PEAK WIND IN M.P.H.

PRELIMINARY LOCAL CLIMATOLOGICAL DATA (WS FORM: F-6) , PAGE 2

                                          STATION:  TWIN FALLS ID
                                          MONTH:    MARCH
                                          YEAR:     2017
                                          LATITUDE:   42 28 N
                                          LONGITUDE: 114 29 W

[TEMPERATURE DATA]      [PRECIPITATION DATA]       SYMBOLS USED IN COLUMN 16

AVERAGE MONTHLY: 45.4   TOTAL FOR MONTH:   0.35    1 = FOG OR MIST
DPTR FM NORMAL:   4.7   DPTR FM NORMAL:   -0.29    2 = FOG REDUCING VISIBILITY
HIGHEST:    72 ON 15    GRTST 24HR  0.18 ON 21-21      TO 1/4 MILE OR LESS
LOWEST:     21 ON  3                               3 = THUNDER
                        SNOW, ICE PELLETS, HAIL    4 = ICE PELLETS
                        TOTAL MONTH:    M          5 = HAIL
                        GRTST 24HR    M  ON   M    6 = FREEZING RAIN OR DRIZZLE
                        GRTST DEPTH:  M  ON   M    7 = DUSTSTORM OR SANDSTORM:
                                                       VSBY 1/2 MILE OR LESS
                                                   8 = SMOKE OR HAZE
[NO. OF DAYS WITH]      [WEATHER - DAYS WITH]      9 = BLOWING SNOW
                                                   X = TORNADO
MAX 32 OR BELOW:   0    0.01 INCH OR MORE:   6
MAX 90 OR ABOVE:   0    0.10 INCH OR MORE:   1
MIN 32 OR BELOW:   7    0.50 INCH OR MORE:   0
MIN  0 OR BELOW:   0    1.00 INCH OR MORE:   0

[HDD (BASE 65) ]
TOTAL THIS MO.   426    CLEAR  (SCALE 0-3)   9
DPTR FM NORMAL  -110    PTCLDY (SCALE 4-7)  11
TOTAL FM JUL 1  5206    CLOUDY (SCALE 8-10)  2
DPTR FM NORMAL   103

[CDD (BASE 65) ]
TOTAL THIS MO.     0
DPTR FM NORMAL     0    [PRESSURE DATA]
TOTAL FM JAN 1     0    HIGHEST SLP M ON M
DPTR FM NORMAL     0    LOWEST  SLP 29.48 ON  5

[REMARKS]
