000
CXUS56 KEKA 261230
CF6UKI
PRELIMINARY LOCAL CLIMATOLOGICAL DATA (WS FORM: F-6)

                                          STATION:   UKIAH CA
                                          MONTH:     JANUARY
                                          YEAR:      2015
                                          LATITUDE:   39  7 N
                                          LONGITUDE: 123 12 W

  TEMPERATURE IN F:       :PCPN:    SNOW:  WIND      :SUNSHINE: SKY     :PK WND
================================================================================
1   2   3   4   5  6A  6B    7    8   9   10  11  12  13   14  15   16   17  18
                                     12Z  AVG MX 2MIN
DY MAX MIN AVG DEP HDD CDD  WTR  SNW DPTH SPD SPD DIR MIN PSBL S-S WX    SPD DR
================================================================================

 1  57  25  41  -5  24   0 0.00  0.0    0  0.5  8 340   M    M   0 18      8 340
 2  56  27  42  -4  23   0 0.00  0.0    0  0.4  6 270   M    M   0 18      7 270
 3  56  30  43  -3  22   0 0.00  0.0    0  0.5  6 120   M    M   3 2       7 120
 4  61  32  47   1  18   0 0.00  0.0    0  0.5  9  70   M    M   1 1      11  70
 5  63  33  48   2  17   0 0.00  0.0    0  0.5  6 290   M    M   0 18      7 360
 6  68  34  51   5  14   0 0.00  0.0    0  0.4  7 270   M    M   0 1       7 270
 7  71  33  52   6  13   0 0.00  0.0    0  0.3  5 310   M    M   0 18      6 270
 8  61  34  48   2  17   0 0.00  0.0    0  0.4  5 260   M    M   0 18      6 270
 9  68  37  53   7  12   0 0.00  0.0    0  0.6  8 330   M    M   0         9 340
10  58  38  48   2  17   0 0.00  0.0    0  0.3  6 180   M    M   1 1       6 180
11  64  35  50   4  15   0 0.00  0.0    0  1.0  8  20   M    M   2 2      12 230
12  64  40  52   6  13   0 0.00  0.0    0  1.5 13 310   M    M   0        22 310
13  65  35  50   4  15   0 0.00  0.0    0  0.6  6 270   M    M   2 28      8 260
14  65  31  48   2  17   0 0.00  0.0    0  0.5  7 120   M    M   0 18      8 120
15  54  34  44  -2  21   0    T    M    0  0.9  8 180   M    M   3 1      10 220
16  55  48  52   5  13   0 0.36    M    0  0.6  6 310   M    M  10 2       9 210
17  60  52  56   9   9   0 0.02  0.0    0  0.1  5 300   M    M  10 2       5 140
18  62  52  57  10   8   0 0.08  0.0    0  0.8  8 140   M    M   8 2      10 150
19  61  41  51   4  14   0 0.00  0.0    0  1.4  6 280   M    M   4 2       8 270
20  62  37  50   3  15   0 0.00  0.0    0  0.2  6 290   M    M   3 2       8  80
21  65  32  49   2  16   0 0.00  0.0    0  0.3  6 270   M    M   2 2       7 280
22  68  39  54   7  11   0 0.00  0.0    0  0.8  6 270   M    M   0         8 330
23  70  38  54   7  11   0 0.00  0.0    0  1.0  7 290   M    M   0         8 290
24  76  38  57  10   8   0 0.00  0.0    0  1.3  7 270   M    M   0         7 280
25  74  38  56   9   9   0 0.00  0.0    0  1.1  6 280   M    M   0 1       9 360
================================================================================
SM 1584  913       372   0  0.46     0.0  16.5          M       49
================================================================================
AV 63.4 36.5                               0.7 FASTST   M    M   2    MAX(MPH)
                                 MISC ---->  # 13 310               # 22  310
================================================================================
NOTES:
# LAST OF SEVERAL OCCURRENCES

COLUMN 17 PEAK WIND IN M.P.H.

PRELIMINARY LOCAL CLIMATOLOGICAL DATA (WS FORM: F-6) , PAGE 2

                                          STATION:  UKIAH CA
                                          MONTH:    JANUARY
                                          YEAR:     2015
                                          LATITUDE:   39  7 N
                                          LONGITUDE: 123 12 W

[TEMPERATURE DATA]      [PRECIPITATION DATA]       SYMBOLS USED IN COLUMN 16

AVERAGE MONTHLY: 49.9   TOTAL FOR MONTH:   0.46    1 = FOG OR MIST
DPTR FM NORMAL:   3.5   DPTR FM NORMAL:   -5.89    2 = FOG REDUCING VISIBILITY
HIGHEST:    76 ON 24    GRTST 24HR  0.36 ON 16-16      TO 1/4 MILE OR LESS
LOWEST:     25 ON  1                               3 = THUNDER
                        SNOW, ICE PELLETS, HAIL    4 = ICE PELLETS
                        TOTAL MONTH:   0.0 INCH    5 = HAIL
                        GRTST 24HR     0.0         6 = FREEZING RAIN OR DRIZZLE
                        GRTST DEPTH:   0           7 = DUSTSTORM OR SANDSTORM:
                                                       VSBY 1/2 MILE OR LESS
                                                   8 = SMOKE OR HAZE
[NO. OF DAYS WITH]      [WEATHER - DAYS WITH]      9 = BLOWING SNOW
                                                   X = TORNADO
MAX 32 OR BELOW:   0    0.01 INCH OR MORE:   3
MAX 90 OR ABOVE:   0    0.10 INCH OR MORE:   1
MIN 32 OR BELOW:   6    0.50 INCH OR MORE:   0
MIN  0 OR BELOW:   0    1.00 INCH OR MORE:   0

[HDD (BASE 65) ]
TOTAL THIS MO.   372    CLEAR  (SCALE 0-3)  19
DPTR FM NORMAL   -94    PTCLDY (SCALE 4-7)   3
TOTAL FM JUL 1  1188    CLOUDY (SCALE 8-10)  3
DPTR FM NORMAL  -508

[CDD (BASE 65) ]
TOTAL THIS MO.     0
DPTR FM NORMAL     0    [PRESSURE DATA]
TOTAL FM JAN 1     0    HIGHEST SLP M ON M
DPTR FM NORMAL     0    LOWEST  SLP 30.00 ON M

[REMARKS]
