000
CXUS53 KUNR 280945
CF6UNR
PRELIMINARY LOCAL CLIMATOLOGICAL DATA (WS FORM: F-6)

                                          STATION:   EAST RAPID CITY SD
                                          MONTH:     NOVEMBER
                                          YEAR:      2014
                                          LATITUDE:   44  4 N
                                          LONGITUDE: 103 13 W

  TEMPERATURE IN F:       :PCPN:    SNOW:  WIND      :SUNSHINE: SKY     :PK WND
================================================================================
1   2   3   4   5  6A  6B    7    8   9   10  11  12  13   14  15   16   17  18
                                     12Z  AVG MX 2MIN
DY MAX MIN AVG DEP HDD CDD  WTR  SNW DPTH SPD SPD DIR MIN PSBL S-S WX    SPD DR
================================================================================

 1  61  32  47   4  18   0 0.00  0.0    0  8.1 15 160   M    M   M        21 140
 2  64  42  53  11  12   0 0.00  0.0    0  7.1 21 330   M    M   M        31 330
 3  50  42  46   4  19   0 0.00  0.0    0 10.7 23 330   M    M   M        33 330
 4  57  39  48   6  17   0 0.00  0.0    0  5.8 14  10   M    M   M        21  10
 5  55  37  46   5  19   0    T  0.0    0 11.4 31 320   M    M   M        41 330
 6  63  35  49   8  16   0 0.00  0.0    0  7.2 18 150   M    M   M        26 140
 7  64  41  53  13  12   0    T  0.0    0 17.1 38 320   M    M   M        55 320
 8  60  32  46   6  19   0 0.00  0.0    0  5.0 15  10   M    M   M        20  10
 9  52  29  41   1  24   0 0.00  0.0    0  7.6 21  10   M    M   M 1      25  10
10  29  12  21 -18  44   0 0.32  6.0    1 10.4 17  20   M    M   M 1469   22 350
11  12   0   6 -33  59   0    T    T    5 13.8 24 330   M    M   M        37 360
12  12   0   6 -32  59   0 0.00  0.0    5 10.4 23 330   M    M   M        31 330
13  10  -3   4 -34  61   0 0.00  0.0    4  7.7 16 140   M    M   M        21 140
14   8  -3   3 -34  62   0 0.07  2.1    4  6.7 14 350   M    M   M        22 340
15  10   0   5 -32  60   0 0.06  1.8    7 10.2 23  10   M    M   M        32 360
16  28   0  14 -22  51   0    T  0.3    6 17.6 38 330   M    M   M 9      59 330
17  16   4  10 -26  55   0    T    T    2 11.4 33 330   M    M   M        47 330
18  45   4  25 -11  40   0 0.00  0.0    1  9.8 33 300   M    M   M        54 310
19  31  20  26  -9  39   0 0.00  0.0    1  9.0 22  10   M    M   M        30 360
20  38  12  25 -10  40   0 0.00  0.0    1  4.3 12 140   M    M   M        13 140
21  54  31  43   9  22   0 0.00  0.0    1  4.2  9 250   M    M   M        15 250
22  57  26  42   8  23   0    T  0.0    0  6.3 30 330   M    M   M        52 340
23  42  33  38   5  27   0    T    T    0 21.1 39 320   M    M   M        58 330
24  34  24  29  -4  36   0 0.17  2.5    2 10.2 30 320   M    M   M        41 320
25  39  26  33   1  32   0    T  0.0    2 11.7 34 320   M    M   M        51 320
26  31  22  27  -5  38   0 0.01  0.2    1  6.4 22 350   M    M   M        36 350
27  54  19  37   5  28   0 0.00  0.0    0  6.6 12 140   M    M   M        16 130
================================================================================
SM 1076  556       932   0  0.63    12.9 257.8          M        M
================================================================================
AV 39.9 20.6                               9.5 FASTST   M    M   4    MAX(MPH)
                                 MISC ---->  # 39 320               # 59  330
================================================================================
NOTES:
# LAST OF SEVERAL OCCURRENCES

COLUMN 17 PEAK WIND IN M.P.H.

PRELIMINARY LOCAL CLIMATOLOGICAL DATA (WS FORM: F-6) , PAGE 2

                                          STATION:  EAST RAPID CITY SD
                                          MONTH:    NOVEMBER
                                          YEAR:     2014
                                          LATITUDE:   44  4 N
                                          LONGITUDE: 103 13 W

[TEMPERATURE DATA]      [PRECIPITATION DATA]       SYMBOLS USED IN COLUMN 16

AVERAGE MONTHLY: 30.2   TOTAL FOR MONTH:   0.63    1 = FOG OR MIST
DPTR FM NORMAL:  -7.1   DPTR FM NORMAL:    0.06    2 = FOG REDUCING VISIBILITY
HIGHEST:    64 ON  7, 2 GRTST 24HR  0.32 ON 10-10      TO 1/4 MILE OR LESS
LOWEST:     -3 ON 14,13                            3 = THUNDER
                        SNOW, ICE PELLETS, HAIL    4 = ICE PELLETS
                        TOTAL MONTH:  12.9 INCHES  5 = HAIL
                        GRTST 24HR   6.0 ON 10-10  6 = FREEZING RAIN OR DRIZZLE
                        GRTST DEPTH:   7 ON 15     7 = DUSTSTORM OR SANDSTORM:
                                                       VSBY 1/2 MILE OR LESS
                                                   8 = SMOKE OR HAZE
[NO. OF DAYS WITH]      [WEATHER - DAYS WITH]      9 = BLOWING SNOW
                                                   X = TORNADO
MAX 32 OR BELOW:  10    0.01 INCH OR MORE:   5
MAX 90 OR ABOVE:   0    0.10 INCH OR MORE:   2
MIN 32 OR BELOW:  20    0.50 INCH OR MORE:   0
MIN  0 OR BELOW:   6    1.00 INCH OR MORE:   0

[HDD (BASE 65) ]
TOTAL THIS MO.   932    CLEAR  (SCALE 0-3)   0
DPTR FM NORMAL   184    PTCLDY (SCALE 4-7)   0
TOTAL FM JUL 1  1510    CLOUDY (SCALE 8-10)  0
DPTR FM NORMAL    33

[CDD (BASE 65) ]
TOTAL THIS MO.     0
DPTR FM NORMAL     0    [PRESSURE DATA]
TOTAL FM JAN 1   514    HIGHEST SLP M ON M
DPTR FM NORMAL  -151    LOWEST  SLP 29.39 ON 22

[REMARKS]
