000
CXUS54 KHGX 221415
CF6UTS
PRELIMINARY LOCAL CLIMATOLOGICAL DATA (WS FORM: F-6)

                                          STATION:   HUNTSVILLE_(ASOS)
                                          MONTH:     SEPTEMBER
                                          YEAR:      2014
                                          LATITUDE:   30 45 N
                                          LONGITUDE:  95 35 W

  TEMPERATURE IN F:       :PCPN:    SNOW:  WIND      :SUNSHINE: SKY     :PK WND
================================================================================
1   2   3   4   5  6A  6B    7    8   9   10  11  12  13   14  15   16   17  18
                                     12Z  AVG MX 2MIN
DY MAX MIN AVG DEP HDD CDD  WTR  SNW DPTH SPD SPD DIR MIN PSBL S-S WX    SPD DR
================================================================================

 1  95  76  86   4   0  21 0.00  0.0    0  6.3 16 180   M    M   4 1      21 190
 2  90  78  84   2   0  19 0.01  0.0    0  4.7 15 190   M    M   2 3      19 180
 3  94  74  84   2   0  19 0.08  0.0    0  4.6 20 190   M    M   2 3      25 190
 4  95  76  86   4   0  21 0.13  0.0    0  4.3 15 190   M    M   2 3      20 180
 5  96  74  85   4   0  20    T  0.0    0  3.0 12 240   M    M   1 3      19 130
 6  96  73  85   4   0  20 0.00  0.0    0  2.5 13 330   M    M   2        20 330
 7  90  72  81   0   0  16    T  0.0    0  2.3 12  90   M    M   2 3      20  80
 8  92  70  81   1   0  16 0.00  0.0    0  0.0  M   M   M    M   1         M  M
 9  95  75  85   5   0  20 0.00  0.0    M  6.1 14 190   M    M   1        20 190
10  96  77  87   7   0  22 0.00  0.0    0  9.3 16 180   M    M   1        23 180
11  97  76  87   7   0  22 0.00  0.0    0  5.2 13 230   M    M   2        17 220
12  94  72  83   4   0  18    T  0.0    0  2.6  9 360   M    M   5 3      15  10
13  72  64  68 -11   0   3 0.02  0.0    0  4.8  9 360   M    M  10 1      16  50
14  83  63  73  -6   0   8 0.00  0.0    0  2.3  9 360   M    M   9        14 340
15  92  68  80   2   0  15 0.00  0.0    0  2.1  8 350   M    M   2        12  60
16  94  74  84   6   0  19 0.08  0.0    0  1.6 10 190   M    M   3 3      17 160
17  89  75  82   4   0  17 0.06  0.0    0  3.3 16 180   M    M   7 1      23 180
18  80  72  76  -2   0  11 0.42  0.0    0  1.6  8  80   M    M   9 1      15  60
19  86  73  80   3   0  15    T  0.0    0  2.3  8 100   M    M   7        13  60
20  89  70  80   3   0  15 0.00  0.0    0  2.4  8  90   M    M   3 1      13  60
21  91  67  79   2   0  14 0.00  0.0    0  1.0  6  50   M    M   0        11  90
================================================================================
SM 1906 1519         0 351  0.80     0.0  72.3          M       75
================================================================================
AV 90.8 72.3                               3.4 FASTST   M    M   4    MAX(MPH)
                                 MISC ---->  # 20 190               # 25  190
================================================================================
NOTES:
# LAST OF SEVERAL OCCURRENCES

COLUMN 17 PEAK WIND IN M.P.H.

PRELIMINARY LOCAL CLIMATOLOGICAL DATA (WS FORM: F-6) , PAGE 2

                                          STATION:  HUNTSVILLE_(ASOS)
                                          MONTH:    SEPTEMBER
                                          YEAR:     2014
                                          LATITUDE:   30 45 N
                                          LONGITUDE:  95 35 W

[TEMPERATURE DATA]      [PRECIPITATION DATA]       SYMBOLS USED IN COLUMN 16

AVERAGE MONTHLY: 81.5   TOTAL FOR MONTH:   0.80    1 = FOG OR MIST
DPTR FM NORMAL:   2.0   DPTR FM NORMAL:   -2.13    2 = FOG REDUCING VISIBILITY
HIGHEST:    97 ON 11    GRTST 24HR  0.45 ON 17-18      TO 1/4 MILE OR LESS
LOWEST:     63 ON 14                               3 = THUNDER
                        SNOW, ICE PELLETS, HAIL    4 = ICE PELLETS
                        TOTAL MONTH:   0.0 INCH    5 = HAIL
                        GRTST 24HR     0.0         6 = FREEZING RAIN OR DRIZZLE
                        GRTST DEPTH:   0           7 = DUSTSTORM OR SANDSTORM:
                                                       VSBY 1/2 MILE OR LESS
                                                   8 = SMOKE OR HAZE
[NO. OF DAYS WITH]      [WEATHER - DAYS WITH]      9 = BLOWING SNOW
                                                   X = TORNADO
MAX 32 OR BELOW:   0    0.01 INCH OR MORE:   7
MAX 90 OR ABOVE:  15    0.10 INCH OR MORE:   2
MIN 32 OR BELOW:   0    0.50 INCH OR MORE:   0
MIN  0 OR BELOW:   0    1.00 INCH OR MORE:   0

[HDD (BASE 65) ]
TOTAL THIS MO.     0    CLEAR  (SCALE 0-3)  14
DPTR FM NORMAL     0    PTCLDY (SCALE 4-7)   4
TOTAL FM JUL 1     0    CLOUDY (SCALE 8-10)  3
DPTR FM NORMAL     0

[CDD (BASE 65) ]
TOTAL THIS MO.   351
DPTR FM NORMAL    45    [PRESSURE DATA]
TOTAL FM JAN 1  2477    HIGHEST SLP M ON M
DPTR FM NORMAL   -93    LOWEST  SLP 29.80 ON 10

[REMARKS]
