000
CXUS54 KEWX 220910
CF6UVA
PRELIMINARY LOCAL CLIMATOLOGICAL DATA (WS FORM: F-6)

                                          STATION:   UVALDE
                                          MONTH:     SEPTEMBER
                                          YEAR:      2014
                                          LATITUDE:   29 12 N
                                          LONGITUDE:  99 44 W

  TEMPERATURE IN F:       :PCPN:    SNOW:  WIND      :SUNSHINE: SKY     :PK WND
================================================================================
1   2   3   4   5  6A  6B    7    8   9   10  11  12  13   14  15   16   17  18
                                     12Z  AVG MX 2MIN
DY MAX MIN AVG DEP HDD CDD  WTR  SNW DPTH SPD SPD DIR MIN PSBL S-S WX    SPD DR
================================================================================

 1  99  75  87   M   0  22    M    M    M 10.0 17 140   M    M   1        27 140
 2  98  78  88   M   0  23    M    M    M 10.7 16 120   M    M   4        21 120
 3  93  73  83   M   0  18    M    M    M  8.2 28 150   M    M   5 3      39 150
 4  93  73  83   M   0  18    M    M    M  8.6 16 120   M    M   5 1      21 140
 5  93  75  84   M   0  19    M    M    M  7.4 13 120   M    M   6        29 140
 6  94  74  84   M   0  19    M    M    M  5.8 10 100   M    M   3         M  M
 7  88  75  82   M   0  17    M    M    M  6.0  9  50   M    M   3 3       M  M
 8  96  73  85   M   0  20    M    M    M  5.9  9 120   M    M   2         M  M
 9  98  73  86   M   0  21    M    M    M  7.2 13 140   M    M   0        20 140
10  98  73  86   M   0  21    M    M    M  7.6 12 160   M    M   1         M  M
11  98  73  86   M   0  21    M    M    M  7.4 14 140   M    M   2        18 140
12  96  68  82   M   0  17    M    M    M  8.5 18  60   M    M   4 18     29  60
13  73  65  69   M   0   4    M    M    M 10.0 16  50   M    M  10        22  50
14  81  68  75   M   0  10    M    M    M  3.9  8  90   M    M   7         M  M
15  88  68  78   M   0  13    M    M    M  3.1  6 300   M    M   3 1       M  M
16  93  73  83   M   0  18    M    M    M  5.9 17 140   M    M   5        18  70
17  88  75  82   M   0  17    M    M    M  5.1  8 210   M    M   7         M  M
18  96  73  85   M   0  20    M    M    M  6.6 12 170   M    M   5 13      M  M
19  93  73  83   M   0  18    M    M    M  7.9 16 100   M    M   6 13     17 110
20  93  75  84   M   0  19    M    M    M  6.6 10 130   M    M   7         M  M
21  93  73  83   M   0  18    M    M    M  6.1 13 110   M    M   6        18  70
================================================================================
SM 1942 1526         0 373    M     M    148.5          M       92
================================================================================
AV 92.5 72.7                               7.1 FASTST   M    M   4    MAX(MPH)
                                 MISC ---->    28   M                 39    M
================================================================================
NOTES:
# LAST OF SEVERAL OCCURRENCES

COLUMN 17 PEAK WIND IN M.P.H.

PRELIMINARY LOCAL CLIMATOLOGICAL DATA (WS FORM: F-6) , PAGE 2

                                          STATION:  UVALDE
                                          MONTH:    SEPTEMBER
                                          YEAR:     2014
                                          LATITUDE:   29 12 N
                                          LONGITUDE:  99 44 W

[TEMPERATURE DATA]      [PRECIPITATION DATA]       SYMBOLS USED IN COLUMN 16

AVERAGE MONTHLY: 82.6   TOTAL FOR MONTH:      M    1 = FOG OR MIST
DPTR FM NORMAL:     M   DPTR FM NORMAL:       M    2 = FOG REDUCING VISIBILITY
HIGHEST:    99 ON  1    GRTST 24HR    M  ON   M        TO 1/4 MILE OR LESS
LOWEST:     65 ON 13                               3 = THUNDER
                        SNOW, ICE PELLETS, HAIL    4 = ICE PELLETS
                        TOTAL MONTH:    M          5 = HAIL
                        GRTST 24HR    M  ON   M    6 = FREEZING RAIN OR DRIZZLE
                        GRTST DEPTH:  M  ON   M    7 = DUSTSTORM OR SANDSTORM:
                                                       VSBY 1/2 MILE OR LESS
                                                   8 = SMOKE OR HAZE
[NO. OF DAYS WITH]      [WEATHER - DAYS WITH]      9 = BLOWING SNOW
                                                   X = TORNADO
MAX 32 OR BELOW:   0    0.01 INCH OR MORE:   0
MAX 90 OR ABOVE:  16    0.10 INCH OR MORE:   0
MIN 32 OR BELOW:   0    0.50 INCH OR MORE:   0
MIN  0 OR BELOW:   0    1.00 INCH OR MORE:   0

[HDD (BASE 65) ]
TOTAL THIS MO.     0    CLEAR  (SCALE 0-3)   8
DPTR FM NORMAL     M    PTCLDY (SCALE 4-7)  12
TOTAL FM JUL 1     0    CLOUDY (SCALE 8-10)  1
DPTR FM NORMAL     M

[CDD (BASE 65) ]
TOTAL THIS MO.   373
DPTR FM NORMAL     M    [PRESSURE DATA]
TOTAL FM JAN 1  2851    HIGHEST SLP M ON M
DPTR FM NORMAL     M    LOWEST  SLP M ON M

[REMARKS]
