000
CXUS55 KGJT 231000
CF6VEL
PRELIMINARY LOCAL CLIMATOLOGICAL DATA (WS FORM: F-6)

                                          STATION:   VERNAL UT
                                          MONTH:     JUNE
                                          YEAR:      2017
                                          LATITUDE:   40 27 N
                                          LONGITUDE: 109 31 W

  TEMPERATURE IN F:       :PCPN:    SNOW:  WIND      :SUNSHINE: SKY     :PK WND
================================================================================
1   2   3   4   5  6A  6B    7    8   9   10  11  12  13   14  15   16   17  18
                                     12Z  AVG MX 2MIN
DY MAX MIN AVG DEP HDD CDD  WTR  SNW DPTH SPD SPD DIR MIN PSBL S-S WX    SPD DR
================================================================================

 1  82  47  65   4   0   0 0.00    M    M  6.2 30 260   M    M   1        39 260
 2  84  49  67   5   0   2    T    M    M  4.9 16  30   M    M   1        19  40
 3  85  48  67   5   0   2 0.00    M    M  4.1 12 320   M    M   0        14 320
 4  91  52  72  10   0   7    T    M    M  3.9 33 270   M    M   0 8      46 260
 5  92  52  72  10   0   7    T    M    M  6.7 20 340   M    M   0        24  10
 6  91  55  73  10   0   8    T    M    M  6.4 21 320   M    M   0        27 310
 7  93  61  77  14   0  12    T    M    M  6.8 15 220   M    M   0        21 200
 8  90  57  74  11   0   9 0.00    M    M  6.9 16 220   M    M   0        22 220
 9  92  51  72   9   0   7 0.00    M    M 13.4 30 260   M    M   0        40 200
10  92  59  76  12   0  11 0.00    M    M 10.3 29 240   M    M   0        37 240
11  89  61  75  11   0  10 0.00    M    M 13.8 28 210   M    M   0        35 220
12  77  46  62  -2   3   0 0.00    M    M 11.3 37 280   M    M   0 8      49 250
13  70  40  55 -10  10   0    T    M    M 12.8 32 230   M    M   3        42 230
14  84  43  64  -1   1   0 0.00    M    M  7.1 23 230   M    M   1        30 220
15  90  46  68   3   0   3 0.00    M    M  7.5 21 280   M    M   0        26 210
16  93  54  74   8   0   9 0.00    M    M  7.9 28 250   M    M   0        35 250
17  89  57  73   7   0   8 0.00    M    M  9.5 29 250   M    M   0        35 250
18  89  51  70   4   0   5 0.00    M    M  6.2 22 360   M    M   0        30 350
19  91  54  73   7   0   8 0.00    M    M  4.1  9 140   M    M   0        16 150
20  98  57  78  11   0  13    T    M    M  5.2 16  20   M    M   0        20 310
21  97  59  78  11   0  13 0.00    M    M  5.2 17 250   M    M   0        21 250
22  97  60  79  12   0  14    T    M    M  7.9 26 290   M    M   0        35 270
================================================================================
SM 1956 1159        14 148    T     M    168.1          M        6
================================================================================
AV 88.9 52.7                               7.6 FASTST   M    M   0    MAX(MPH)
                                 MISC ---->  # 37 280               # 49  250
================================================================================
NOTES:
# LAST OF SEVERAL OCCURRENCES

COLUMN 17 PEAK WIND IN M.P.H.

PRELIMINARY LOCAL CLIMATOLOGICAL DATA (WS FORM: F-6) , PAGE 2

                                          STATION:  VERNAL UT
                                          MONTH:    JUNE
                                          YEAR:     2017
                                          LATITUDE:   40 27 N
                                          LONGITUDE: 109 31 W

[TEMPERATURE DATA]      [PRECIPITATION DATA]       SYMBOLS USED IN COLUMN 16

AVERAGE MONTHLY: 70.8   TOTAL FOR MONTH:      T    1 = FOG OR MIST
DPTR FM NORMAL:   6.6   DPTR FM NORMAL:   -0.63    2 = FOG REDUCING VISIBILITY
HIGHEST:    98 ON 20    GRTST 24HR    T  ON 22-22      TO 1/4 MILE OR LESS
LOWEST:     40 ON 13                               3 = THUNDER
                        SNOW, ICE PELLETS, HAIL    4 = ICE PELLETS
                        TOTAL MONTH:    M          5 = HAIL
                        GRTST 24HR    M  ON   M    6 = FREEZING RAIN OR DRIZZLE
                        GRTST DEPTH:  M  ON   M    7 = DUSTSTORM OR SANDSTORM:
                                                       VSBY 1/2 MILE OR LESS
                                                   8 = SMOKE OR HAZE
[NO. OF DAYS WITH]      [WEATHER - DAYS WITH]      9 = BLOWING SNOW
                                                   X = TORNADO
MAX 32 OR BELOW:   0    0.01 INCH OR MORE:   0
MAX 90 OR ABOVE:  13    0.10 INCH OR MORE:   0
MIN 32 OR BELOW:   0    0.50 INCH OR MORE:   0
MIN  0 OR BELOW:   0    1.00 INCH OR MORE:   0

[HDD (BASE 65) ]
TOTAL THIS MO.    14    CLEAR  (SCALE 0-3)  21
DPTR FM NORMAL   -51    PTCLDY (SCALE 4-7)   1
TOTAL FM JUL 1  6483    CLOUDY (SCALE 8-10)  0
DPTR FM NORMAL  -730

[CDD (BASE 65) ]
TOTAL THIS MO.   148
DPTR FM NORMAL   101    [PRESSURE DATA]
TOTAL FM JAN 1   154    HIGHEST SLP M ON M
DPTR FM NORMAL    98    LOWEST  SLP 29.47 ON M

[REMARKS]
