000
CXUS55 KGJT 011000
CF6VEL
PRELIMINARY LOCAL CLIMATOLOGICAL DATA (WS FORM: F-6)

                                          STATION:   VERNAL UT
                                          MONTH:     APRIL
                                          YEAR:      2016
                                          LATITUDE:   40 27 N
                                          LONGITUDE: 109 31 W

  TEMPERATURE IN F:       :PCPN:    SNOW:  WIND      :SUNSHINE: SKY     :PK WND
================================================================================
1   2   3   4   5  6A  6B    7    8   9   10  11  12  13   14  15   16   17  18
                                     12Z  AVG MX 2MIN
DY MAX MIN AVG DEP HDD CDD  WTR  SNW DPTH SPD SPD DIR MIN PSBL S-S WX    SPD DR
================================================================================

 1  50  31  41  -2  24   0    T    M    M  2.6 10 150   M    M   5 1      17 160
 2  57  28  43   0  22   0 0.00    M    M  3.9 13 250   M    M   0        18 180
 3  65  31  48   5  17   0 0.00    M    M  4.8 17 350   M    M   2        21 350
 4  69  37  53  10  12   0    T    M    M  5.2 35 270   M    M   1        47 270
 5  59  37  48   4  17   0 0.00    M    M  8.1 30 350   M    M   1        40 330
 6  65  28  47   3  18   0 0.00    M    M  4.6 12 310   M    M   0        13 140
 7  69  34  52   8  13   0 0.00    M    M  4.5 12 150   M    M   0        20 330
 8  72  42  57  13   8   0 0.00    M    M  6.9 21  80   M    M   1        24  60
 9  67  44  56  11   9   0    T    M    M  6.2 23 240   M    M   5 8      31 240
10  66  44  55  10  10   0 0.02    M    M  6.0 23 230   M    M   6        30 230
11  65  39  52   7  13   0    T    M    M  5.2 20 320   M    M   7        23 300
12  69  41  55   9  10   0 0.00    M    M  5.1 22 360   M    M   4        27 350
13  72  39  56  10   9   0    T    M    M  5.1 22 160   M    M   3        31 160
14  69  38  54   8  11   0 0.16    M    M  9.5 30 270   M    M   6 38     41 260
15  53  36  45  -1  20   0 0.00    M    M 11.3 31  20   M    M   4        38  20
16  51  38  45  -2  20   0 0.00    M    M 20.7 32  40   M    M   6        43  40
17  49  35  42  -5  23   0    T    M    M 15.1 28  10   M    M   8        37  40
18  51  33  42  -5  23   0 0.00    M    M  7.6 18  80   M    M   8        24  80
19  50  34  42  -6  23   0 0.12    M    M  3.8  8 300   M    M   9 1      11  20
20  64  42  53   5  12   0 0.06    M    M  2.4  9 310   M    M   7 1      14 110
21  72  38  55   7  10   0 0.00    M    M  4.2 13 140   M    M   0        16 150
22  77  43  60  11   5   0 0.00    M    M  7.1 24 200   M    M   0        33 230
23  63  41  52   3  13   0    T    M    M 11.4 29 270   M    M   5        42 260
24  64  33  49   0  16   0 0.00    M    M  6.3 16  50   M    M   3        21  50
25  62  42  52   2  13   0 0.07    M    M  7.1 22 230   M    M   6 3      30 230
26  48  36  42  -8  23   0 0.19    M    M  5.6 20  40   M    M   9 1      24  50
27  57  34  46  -4  19   0 0.00    M    M  4.5 17 350   M    M   4        22 350
28  47  38  43  -8  22   0 0.21    M    M 10.7 20  40   M    M   7 1      24  40
29  54  38  46  -5  19   0 0.09    M    M  7.6 21 360   M    M   7        24 360
30  49  34  42  -9  23   0 0.00    M    M 11.9 26  40   M    M   7        34  20
================================================================================
SM 1825 1108       477   0  0.92    M    215.0          M      131
================================================================================
AV 60.8 36.9                               7.2 FASTST   M    M   4    MAX(MPH)
                                 MISC ---->  # 35 270               # 47  270
================================================================================
NOTES:
# LAST OF SEVERAL OCCURRENCES

COLUMN 17 PEAK WIND IN M.P.H.

PRELIMINARY LOCAL CLIMATOLOGICAL DATA (WS FORM: F-6) , PAGE 2

                                          STATION:  VERNAL UT
                                          MONTH:    APRIL
                                          YEAR:     2016
                                          LATITUDE:   40 27 N
                                          LONGITUDE: 109 31 W

[TEMPERATURE DATA]      [PRECIPITATION DATA]       SYMBOLS USED IN COLUMN 16

AVERAGE MONTHLY: 48.9   TOTAL FOR MONTH:   0.92    1 = FOG OR MIST
DPTR FM NORMAL:   2.2   DPTR FM NORMAL:    0.10    2 = FOG REDUCING VISIBILITY
HIGHEST:    77 ON 22    GRTST 24HR  0.25 ON 25-26      TO 1/4 MILE OR LESS
LOWEST:     28 ON  6, 2                            3 = THUNDER
                        SNOW, ICE PELLETS, HAIL    4 = ICE PELLETS
                        TOTAL MONTH:    M          5 = HAIL
                        GRTST 24HR    M  ON   M    6 = FREEZING RAIN OR DRIZZLE
                        GRTST DEPTH:  M  ON   M    7 = DUSTSTORM OR SANDSTORM:
                                                       VSBY 1/2 MILE OR LESS
                                                   8 = SMOKE OR HAZE
[NO. OF DAYS WITH]      [WEATHER - DAYS WITH]      9 = BLOWING SNOW
                                                   X = TORNADO
MAX 32 OR BELOW:   0    0.01 INCH OR MORE:   8
MAX 90 OR ABOVE:   0    0.10 INCH OR MORE:   4
MIN 32 OR BELOW:   4    0.50 INCH OR MORE:   0
MIN  0 OR BELOW:   0    1.00 INCH OR MORE:   0

[HDD (BASE 65) ]
TOTAL THIS MO.   477    CLEAR  (SCALE 0-3)  10
DPTR FM NORMAL   -71    PTCLDY (SCALE 4-7)  17
TOTAL FM JUL 1  6571    CLOUDY (SCALE 8-10)  3
DPTR FM NORMAL  -308

[CDD (BASE 65) ]
TOTAL THIS MO.     0
DPTR FM NORMAL     0    [PRESSURE DATA]
TOTAL FM JAN 1     0    HIGHEST SLP 30.44 ON  6
DPTR FM NORMAL     0    LOWEST  SLP 29.40 ON 25

[REMARKS]
#FINAL-04-16#
