000
CXUS55 KGJT 311000
CF6VEL
PRELIMINARY LOCAL CLIMATOLOGICAL DATA (WS FORM: F-6)

                                          STATION:   VERNAL UT
                                          MONTH:     OCTOBER
                                          YEAR:      2014
                                          LATITUDE:   40 27 N
                                          LONGITUDE: 109 31 W

  TEMPERATURE IN F:       :PCPN:    SNOW:  WIND      :SUNSHINE: SKY     :PK WND
================================================================================
1   2   3   4   5  6A  6B    7    8   9   10  11  12  13   14  15   16   17  18
                                     12Z  AVG MX 2MIN
DY MAX MIN AVG DEP HDD CDD  WTR  SNW DPTH SPD SPD DIR MIN PSBL S-S WX    SPD DR
================================================================================

 1  55  39  47  -7  18   0 0.01    M    M  8.5 22  10   M    M   7        30  20
 2  57  33  45  -9  20   0 0.00    M    M  3.8 10 150   M    M   1        16 230
 3  64  38  51  -2  14   0 0.00    M    M  4.4  8 270   M    M   0        11 130
 4  67  38  53   0  12   0 0.00    M    M  4.2  9 250   M    M   0        20 240
 5  70  40  55   3  10   0 0.00    M    M  3.4 10 240   M    M   0        12 240
 6  70  40  55   3  10   0 0.00    M    M  3.9  8 280   M    M   0         9  60
 7  71  41  56   4   9   0 0.00    M    M  3.9  8 280   M    M   0        10 140
 8  71  45  58   7   7   0 0.00    M    M  3.0  9 310   M    M   0        11 170
 9  67  49  58   7   7   0    T    M    M  2.8 10  60   M    M   4 8      14  50
10  67  44  56   6   9   0 0.00    M    M  4.0 10 350   M    M   4        13 350
11  69  42  56   6   9   0 0.00    M    M  4.0 10 240   M    M   0        16 270
12  60  37  49  -1  16   0    T    M    M  7.8 29 350   M    M   1        37 350
13  58  31  45  -4  20   0 0.00    M    M  3.8  9 130   M    M   0        12 160
14  64  33  49   0  16   0 0.00    M    M  3.6  9 120   M    M   0        13 130
15  66  37  52   3  13   0 0.00    M    M  2.9 14 220   M    M   0        18 230
16  69  42  56   8   9   0 0.00    M    M  4.6 10 170   M    M   0 8      13 120
17  70  39  55   7  10   0 0.00    M    M  3.2  8 290   M    M   0         9 260
18  64  37  51   3  14   0 0.00    M    M  3.7  8 280   M    M   0        12 210
19  69  35  52   5  13   0 0.00    M    M  3.3  9 290   M    M   0        11 310
20  69  36  53   6  12   0 0.00    M    M  3.7  8 300   M    M   1        11 160
21  68  42  55   9  10   0 0.04    M    M  6.0 24 270   M    M   4 38     36 270
22  61  40  51   5  14   0 0.00    M    M  4.0 10  10   M    M   1        13  20
23  64  35  50   4  15   0 0.00    M    M  3.1  7 270   M    M   0         9 140
24  70  37  54   9  11   0 0.00    M    M  4.1  8 270   M    M   0        10 160
25  70  39  55  10  10   0 0.00    M    M  3.4  8 260   M    M   0         9  40
26  66  38  52   8  13   0    T    M    M  7.8 22 290   M    M   1        29 250
27  52  32  42  -2  23   0 0.00    M    M  4.8 14 180   M    M   2        18 170
28  54  27  41  -2  24   0 0.00    M    M  3.7  8 290   M    M   0        11 290
29  57  25  41  -2  24   0 0.00    M    M  3.5 18 310   M    M   0        24 320
30  64  29  47   5  18   0 0.00    M    M  3.0  8 290   M    M   0         9 290
================================================================================
SM 1943 1120       410   0  0.05    M    125.9          M       26
================================================================================
AV 64.8 37.3                               4.2 FASTST   M    M   1    MAX(MPH)
                                 MISC ---->  # 29 350               # 37  350
================================================================================
NOTES:
# LAST OF SEVERAL OCCURRENCES

COLUMN 17 PEAK WIND IN M.P.H.

PRELIMINARY LOCAL CLIMATOLOGICAL DATA (WS FORM: F-6) , PAGE 2

                                          STATION:  VERNAL UT
                                          MONTH:    OCTOBER
                                          YEAR:     2014
                                          LATITUDE:   40 27 N
                                          LONGITUDE: 109 31 W

[TEMPERATURE DATA]      [PRECIPITATION DATA]       SYMBOLS USED IN COLUMN 16

AVERAGE MONTHLY: 51.1   TOTAL FOR MONTH:   0.05    1 = FOG OR MIST
DPTR FM NORMAL:   2.7   DPTR FM NORMAL:   -1.30    2 = FOG REDUCING VISIBILITY
HIGHEST:    71 ON  8, 7 GRTST 24HR  0.04 ON 21-21      TO 1/4 MILE OR LESS
LOWEST:     25 ON 29                               3 = THUNDER
                        SNOW, ICE PELLETS, HAIL    4 = ICE PELLETS
                        TOTAL MONTH:    M          5 = HAIL
                        GRTST 24HR    M  ON   M    6 = FREEZING RAIN OR DRIZZLE
                        GRTST DEPTH:  M  ON   M    7 = DUSTSTORM OR SANDSTORM:
                                                       VSBY 1/2 MILE OR LESS
                                                   8 = SMOKE OR HAZE
[NO. OF DAYS WITH]      [WEATHER - DAYS WITH]      9 = BLOWING SNOW
                                                   X = TORNADO
MAX 32 OR BELOW:   0    0.01 INCH OR MORE:   2
MAX 90 OR ABOVE:   0    0.10 INCH OR MORE:   0
MIN 32 OR BELOW:   5    0.50 INCH OR MORE:   0
MIN  0 OR BELOW:   0    1.00 INCH OR MORE:   0

[HDD (BASE 65) ]
TOTAL THIS MO.   410    CLEAR  (SCALE 0-3)  26
DPTR FM NORMAL   -90    PTCLDY (SCALE 4-7)   4
TOTAL FM JUL 1   529    CLOUDY (SCALE 8-10)  0
DPTR FM NORMAL  -153

[CDD (BASE 65) ]
TOTAL THIS MO.     0
DPTR FM NORMAL     0    [PRESSURE DATA]
TOTAL FM JAN 1   621    HIGHEST SLP M ON M
DPTR FM NORMAL   110    LOWEST  SLP 29.53 ON 26

[REMARKS]
