000
CXUS53 KSGF 280800
CF6VIH
PRELIMINARY LOCAL CLIMATOLOGICAL DATA (WS FORM: F-6)

                                          STATION:   VICHY-ROLLA MO
                                          MONTH:     APRIL
                                          YEAR:      2017
                                          LATITUDE:   38  7 N
                                          LONGITUDE:  91 46 W

  TEMPERATURE IN F:       :PCPN:    SNOW:  WIND      :SUNSHINE: SKY     :PK WND
================================================================================
1   2   3   4   5  6A  6B    7    8   9   10  11  12  13   14  15   16   17  18
                                     12Z  AVG MX 2MIN
DY MAX MIN AVG DEP HDD CDD  WTR  SNW DPTH SPD SPD DIR MIN PSBL S-S WX    SPD DR
================================================================================

 1  59  40  50  -1  15   0 0.00    M    M  7.8 13  60   M    M   6        16  60
 2  74  46  60   9   5   0 0.02    M    M  8.8 16 160   M    M   3        22 110
 3  67  54  61  10   4   0 0.30    M    M 11.4 22 280   M    M   8 13     31 290
 4  64  44  54   2  11   0 0.91    M    M  8.9 33 240   M    M   4 13     45 240
 5  61  40  51  -1  14   0 0.18    M    M 16.1 30 320   M    M   8 13     41 330
 6  57  40  49  -3  16   0 0.00    M    M 14.2 28 320   M    M   3        39 320
 7  63  35  49  -4  16   0 0.00    M    M  6.6 12 260   M    M   0        17 290
 8  77  44  61   8   4   0 0.00    M    M 14.9 26 180   M    M   0        34 170
 9  81  60  71  18   0   6 0.00    M    M 18.4 29 170   M    M   0        39 190
10  77  53  65  11   0   0    T    M    M 13.5 25 250   M    M   3 3      32 270
11  64  43  54   0  11   0 0.00    M    M  5.5 13 320   M    M   2        16 320
12  76  39  58   4   7   0 0.00    M    M  8.7 16 150   M    M   0        21 190
13  79  56  68  14   0   3 0.00    M    M  7.3 14 170   M    M   2        19 170
14  80  62  71  16   0   6 0.00    M    M  9.5 18 200   M    M   3        23 200
15  81  62  72  17   0   7 0.00    M    M 14.8 26 200   M    M   1        34 200
16  73  59  66  10   0   1 0.20    M    M  7.0 17 190   M    M   4 1      22 180
17  67  52  60   4   5   0    T    M    M  8.7 17  80   M    M   6        25  60
18  78  50  64   8   1   0 0.00    M    M  8.6 16 160   M    M   3        20 150
19  83  61  72  16   0   7 0.00    M    M 12.2 23 180   M    M   1        30 190
20  73  52  63   6   2   0 0.23    M    M  9.8 20 300   M    M   5 1      26 260
21  55  46  51  -6  14   0 0.97    M    M  8.7 20  90   M    M   9 1      26  90
22  55  41  48  -9  17   0 0.50    M    M  9.8 22  60   M    M   9 13     32  60
23  70  38  54  -4  11   0 0.00    M    M  6.5 17  30   M    M   0        22  20
24  76  39  58   0   7   0 0.00  0.0    0  6.9 17 180   M    M   0        20 170
25  80  54  67   9   0   2 0.00    M    M 15.4 26 180   M    M   0        35 170
26  68  44  56  -2   9   0 1.60    M    0 12.3 43 250   M    M   7 1238   58 250
27  62  42  52  -7  13   0 0.01    M    M  7.9 18 280   M    M   5 1      23 270
================================================================================
SM 1900 1296       182  32  4.92     0.0 280.2          M       92
================================================================================
AV 70.4 48.0                              10.4 FASTST   M    M   3    MAX(MPH)
                                 MISC ---->  # 43 250               # 58  250
================================================================================
NOTES:
# LAST OF SEVERAL OCCURRENCES

COLUMN 17 PEAK WIND IN M.P.H.

PRELIMINARY LOCAL CLIMATOLOGICAL DATA (WS FORM: F-6) , PAGE 2

                                          STATION:  VICHY-ROLLA MO
                                          MONTH:    APRIL
                                          YEAR:     2017
                                          LATITUDE:   38  7 N
                                          LONGITUDE:  91 46 W

[TEMPERATURE DATA]      [PRECIPITATION DATA]       SYMBOLS USED IN COLUMN 16

AVERAGE MONTHLY: 59.2   TOTAL FOR MONTH:   4.92    1 = FOG OR MIST
DPTR FM NORMAL:   4.4   DPTR FM NORMAL:    1.17    2 = FOG REDUCING VISIBILITY
HIGHEST:    83 ON 19    GRTST 24HR  1.60 ON 26-26      TO 1/4 MILE OR LESS
LOWEST:     35 ON  7                               3 = THUNDER
                        SNOW, ICE PELLETS, HAIL    4 = ICE PELLETS
                        TOTAL MONTH:   0.0 INCH    5 = HAIL
                        GRTST 24HR     0.0         6 = FREEZING RAIN OR DRIZZLE
                        GRTST DEPTH:   0           7 = DUSTSTORM OR SANDSTORM:
                                                       VSBY 1/2 MILE OR LESS
                                                   8 = SMOKE OR HAZE
[NO. OF DAYS WITH]      [WEATHER - DAYS WITH]      9 = BLOWING SNOW
                                                   X = TORNADO
MAX 32 OR BELOW:   0    0.01 INCH OR MORE:  10
MAX 90 OR ABOVE:   0    0.10 INCH OR MORE:   8
MIN 32 OR BELOW:   0    0.50 INCH OR MORE:   4
MIN  0 OR BELOW:   0    1.00 INCH OR MORE:   1

[HDD (BASE 65) ]
TOTAL THIS MO.   182    CLEAR  (SCALE 0-3)  13
DPTR FM NORMAL  -112    PTCLDY (SCALE 4-7)  11
TOTAL FM JUL 1  3671    CLOUDY (SCALE 8-10)  3
DPTR FM NORMAL -1027

[CDD (BASE 65) ]
TOTAL THIS MO.    32
DPTR FM NORMAL    11    [PRESSURE DATA]
TOTAL FM JAN 1    36    HIGHEST SLP M ON M
DPTR FM NORMAL    11    LOWEST  SLP 29.36 ON  4

[REMARKS]
