000
CXUS52 KFFC 271110
CF6VPC
PRELIMINARY LOCAL CLIMATOLOGICAL DATA (WS FORM: F-6)

                                          STATION:   CARTERSVILLE
                                          MONTH:     SEPTEMBER
                                          YEAR:      2016
                                          LATITUDE:   34  7 N
                                          LONGITUDE:  84 51 W

  TEMPERATURE IN F:       :PCPN:    SNOW:  WIND      :SUNSHINE: SKY     :PK WND
================================================================================
1   2   3   4   5  6A  6B    7    8   9   10  11  12  13   14  15   16   17  18
                                     12Z  AVG MX 2MIN
DY MAX MIN AVG DEP HDD CDD  WTR  SNW DPTH SPD SPD DIR MIN PSBL S-S WX    SPD DR
================================================================================

 1  95  70  83   7   0  18 0.01  0.0    M  2.7 13 360   M    M   4 3      19 360
 2  90  73  82   6   0  17    T    M    M  5.6 13 140   M    M   8        17 140
 3  85  67  76   0   0  11 0.00    M    M  3.4 12 180   M    M   5        16 190
 4  89  65  77   2   0  12 0.00    M    M  4.0 14 150   M    M   4        21 160
 5  91  63  77   2   0  12 0.00    M    M  2.0 10  50   M    M   1        14  40
 6  94  62  78   3   0  13 0.00    M    M  1.1  9 350   M    M   0        13 360
 7  95  63  79   4   0  14 0.00  0.0    M  0.6 10 180   M    M   2        12 170
 8  94  63  79   5   0  14 0.00  0.0    M  1.4  9 350   M    M   2        14 330
 9  94  62  78   4   0  13 0.00  0.0    M  1.9  9 180   M    M   1        14 200
10  94  63  79   5   0  14 0.00  0.0    M  2.5 14 360   M    M   3        19 180
11  89  67  78   5   0  13 0.00  0.0    M  3.2 13  10   M    M   2        18  10
12  93  63  78   5   0  13    T  0.0    M  2.5 17 180   M    M   4 3      25 190
13  90  66  78   5   0  13 0.00    M    M  4.2 14  60   M    M   1        18  50
14  95  65  80   8   0  15 0.00  0.0    M  2.7 13  30   M    M   1        19 140
15  96  66  81   9   0  16 0.00  0.0    M  2.5 13 170   M    M   0        16 110
16  91  68  80   9   0  15 0.00  0.0    M  4.6 14 170   M    M   2        19 140
17  87  64  76   5   0  11 0.00  0.0    M  4.4 14 140   M    M   7        18 130
18  83  68  76   5   0  11 2.75  0.0    M  3.5 16  30   M    M   9 123    20  30
19  88  66  77   7   0  12 0.00  0.0    M  2.7 16 360   M    M   5 1      20 360
20  90  64  77   7   0  12 0.00  0.0    M  1.6 10  40   M    M   2        15 360
21  92  63  78   9   0  13 0.00  0.0    M  2.1 12  20   M    M   2        15  20
22  92  65  79  10   0  14 0.00  0.0    M  2.2 13  20   M    M   1        16  40
23  92  65  79  10   0  14 0.00    M    M  2.0 10  10   M    M   0        15  20
24  93  62  78  10   0  13 0.00    M    M  1.2  8 340   M    M   0        11  20
25  93  63  78  10   0  13 0.00    M    M  1.7  9 150   M    M   0        12 140
26  88  66  77  10   0  12 0.00  0.0    M  2.6 17 340   M    M   1        24 340
================================================================================
SM 2373 1692         0 348  2.76     0.0  68.9          M       67
================================================================================
AV 91.3 65.1                               2.6 FASTST   M    M   3    MAX(MPH)
                                 MISC ---->  # 17 180               # 25  190
================================================================================
NOTES:
# LAST OF SEVERAL OCCURRENCES

COLUMN 17 PEAK WIND IN M.P.H.

PRELIMINARY LOCAL CLIMATOLOGICAL DATA (WS FORM: F-6) , PAGE 2

                                          STATION:  CARTERSVILLE
                                          MONTH:    SEPTEMBER
                                          YEAR:     2016
                                          LATITUDE:   34  7 N
                                          LONGITUDE:  84 51 W

[TEMPERATURE DATA]      [PRECIPITATION DATA]       SYMBOLS USED IN COLUMN 16

AVERAGE MONTHLY: 78.2   TOTAL FOR MONTH:   2.76    1 = FOG OR MIST
DPTR FM NORMAL:   6.0   DPTR FM NORMAL:   -0.34    2 = FOG REDUCING VISIBILITY
HIGHEST:    96 ON 15    GRTST 24HR  2.75 ON 17-18      TO 1/4 MILE OR LESS
LOWEST:     62 ON 24, 9                            3 = THUNDER
                        SNOW, ICE PELLETS, HAIL    4 = ICE PELLETS
                        TOTAL MONTH:   0.0 INCH    5 = HAIL
                        GRTST 24HR     0.0         6 = FREEZING RAIN OR DRIZZLE
                        GRTST DEPTH:  M  ON   M    7 = DUSTSTORM OR SANDSTORM:
                                                       VSBY 1/2 MILE OR LESS
                                                   8 = SMOKE OR HAZE
[NO. OF DAYS WITH]      [WEATHER - DAYS WITH]      9 = BLOWING SNOW
                                                   X = TORNADO
MAX 32 OR BELOW:   0    0.01 INCH OR MORE:   2
MAX 90 OR ABOVE:  19    0.10 INCH OR MORE:   1
MIN 32 OR BELOW:   0    0.50 INCH OR MORE:   1
MIN  0 OR BELOW:   0    1.00 INCH OR MORE:   1

[HDD (BASE 65) ]
TOTAL THIS MO.     0    CLEAR  (SCALE 0-3)  18
DPTR FM NORMAL    -8    PTCLDY (SCALE 4-7)   7
TOTAL FM JUL 1     0    CLOUDY (SCALE 8-10)  1
DPTR FM NORMAL    -8

[CDD (BASE 65) ]
TOTAL THIS MO.   348
DPTR FM NORMAL   153    [PRESSURE DATA]
TOTAL FM JAN 1  1946    HIGHEST SLP  0.00 ON 17
DPTR FM NORMAL   486    LOWEST  SLP 29.78 ON  2

[REMARKS]
