000
CXUS52 KMLB 201208
CF6VRB
PRELIMINARY LOCAL CLIMATOLOGICAL DATA (WS FORM: F-6)

                                          STATION:   VERO BEACH
                                          MONTH:     AUGUST
                                          YEAR:      2014
                                          LATITUDE:   27 39 N
                                          LONGITUDE:  80 25 W

  TEMPERATURE IN F:       :PCPN:    SNOW:  WIND      :SUNSHINE: SKY     :PK WND
================================================================================
1   2   3   4   5  6A  6B    7    8   9   10  11  12  13   14  15   16   17  18
                                     12Z  AVG MX 2MIN
DY MAX MIN AVG DEP HDD CDD  WTR  SNW DPTH SPD SPD DIR MIN PSBL S-S WX    SPD DR
================================================================================

 1  90  72  81  -1   0  16 0.00  0.0    0  7.5 18 120   M    M   1 1      27 120
 2  89  74  82   0   0  17    T  0.0    0  7.2 17  80   M    M   3        22  50
 3  88  76  82   0   0  17 0.36  0.0    0  4.1 15 350   M    M   5 13     18 350
 4  87  73  80  -2   0  15 0.19  0.0    0  6.5 17 250   M    M   6 13     23 230
 5  89  74  82   0   0  17 0.01  0.0    0  7.2 23 270   M    M   2 3      27 260
 6  90  72  81  -1   0  16    T  0.0    0  4.9 13 110   M    M   1 13     16  70
 7  90  73  82   0   0  17 1.53  0.0    0  3.9 20 340   M    M   3 13     27 340
 8  90  70  80  -2   0  15 0.05  0.0    0  4.7 18 140   M    M   2 13     23 140
 9  89  73  81  -1   0  16 0.03  0.0    0  4.2 16 340   M    M   1 3      20 340
10  93  72  83   1   0  18 0.02  0.0    0  5.6 21 310   M    M   3 13     25 310
11  92  72  82   0   0  17 0.00  0.0    0  6.2 16 250   M    M   1        21 240
12  93  70  82   0   0  17 0.00  0.0    0  7.1 17 200   M    M   2        22 240
13  94  76  85   3   0  20 0.10  0.0    0  6.1 26 270   M    M   2 138    34 250
14  92  72  82   0   0  17 1.23  0.0    0  4.9 35 280   M    M   2 13     42 280
15  89  71  80  -2   0  15 0.52  0.0    0  4.5 24 240   M    M   3 138    37 280
16  90  71  81  -1   0  16 0.32  0.0    0  5.1 37 280   M    M   3 13     49 270
17  89  72  81  -1   0  16 0.00  0.0    0  5.5 15 140   M    M   0        18 140
18  92  74  83   1   0  18 0.52  0.0    0  4.7 18 350   M    M   1 13     21  20
19  93  75  84   2   0  19 0.00  0.0    0  6.7 14  50   M    M   1        19  40
================================================================================
SM 1719 1382         0 319  4.88     0.0 106.6          M       42
================================================================================
AV 90.5 72.7                               5.6 FASTST   M    M   2    MAX(MPH)
                                 MISC ---->  # 37 280               # 49  270
================================================================================
NOTES:
# LAST OF SEVERAL OCCURRENCES

COLUMN 17 PEAK WIND IN M.P.H.

PRELIMINARY LOCAL CLIMATOLOGICAL DATA (WS FORM: F-6) , PAGE 2

                                          STATION:  VERO BEACH
                                          MONTH:    AUGUST
                                          YEAR:     2014
                                          LATITUDE:   27 39 N
                                          LONGITUDE:  80 25 W

[TEMPERATURE DATA]      [PRECIPITATION DATA]       SYMBOLS USED IN COLUMN 16

AVERAGE MONTHLY: 81.6   TOTAL FOR MONTH:   4.88    1 = FOG OR MIST
DPTR FM NORMAL:  -0.4   DPTR FM NORMAL:    0.70    2 = FOG REDUCING VISIBILITY
HIGHEST:    94 ON 13    GRTST 24HR  1.65 ON 14-15      TO 1/4 MILE OR LESS
LOWEST:     70 ON 12, 8                            3 = THUNDER
                        SNOW, ICE PELLETS, HAIL    4 = ICE PELLETS
                        TOTAL MONTH:   0.0 INCH    5 = HAIL
                        GRTST 24HR     0.0         6 = FREEZING RAIN OR DRIZZLE
                        GRTST DEPTH:   0           7 = DUSTSTORM OR SANDSTORM:
                                                       VSBY 1/2 MILE OR LESS
                                                   8 = SMOKE OR HAZE
[NO. OF DAYS WITH]      [WEATHER - DAYS WITH]      9 = BLOWING SNOW
                                                   X = TORNADO
MAX 32 OR BELOW:   0    0.01 INCH OR MORE:  12
MAX 90 OR ABOVE:  12    0.10 INCH OR MORE:   8
MIN 32 OR BELOW:   0    0.50 INCH OR MORE:   4
MIN  0 OR BELOW:   0    1.00 INCH OR MORE:   2

[HDD (BASE 65) ]
TOTAL THIS MO.     0    CLEAR  (SCALE 0-3)  17
DPTR FM NORMAL     0    PTCLDY (SCALE 4-7)   2
TOTAL FM JUL 1     0    CLOUDY (SCALE 8-10)  0
DPTR FM NORMAL     0

[CDD (BASE 65) ]
TOTAL THIS MO.   319
DPTR FM NORMAL    -4    [PRESSURE DATA]
TOTAL FM JAN 1  2167    HIGHEST SLP M ON M
DPTR FM NORMAL    64    LOWEST  SLP 29.88 ON  4

[REMARKS]
