000
CXUS52 KMLB 250628
CF6VRB
PRELIMINARY LOCAL CLIMATOLOGICAL DATA (WS FORM: F-6)

                                          STATION:   VERO BEACH
                                          MONTH:     SEPTEMBER
                                          YEAR:      2016
                                          LATITUDE:   27 39 N
                                          LONGITUDE:  80 25 W

  TEMPERATURE IN F:       :PCPN:    SNOW:  WIND      :SUNSHINE: SKY     :PK WND
================================================================================
1   2   3   4   5  6A  6B    7    8   9   10  11  12  13   14  15   16   17  18
                                     12Z  AVG MX 2MIN
DY MAX MIN AVG DEP HDD CDD  WTR  SNW DPTH SPD SPD DIR MIN PSBL S-S WX    SPD DR
================================================================================

 1  90  74  82   1   0  17 0.27  0.0    0 10.5 32 130   M    M   3 138    44 160
 2  88  76  82   1   0  17 0.09  0.0    0 11.4 29 250   M    M   1 138    36 240
 3  94  75  85   4   0  20 0.91  0.0    0  5.9 18  40   M    M   3 13     24 270
 4  90  75  83   2   0  18    T  0.0    0  4.5 16 250   M    M   3 13     19 260
 5  89  75  82   1   0  17 0.36  0.0    0  6.5 15  40   M    M   5 13     21  80
 6  86  75  81   0   0  16 0.06  0.0    0  8.1 18 130   M    M   5 1      24 110
 7  88  78  83   2   0  18 0.00  0.0    0 10.3 16  60   M    M   2        21  60
 8  88  78  83   2   0  18 0.06  0.0    0  8.5 17  50   M    M   5 18     22 100
 9  89  77  83   2   0  18 0.00  0.0    0  7.5 15 120   M    M   1        20 120
10  89  77  83   2   0  18 0.00  0.0    0  7.2 14  60   M    M   1        17  50
11  89  75  82   1   0  17 0.00  0.0    0  6.6 15 110   M    M   1 3      20 100
12  89  77  83   2   0  18 0.20  0.0    0 10.2 24  40   M    M   4 18     34  70
13  86  76  81   0   0  16 0.26  0.0    0 11.8 26 150   M    M   7 138    33 150
14  92  75  84   3   0  19 0.53  0.0    0  5.5 21 230   M    M   3 13     26 230
15  90  74  82   1   0  17 0.13  0.0    0  4.9 21 340   M    M   3 38     24 340
16  90  76  83   2   0  18 0.00  0.0    0  3.9 14  40   M    M   3 13     16  40
17  91  76  84   3   0  19 0.00  0.0    0  4.9 14  60   M    M   3 12     17  60
18  90  75  83   2   0  18 0.00  0.0    0  4.4 12  60   M    M   1 12     14  60
19  93  74  84   3   0  19 0.99  0.0    0  3.8 22 290   M    M   3 138    28 220
20  91  73  82   2   0  17 0.00  0.0    0  4.3 13 290   M    M   2 13     15 280
21  89  74  82   2   0  17 0.28  0.0    0  3.9 14 170   M    M   2 13     18 190
22  90  74  82   2   0  17 0.08  0.0    0  3.1 12 110   M    M   2 13     14  60
23  91  75  83   3   0  18 0.01  0.0    0  3.0 13 130   M    M   2 38     15 110
24  90  75  83   3   0  18 0.08  0.0    0  4.4 13  70   M    M   2 13     15  60
================================================================================
SM 2152 1809         0 425  4.31     0.0 155.1          M       67
================================================================================
AV 89.7 75.4                               6.5 FASTST   M    M   3    MAX(MPH)
                                 MISC ---->  # 32 130               # 44  160
================================================================================
NOTES:
# LAST OF SEVERAL OCCURRENCES

COLUMN 17 PEAK WIND IN M.P.H.

PRELIMINARY LOCAL CLIMATOLOGICAL DATA (WS FORM: F-6) , PAGE 2

                                          STATION:  VERO BEACH
                                          MONTH:    SEPTEMBER
                                          YEAR:     2016
                                          LATITUDE:   27 39 N
                                          LONGITUDE:  80 25 W

[TEMPERATURE DATA]      [PRECIPITATION DATA]       SYMBOLS USED IN COLUMN 16

AVERAGE MONTHLY: 82.5   TOTAL FOR MONTH:   4.31    1 = FOG OR MIST
DPTR FM NORMAL:   1.7   DPTR FM NORMAL:   -1.12    2 = FOG REDUCING VISIBILITY
HIGHEST:    94 ON  3    GRTST 24HR  0.99 ON 19-19      TO 1/4 MILE OR LESS
LOWEST:     73 ON 20                               3 = THUNDER
                        SNOW, ICE PELLETS, HAIL    4 = ICE PELLETS
                        TOTAL MONTH:   0.0 INCH    5 = HAIL
                        GRTST 24HR     0.0         6 = FREEZING RAIN OR DRIZZLE
                        GRTST DEPTH:   0           7 = DUSTSTORM OR SANDSTORM:
                                                       VSBY 1/2 MILE OR LESS
                                                   8 = SMOKE OR HAZE
[NO. OF DAYS WITH]      [WEATHER - DAYS WITH]      9 = BLOWING SNOW
                                                   X = TORNADO
MAX 32 OR BELOW:   0    0.01 INCH OR MORE:  15
MAX 90 OR ABOVE:  13    0.10 INCH OR MORE:   9
MIN 32 OR BELOW:   0    0.50 INCH OR MORE:   3
MIN  0 OR BELOW:   0    1.00 INCH OR MORE:   0

[HDD (BASE 65) ]
TOTAL THIS MO.     0    CLEAR  (SCALE 0-3)  18
DPTR FM NORMAL     0    PTCLDY (SCALE 4-7)   6
TOTAL FM JUL 1     0    CLOUDY (SCALE 8-10)  0
DPTR FM NORMAL     0

[CDD (BASE 65) ]
TOTAL THIS MO.   425
DPTR FM NORMAL    45    [PRESSURE DATA]
TOTAL FM JAN 1  3015    HIGHEST SLP M ON M
DPTR FM NORMAL   337    LOWEST  SLP 29.79 ON  2

[REMARKS]
