000
CXUS51 KAKQ 301010
CF6WAL
PRELIMINARY LOCAL CLIMATOLOGICAL DATA (WS FORM: F-6)

                                          STATION:   WALLOPS ISLAND VA
                                          MONTH:     AUGUST
                                          YEAR:      2014
                                          LATITUDE:   37 55 N
                                          LONGITUDE:  75 28 W

  TEMPERATURE IN F:       :PCPN:    SNOW:  WIND      :SUNSHINE: SKY     :PK WND
================================================================================
1   2   3   4   5  6A  6B    7    8   9   10  11  12  13   14  15   16   17  18
                                     12Z  AVG MX 2MIN
DY MAX MIN AVG DEP HDD CDD  WTR  SNW DPTH SPD SPD DIR MIN PSBL S-S WX    SPD DR
================================================================================

 1  79  65  72  -5   0   7 0.81  0.0    0  7.1 18 130   M    M   5 1      25 130
 2  77  64  71  -6   0   6 1.53  0.0    0  6.9 13 100   M    M  10 1      19  40
 3  82  72  77   0   0  12 0.51  0.0    0  5.4 18 240   M    M   7 1      23 240
 4  84  70  77   0   0  12 0.00  0.0    0  6.3 14 200   M    M   2 1      17 150
 5  83  69  76   0   0  11 0.00  0.0    0  5.3 12 120   M    M   4 128    30 320
 6  87  71  79   3   0  14 0.00  0.0    0  3.6  9 350   M    M   2 18     11 340
 7  83  66  75  -1   0  10 0.00  0.0    0  4.3 12  30   M    M   2        14  30
 8  82  65  74  -2   0   9 0.00  0.0    0  4.6  9 160   M    M   2        12 140
 9  83  67  75  -1   0  10    T  0.0    0  3.7 10 220   M    M   7        14 200
10  82  63  73  -3   0   8 0.00  0.0    0  4.3 13 150   M    M   1        16 140
11  82  62  72  -4   0   7 0.00  0.0    0  8.0 15 150   M    M   2        20 150
12  83  74  79   3   0  14 0.10  0.0    0 12.7 24 150   M    M   7 1      31 150
13  85  70  78   2   0  13 0.00  0.0    0  8.1 18 310   M    M   4        25 300
14  82  63  73  -3   0   8 0.07  0.0    0  8.3 17 220   M    M   2 1      23 220
15  81  64  73  -3   0   8 0.00  0.0    0  6.1 15 310   M    M   1        20 320
16  84  69  77   1   0  12 0.00  0.0    0  6.0 17 210   M    M   2 1      22 210
17  89  69  79   3   0  14 0.00  0.0    0  6.4 15 280   M    M   2 1      19 270
18  84  70  77   2   0  12    T  0.0    0  6.9 15 150   M    M   6        18 100
19  80  72  76   1   0  11 0.10  0.0    0 11.2 21  70   M    M   7 1      25  70
20  83  66  75   0   0  10 0.00  0.0    0  7.6 16 150   M    M   1        20 150
21  85  73  79   4   0  14 0.38  0.0    0  6.8 15 170   M    M   6 13     17 150
22  86  72  79   4   0  14 0.97  0.0    0  7.5 17  80   M    M   7 13     24 330
23  81  70  76   1   0  11 0.01  0.0    0 13.8 22  70   M    M   6        27  90
24  78  63  71  -4   0   6 0.00  0.0    0 14.4 28  60   M    M   5 8      33  70
25  80  62  71  -4   0   6 0.00  0.0    0 11.0 24  80   M    M   4        30  80
26  80  62  71  -3   0   6 0.00  0.0    0  7.2 14  90   M    M   1        18  90
27  84  63  74   0   0   9 0.00  0.0    0  5.1 12 170   M    M   0 1      14  50
28  87  68  78   4   0  13 0.00  0.0    0  6.6 15 320   M    M   1        19 320
29  82  62  72  -2   0   7 0.00  0.0    0  6.7 15  80   M    M   1        19 100
================================================================================
SM 2398 1946         0 294  4.48     0.0 211.9          M      107
================================================================================
AV 82.7 67.1                               7.3 FASTST   M    M   4    MAX(MPH)
                                 MISC ---->  # 28  60               # 33   70
================================================================================
NOTES:
# LAST OF SEVERAL OCCURRENCES

COLUMN 17 PEAK WIND IN M.P.H.

PRELIMINARY LOCAL CLIMATOLOGICAL DATA (WS FORM: F-6) , PAGE 2

                                          STATION:  WALLOPS ISLAND VA
                                          MONTH:    AUGUST
                                          YEAR:     2014
                                          LATITUDE:   37 55 N
                                          LONGITUDE:  75 28 W

[TEMPERATURE DATA]      [PRECIPITATION DATA]       SYMBOLS USED IN COLUMN 16

AVERAGE MONTHLY: 74.9   TOTAL FOR MONTH:   4.48    1 = FOG OR MIST
DPTR FM NORMAL:  -0.7   DPTR FM NORMAL:    0.51    2 = FOG REDUCING VISIBILITY
HIGHEST:    89 ON 17    GRTST 24HR  2.30 ON  1- 2      TO 1/4 MILE OR LESS
LOWEST:     62 ON 29,26                            3 = THUNDER
                        SNOW, ICE PELLETS, HAIL    4 = ICE PELLETS
                        TOTAL MONTH:   0.0 INCH    5 = HAIL
                        GRTST 24HR     0.0         6 = FREEZING RAIN OR DRIZZLE
                        GRTST DEPTH:   0           7 = DUSTSTORM OR SANDSTORM:
                                                       VSBY 1/2 MILE OR LESS
                                                   8 = SMOKE OR HAZE
[NO. OF DAYS WITH]      [WEATHER - DAYS WITH]      9 = BLOWING SNOW
                                                   X = TORNADO
MAX 32 OR BELOW:   0    0.01 INCH OR MORE:   9
MAX 90 OR ABOVE:   0    0.10 INCH OR MORE:   7
MIN 32 OR BELOW:   0    0.50 INCH OR MORE:   4
MIN  0 OR BELOW:   0    1.00 INCH OR MORE:   1

[HDD (BASE 65) ]
TOTAL THIS MO.     0    CLEAR  (SCALE 0-3)  15
DPTR FM NORMAL     0    PTCLDY (SCALE 4-7)  13
TOTAL FM JUL 1     0    CLOUDY (SCALE 8-10)  1
DPTR FM NORMAL     0

[CDD (BASE 65) ]
TOTAL THIS MO.   294
DPTR FM NORMAL   -15    [PRESSURE DATA]
TOTAL FM JAN 1  1073    HIGHEST SLP M ON M
DPTR FM NORMAL    90    LOWEST  SLP 29.73 ON 13

[REMARKS]
