000
CXUS51 KAKQ 280710
CF6WAL
PRELIMINARY LOCAL CLIMATOLOGICAL DATA (WS FORM: F-6)
STATION: WALLOPS ISLAND VA
MONTH: MARCH
YEAR: 2024
LATITUDE: 37 55 N
LONGITUDE: 75 28 W
TEMPERATURE IN F: :PCPN: SNOW: WIND :SUNSHINE: SKY :PK WND
================================================================================
1 2 3 4 5 6A 6B 7 8 9 10 11 12 13 14 15 16 17 18
12Z AVG MX 2MIN
DY MAX MIN AVG DEP HDD CDD WTR SNW DPTH SPD SPD DIR MIN PSBL S-S WX SPD DR
================================================================================
1 48 27 38 -4 27 0 0.02 0.0 0 8.1 17 120 M M 3 24 120
2 59 46 53 11 12 0 1.47 0.0 0 12.7 28 120 M M 8 1 40 110
3 62 41 52 9 13 0 0.00 0.0 0 4.7 16 140 M M 1 1 21 140
4 56 43 50 7 15 0 0.52 0.0 0 15.0 28 50 M M 6 1 39 40
5 55 48 52 9 13 0 0.38 0.0 0 11.8 30 60 M M 10 12 39 60
6 58 47 53 10 12 0 2.43 0.0 0 8.6 25 190 M M 10 12 41 90
7 59 50 55 11 10 0 0.01 0.0 0 7.4 16 10 M M 10 1 23 360
8 53 43 48 4 17 0 0.00 0.0 0 12.8 23 50 M M 4 30 60
9 57 44 51 7 14 0 0.70 0.0 0 14.2 25 160 M M 9 1 40 160
10 55 41 48 4 17 0 T 0.0 0 15.5 31 300 M M 7 1 52 290
11 55 40 48 4 17 0 0.00 0.0 0 16.4 30 300 M M 2 48 280
12 69 41 55 10 10 0 0.00 0.0 0 8.7 18 290 M M 0 29 290
13 74 45 60 15 5 0 0.00 0.0 0 7.9 15 180 M M 1 19 190
14 78 43 61 16 4 0 0.00 0.0 0 7.8 16 190 M M 1 21 190
15 77 55 66 21 0 1 0.05 0.0 0 9.2 21 250 M M 3 1 36 240
16 61 45 53 7 12 0 0.18 0.0 0 11.2 24 50 M M 2 1 33 60
17 71 50 61 15 4 0 0.00 0.0 0 11.1 21 190 M M 2 30 190
18 57 39 48 2 17 0 0.00 0.0 0 11.4 22 320 M M 4 33 300
19 50 34 42 -4 23 0 0.00 0.0 0 11.9 22 310 M M 2 35 330
20 68 42 55 8 10 0 0.00 0.0 0 11.1 24 240 M M 0 41 230
21 50 32 41 -6 24 0 0.00 0.0 0 7.0 20 320 M M 0 29 310
22 56 28 42 -5 23 0 0.00 0.0 0 8.1 18 150 M M 6 26 160
23 58 38 48 1 17 0 0.83 0.0 0 16.9 31 140 M M 8 1 47 140
24 47 32 40 -8 25 0 0.00 0.0 0 14.5 26 50 M M 0 38 360
25 50 35 43 -5 22 0 0.00 0.0 0 19.5 26 60 M M 1 35 50
26 47 38 43 -5 22 0 0.00 0.0 0 12.5 22 50 M M 9 30 50
27 50 43 47 -2 18 0 0.13 0.0 0 6.6 16 110 M M 10 1 23 50
================================================================================
SM 1580 1110 403 1 6.72 0.0 302.6 M 119
================================================================================
AV 58.5 41.1 11.2 FASTST M M 4 MAX(MPH)
MISC ----> # 31 300 52 290
================================================================================
NOTES:
# LAST OF SEVERAL OCCURRENCES
COLUMN 17 PEAK WIND IN M.P.H.
PRELIMINARY LOCAL CLIMATOLOGICAL DATA (WS FORM: F-6) , PAGE 2
STATION: WALLOPS ISLAND VA
MONTH: MARCH
YEAR: 2024
LATITUDE: 37 55 N
LONGITUDE: 75 28 W
[TEMPERATURE DATA] [PRECIPITATION DATA] SYMBOLS USED IN COLUMN 16
AVERAGE MONTHLY: 49.8 TOTAL FOR MONTH: 6.72 1 = FOG OR MIST
DPTR FM NORMAL: 4.6 DPTR FM NORMAL: 3.28 2 = FOG REDUCING VISIBILITY
HIGHEST: 78 ON 14 GRTST 24HR 2.44 ON 6- 7 TO 1/4 MILE OR LESS
LOWEST: 27 ON 1 3 = THUNDER
SNOW, ICE PELLETS, HAIL 4 = ICE PELLETS
TOTAL MONTH: 0.0 INCH 5 = HAIL
GRTST 24HR 0.0 6 = FREEZING RAIN OR DRIZZLE
GRTST DEPTH: 0 7 = DUSTSTORM OR SANDSTORM:
VSBY 1/2 MILE OR LESS
8 = SMOKE OR HAZE
[NO. OF DAYS WITH] [WEATHER - DAYS WITH] 9 = BLOWING SNOW
X = TORNADO
MAX 32 OR BELOW: 0 0.01 INCH OR MORE: 11
MAX 90 OR ABOVE: 0 0.10 INCH OR MORE: 8
MIN 32 OR BELOW: 4 0.50 INCH OR MORE: 5
MIN 0 OR BELOW: 0 1.00 INCH OR MORE: 2
[HDD (BASE 65) ]
TOTAL THIS MO. 403 CLEAR (SCALE 0-3) 13
DPTR FM NORMAL -132 PTCLDY (SCALE 4-7) 6
TOTAL FM JUL 1 3004 CLOUDY (SCALE 8-10) 8
DPTR FM NORMAL -460
[CDD (BASE 65) ]
TOTAL THIS MO. 1
DPTR FM NORMAL 1 [PRESSURE DATA]
TOTAL FM JAN 1 1 HIGHEST SLP M ON M
DPTR FM NORMAL 1 LOWEST SLP 29.50 ON 9
[REMARKS]