000
CXUS51 KAKQ 221010
CF6WAL
PRELIMINARY LOCAL CLIMATOLOGICAL DATA (WS FORM: F-6)

                                          STATION:   WALLOPS ISLAND VA
                                          MONTH:     OCTOBER
                                          YEAR:      2014
                                          LATITUDE:   37 55 N
                                          LONGITUDE:  75 28 W

  TEMPERATURE IN F:       :PCPN:    SNOW:  WIND      :SUNSHINE: SKY     :PK WND
================================================================================
1   2   3   4   5  6A  6B    7    8   9   10  11  12  13   14  15   16   17  18
                                     12Z  AVG MX 2MIN
DY MAX MIN AVG DEP HDD CDD  WTR  SNW DPTH SPD SPD DIR MIN PSBL S-S WX    SPD DR
================================================================================

 1  74  61  68   4   0   3    T  0.0    0  8.4 17  70   M    M   4 12     21  80
 2  74  58  66   2   0   1 0.00  0.0    0  7.3 15  80   M    M   3 1      18  60
 3  73  56  65   1   0   0 0.09  0.0    0  8.3 17 170   M    M   4 1      22 170
 4  79  53  66   3   0   1 0.03  0.0    0 11.5 22 340   M    M   6 1      30 350
 5  64  42  53 -10  12   0 0.00  0.0    0  5.6 17 330   M    M   0        26 330
 6  71  51  61  -1   4   0 0.00  0.0    0 13.3 22 200   M    M   0        29 200
 7  73  59  66   4   0   1    T  0.0    0 13.5 24 220   M    M   2        32 230
 8  78  58  68   6   0   3 0.12  0.0    0  7.2 18 230   M    M   1 1      22 260
 9  73  50  62   1   3   0 0.00  0.0    0  5.4 13 220   M    M   1        19 360
10  75  62  69   8   0   4 0.08  0.0    0  4.8 14 210   M    M   9 1      17 210
11  70  57  64   3   1   0 0.07  0.0    0  8.3 16  20   M    M   9 1      29 290
12  65  54  60   0   5   0 0.00  0.0    0  9.7 20  60   M    M   3 18     30  50
13  76  64  70  10   0   5    T  0.0    0  8.6 15 190   M    M   7        19 190
14  80  67  74  14   0   9 0.00  0.0    0 11.6 18 170   M    M   3        26 150
15  76  68  72  13   0   7 0.35  0.0    0 13.3 29 190   M    M   9 13     33 200
16  74  57  66   7   0   1 0.08  0.0    0  7.8 16 280   M    M   0 1      23 230
17  74  54  64   5   1   0 0.00  0.0    0  7.1 16 200   M    M   1        21 210
18  75  54  65   7   0   0 0.00  0.0    0  9.7 20 350   M    M   3 18     26 320
19  59  41  50  -8  15   0 0.00  0.0    0 10.2 22 330   M    M   3        32 330
20  67  38  53  -5  12   0 0.00  0.0    0  6.5 20 200   M    M   2        23 190
21  74  57  66   9   0   1 0.29  0.0    0  6.8 18 300   M    M   4 13     24 300
================================================================================
SM 1524 1161        53  36  1.11     0.0 184.9          M       74
================================================================================
AV 72.6 55.3                               8.8 FASTST   M    M   4    MAX(MPH)
                                 MISC ---->  # 29 190               # 33  200
================================================================================
NOTES:
# LAST OF SEVERAL OCCURRENCES

COLUMN 17 PEAK WIND IN M.P.H.

PRELIMINARY LOCAL CLIMATOLOGICAL DATA (WS FORM: F-6) , PAGE 2

                                          STATION:  WALLOPS ISLAND VA
                                          MONTH:    OCTOBER
                                          YEAR:     2014
                                          LATITUDE:   37 55 N
                                          LONGITUDE:  75 28 W

[TEMPERATURE DATA]      [PRECIPITATION DATA]       SYMBOLS USED IN COLUMN 16

AVERAGE MONTHLY: 63.9   TOTAL FOR MONTH:   1.11    1 = FOG OR MIST
DPTR FM NORMAL:   3.2   DPTR FM NORMAL:   -1.01    2 = FOG REDUCING VISIBILITY
HIGHEST:    80 ON 14    GRTST 24HR  0.43 ON 15-16      TO 1/4 MILE OR LESS
LOWEST:     38 ON 20                               3 = THUNDER
                        SNOW, ICE PELLETS, HAIL    4 = ICE PELLETS
                        TOTAL MONTH:   0.0 INCH    5 = HAIL
                        GRTST 24HR     0.0         6 = FREEZING RAIN OR DRIZZLE
                        GRTST DEPTH:   0           7 = DUSTSTORM OR SANDSTORM:
                                                       VSBY 1/2 MILE OR LESS
                                                   8 = SMOKE OR HAZE
[NO. OF DAYS WITH]      [WEATHER - DAYS WITH]      9 = BLOWING SNOW
                                                   X = TORNADO
MAX 32 OR BELOW:   0    0.01 INCH OR MORE:   8
MAX 90 OR ABOVE:   0    0.10 INCH OR MORE:   3
MIN 32 OR BELOW:   0    0.50 INCH OR MORE:   0
MIN  0 OR BELOW:   0    1.00 INCH OR MORE:   0

[HDD (BASE 65) ]
TOTAL THIS MO.    53    CLEAR  (SCALE 0-3)  13
DPTR FM NORMAL   -64    PTCLDY (SCALE 4-7)   5
TOTAL FM JUL 1    58    CLOUDY (SCALE 8-10)  3
DPTR FM NORMAL   -90

[CDD (BASE 65) ]
TOTAL THIS MO.    36
DPTR FM NORMAL     8    [PRESSURE DATA]
TOTAL FM JAN 1  1348    HIGHEST SLP M ON M
DPTR FM NORMAL   156    LOWEST  SLP 29.60 ON  4

[REMARKS]
