000
CXUS56 KLKN 271009
CF6WMC
PRELIMINARY LOCAL CLIMATOLOGICAL DATA (WS FORM: F-6)

                                          STATION:   WINNEMUCCA AIRPORT NV
                                          MONTH:     JUNE
                                          YEAR:      2017
                                          LATITUDE:   40 54 N
                                          LONGITUDE: 117 48 W

  TEMPERATURE IN F:       :PCPN:    SNOW:  WIND      :SUNSHINE: SKY     :PK WND
================================================================================
1   2   3   4   5  6A  6B    7    8   9   10  11  12  13   14  15   16   17  18
                                     12Z  AVG MX 2MIN
DY MAX MIN AVG DEP HDD CDD  WTR  SNW DPTH SPD SPD DIR MIN PSBL S-S WX    SPD DR
================================================================================

 1  80  45  63   4   2   0 0.00  0.0    0  7.3 18 270   M    M   3        31 240
 2  86  41  64   4   1   0 0.00  0.0    0  4.3 12 150   M    M   0        14 280
 3  87  43  65   5   0   0 0.00  0.0    0  5.3 15 310   M    M   0        18 310
 4  87  41  64   4   1   0    T  0.0    0  9.2 29 280   M    M   1        38 280
 5  85  46  66   5   0   1 0.00  0.0    0  7.4 17  50   M    M   0        24  40
 6  92  45  69   8   0   4 0.00  0.0    0  6.2 16 210   M    M   0        20 260
 7  95  44  70   9   0   5 0.00  0.0    0  8.1 24 220   M    M   0        30 220
 8  75  51  63   1   2   0    T  0.0    0 12.0 25 220   M    M   4        32 280
 9  71  47  59  -3   6   0    T  0.0    0 10.3 28 280   M    M   6        35 280
10  72  39  56  -6   9   0 0.00  0.0    0 12.2 26 230   M    M   0        37 240
11  63  37  50 -12  15   0 0.44  0.0    0  9.8 24 270   M    M   6 1      30 280
12  50  38  44 -19  21   0 0.78  0.0    0 11.1 21 260   M    M  10 1      28 260
13  70  40  55  -8  10   0 0.00  0.0    0  7.5 18 230   M    M   2        24 240
14  81  39  60  -4   5   0 0.00  0.0    0  5.2 15 230   M    M   0        22 230
15  86  42  64   0   1   0 0.00  0.0    0  7.3 23 220   M    M   0        29 280
16  93  51  72   8   0   7 0.00  0.0    0  8.4 26 260   M    M   2        38 240
17  86  52  69   4   0   4 0.00  0.0    0  7.6 17  30   M    M   0        22  30
18  92  50  71   6   0   6 0.00  0.0    0  9.7 21  30   M    M   0        28  30
19 100  66  83  18   0  18    T  0.0    0 11.0 35 240   M    M   0 38     45 240
20 103  57  80  14   0  15    T  0.0    0  7.3 28 210   M    M   1 3      38 210
21  95  66  81  15   0  16 0.00  0.0    0 12.5 22 330   M    M   0        28 360
22  89  56  73   7   0   8 0.00  0.0    0 10.4 20  50   M    M   0        25  20
23  92  57  75   8   0  10 0.00  0.0    0  9.8 18  30   M    M   0        25  40
24  95  47  71   4   0   6 0.00  0.0    0  7.7 20  50   M    M   0        24  50
25  99  54  77   9   0  12 0.00  0.0    0  7.4 20  50   M    M   0        26  40
26  97  51  74   6   0   9 0.00  0.0    0 11.9 29 270   M    M   0        35 270
================================================================================
SM 2221 1245        73 121  1.22     0.0 226.9          M       35
================================================================================
AV 85.4 47.9                               8.7 FASTST   M    M   1    MAX(MPH)
                                 MISC ---->  # 35 240               # 45  240
================================================================================
NOTES:
# LAST OF SEVERAL OCCURRENCES

COLUMN 17 PEAK WIND IN M.P.H.

PRELIMINARY LOCAL CLIMATOLOGICAL DATA (WS FORM: F-6) , PAGE 2

                                          STATION:  WINNEMUCCA AIRPORT NV
                                          MONTH:    JUNE
                                          YEAR:     2017
                                          LATITUDE:   40 54 N
                                          LONGITUDE: 117 48 W

[TEMPERATURE DATA]      [PRECIPITATION DATA]       SYMBOLS USED IN COLUMN 16

AVERAGE MONTHLY: 66.7   TOTAL FOR MONTH:   1.22    1 = FOG OR MIST
DPTR FM NORMAL:   3.2   DPTR FM NORMAL:    0.70    2 = FOG REDUCING VISIBILITY
HIGHEST:   103 ON 20    GRTST 24HR  0.78 ON 12-12      TO 1/4 MILE OR LESS
LOWEST:     37 ON 11                               3 = THUNDER
                        SNOW, ICE PELLETS, HAIL    4 = ICE PELLETS
                        TOTAL MONTH:   0.0 INCH    5 = HAIL
                        GRTST 24HR     0.0         6 = FREEZING RAIN OR DRIZZLE
                        GRTST DEPTH:   0           7 = DUSTSTORM OR SANDSTORM:
                                                       VSBY 1/2 MILE OR LESS
                                                   8 = SMOKE OR HAZE
[NO. OF DAYS WITH]      [WEATHER - DAYS WITH]      9 = BLOWING SNOW
                                                   X = TORNADO
MAX 32 OR BELOW:   0    0.01 INCH OR MORE:   2
MAX 90 OR ABOVE:  11    0.10 INCH OR MORE:   2
MIN 32 OR BELOW:   0    0.50 INCH OR MORE:   1
MIN  0 OR BELOW:   0    1.00 INCH OR MORE:   0

[HDD (BASE 65) ]
TOTAL THIS MO.    73    CLEAR  (SCALE 0-3)  22
DPTR FM NORMAL   -27    PTCLDY (SCALE 4-7)   3
TOTAL FM JUL 1  6004    CLOUDY (SCALE 8-10)  1
DPTR FM NORMAL  -296

[CDD (BASE 65) ]
TOTAL THIS MO.   121
DPTR FM NORMAL    62    [PRESSURE DATA]
TOTAL FM JAN 1   128    HIGHEST SLP M ON M
DPTR FM NORMAL    58    LOWEST  SLP 29.45 ON 11

[REMARKS]
