000
CXUS53 KGJT 012058
CLACNY

CLIMATE REPORT
NATIONAL WEATHER SERVICE GRAND JUNCTION CO
659 AM MST MON JAN 1 2018

...................................

...THE CANYONLANDS AIRPORT UT CLIMATE SUMMARY FOR THE YEAR OF 2017...

CLIMATE NORMAL PERIOD 1981 TO 2010
CLIMATE RECORD PERIOD 9999 TO 9999

WEATHER         OBSERVED          NORMAL  DEPART  LAST YEAR`S
                 VALUE   DATE(S)  VALUE   FROM    VALUE  DATE(S)
                                          NORMAL
................................................................
TEMPERATURE (F)
RECORD
 HIGH              MM   MM
 LOW               MM   MM
HIGHEST           107   07/06        MM      MM      107  07/28
                                                          06/21
LOWEST             -8   12/22        MM      MM       -4  02/04
AVG. MAXIMUM     71.3              67.1     4.2     69.5
AVG. MINIMUM     42.1              39.4     2.7     42.4
MEAN             56.7              53.2     3.5     55.9
DAYS MAX >= 90    102              73.3    28.7       83
DAYS MAX <= 32      6              19.0   -13.0       16
DAYS MIN <= 32    112             136.6   -24.6      122
DAYS MIN <= 0       2               3.4    -1.4        4

PRECIPITATION (INCHES)
RECORD
 MAXIMUM           MM   MM
 MINIMUM           MM   MM
TOTALS           4.26              8.80   -4.54     6.38
DAILY AVG.       0.01              0.02   -0.01        T
DAYS >= .01        36                MM      MM       42
DAYS >= .10        12                MM      MM       20
DAYS >= .50         0                MM      MM        0
DAYS >= 1.00        0                MM      MM        0
GREATEST
 24 HR. TOTAL    0.45   MM                       12/31 TO 12/31
 STORM TOTAL       MM                                 MM

SNOWFALL (INCHES)
RECORDS
 TOTAL             MM   MM
 24 HR TOTAL       MM
 SNOW DEPTH        MM   MM
TOTALS             MM                MM      MM       MM
 LIQUID EQUIV      MM                MM      MM       MM
SINCE 7/1          MM                MM      MM       MM
 LIQUID 7/1        MM                MM      MM       MM
SNOWDEPTH AVG.     MM                MM      MM       MM
DAYS >= TRACE      MM                MM      MM       MM
DAYS >= 1.0        MM                MM      MM       MM
GREATEST
 SNOW DEPTH        MM                                 MM  MM
 24 HR TOTAL       MM                                 MM
 STORM TOTAL       MM                                 MM

DEGREE_DAYS
HEATING TOTAL    4657              5578    -921     4827
 SINCE 7/1       2144              2397    -253     1821
COOLING TOTAL    1729              1288     441     1627
 SINCE 1/1       1729              1289     440     1627

FREEZE DATES
RECORD
 EARLIEST     MM
 LATEST       MM
EARLIEST                        MM
LATEST                          MM
..................................................

WIND (MPH)
AVERAGE WIND SPEED              6.6
RESULTANT WIND SPEED/DIRECTION   2/252
HIGHEST WIND SPEED/DIRECTION    51/280    DATE  09/13
HIGHEST GUST SPEED/DIRECTION    66/280    DATE  08/10

SKY COVER
POSSIBLE SUNSHINE (PERCENT)   MM
AVERAGE SKY COVER           0.20
NUMBER OF DAYS FAIR          307
NUMBER OF DAYS PC             40
NUMBER OF DAYS CLOUDY         16

AVERAGE RH (PERCENT)     42

WEATHER CONDITIONS. NUMBER OF DAYS WITH
THUNDERSTORM             34     MIXED PRECIP               0
HEAVY RAIN                7     RAIN                      15
LIGHT RAIN               71     FREEZING RAIN              0
LT FREEZING RAIN          1     HAIL                       0
HEAVY SNOW                2     SNOW                       3
LIGHT SNOW               10     SLEET                      0
FOG                      37     FOG W/VIS <= 1/4 MILE     10
HAZE                     19

-  INDICATES NEGATIVE NUMBERS.
R  INDICATES RECORD WAS SET OR TIED.
MM INDICATES DATA IS MISSING.
T  INDICATES TRACE AMOUNT.

$$
