000
CXUS51 KALY 062012 CCA
CLADDH

CLIMATE REPORT...CORRECTED
NATIONAL WEATHER SERVICE ALBANY NY
312 PM EST WED JAN 6 2016

...................................

...THE BENNINGTON VT CLIMATE SUMMARY FOR THE YEAR OF 2015...

CLIMATE NORMAL PERIOD 1981 TO 2010
CLIMATE RECORD PERIOD 9999 TO 9999

WEATHER         OBSERVED          NORMAL  DEPART  LAST YEAR`S
                 VALUE   DATE(S)  VALUE   FROM    VALUE  DATE(S)
                                          NORMAL
................................................................
TEMPERATURE (F)
HIGHEST            91   09/08                         89  07/02
                                                          07/01
LOWEST            -19   02/24                        -17  01/04
                                                          01/03
AVG. MAXIMUM     57.9              56.5     1.4     55.9
AVG. MINIMUM     34.7              35.5    -0.8     34.9
MEAN             46.3              46.0     0.3     45.4
DAYS MAX >= 90      3               1.5     1.5        0
DAYS MAX <= 32     60              46.4    13.6       59
DAYS MIN <= 32    146             156.3   -10.3      151
DAYS MIN <= 0      32              10.8    21.2       19

PRECIPITATION (INCHES)
TOTALS          28.96             40.70  -11.74    36.96
DAILY AVG.       0.08              0.11   -0.03     0.10
DAYS >= .01       128                                150
DAYS >= .10        68                                 77
DAYS >= .50        12                                 29
DAYS >= 1.00        3                                  6
GREATEST
 24 HR. TOTAL    3.78   09/29 TO 09/30

DEGREE_DAYS
HEATING TOTAL    7108              7236    -128     7152
 SINCE 7/1       1343              2772   -1429     2517
COOLING TOTAL     444               312     132      308
 SINCE 1/1        444               312     132      308

FREEZE DATES
EARLIEST                        10/01
LATEST                          05/10
.................................................................

WIND (MPH)
AVERAGE WIND SPEED              4.9
HIGHEST WIND SPEED/DIRECTION    39/130    DATE  04/20
HIGHEST GUST SPEED/DIRECTION    68/330    DATE  02/07


WEATHER CONDITIONS. NUMBER OF DAYS WITH
THUNDERSTORM             21     MIXED PRECIP               0
HEAVY RAIN               31     RAIN                      44
LIGHT RAIN              126     FREEZING RAIN              3
LT FREEZING RAIN          4     HAIL                       0
HEAVY SNOW                4     SNOW                      15
LIGHT SNOW               52     SLEET                      0
FOG                     209     FOG W/VIS <= 1/4 MILE     44
HAZE                    105

-  INDICATES NEGATIVE NUMBERS.
R  INDICATES RECORD WAS SET OR TIED.
MM INDICATES DATA IS MISSING.
T  INDICATES TRACE AMOUNT.

$$
