671
CXUS53 KGLD 031243
CLAMCK

CLIMATE REPORT
NATIONAL WEATHER SERVICE GOODLAND
518 AM MST SUN JAN 3 2016

...................................

...THE MCCOOK CLIMATE SUMMARY FOR THE YEAR OF 2015...

CLIMATE NORMAL PERIOD 1981 TO 2010
CLIMATE RECORD PERIOD 1896 TO 2015

WEATHER         OBSERVED          NORMAL  DEPART  LAST YEAR`S
                 VALUE   DATE(S)  VALUE   FROM    VALUE  DATE(S)
                                          NORMAL
................................................................
TEMPERATURE (F)
RECORD
 HIGH             115   06/26/2012
 LOW              -30   01/12/1912
HIGHEST           106   07/05       105       1      104  07/24
LOWEST             -5   01/04       -10       5      -15  12/31
                                                          02/06
AVG. MAXIMUM     68.3              64.9     3.4     65.4
AVG. MINIMUM     40.8              36.6     4.2     37.2
MEAN             54.6              50.8     3.8     51.3
DAYS MAX >= 90     60              44.7    15.3       48
DAYS MAX <= 32     25              27.6    -2.6       40
DAYS MIN <= 32    134             161.0   -27.0      158
DAYS MIN <= 0       5               8.6    -3.6       12

PRECIPITATION (INCHES)
RECORD
 MAXIMUM        28.61   2007
 MINIMUM         9.41   2012
TOTALS          20.61             22.53   -1.92
DAYS >= .01        81              75.1     5.9       72
DAYS >= .10        44              43.8     0.2       42
DAYS >= .50        10              14.5    -4.5       15
DAYS >= 1.00        5               5.1    -0.1        6
GREATEST
 24 HR. TOTAL    1.99   06/05                       3.04  06/09

.................................................................



-  INDICATES NEGATIVE NUMBERS.
R  INDICATES RECORD WAS SET OR TIED.
MM INDICATES DATA IS MISSING.
T  INDICATES TRACE AMOUNT.

$$
