000
CXUS51 KALY 011026 RRA
CLAPOU

ALBCLMPOU 000
TTAA00 KALY 011025


CLIMATE REPORT
NATIONAL WEATHER SERVICE ALBANY NY
520 AM EST MON JAN 1 2018

...................................

...THE POUGHKEEPSIE NY CLIMATE SUMMARY FOR THE YEAR OF 2017...

CLIMATE NORMAL PERIOD 1981 TO 2010
CLIMATE RECORD PERIOD 1949 TO 2017

WEATHER         OBSERVED          NORMAL  DEPART  LAST YEAR`S
                 VALUE   DATE(S)  VALUE   FROM    VALUE  DATE(S)
                                          NORMAL
................................................................
TEMPERATURE (F)
HIGHEST            93   06/13                         98  07/22
                        05/18
LOWEST             -4   12/31                         -6  02/14
AVG. MAXIMUM     61.3              61.1     0.2     64.4
AVG. MINIMUM     40.5              38.5     2.0     41.5
MEAN             50.9              49.8     1.1     53.0
DAYS MAX >= 90     12              14.1    -2.1       31
DAYS MAX <= 32     27              24.5     2.5       16
DAYS MIN <= 32    126             141.5   -15.5      132
DAYS MIN <= 0       2               5.2    -3.2        2

PRECIPITATION (INCHES)
RECORD
 MAXIMUM        62.01   2011
 MINIMUM        24.52   1964
TOTALS          36.60             46.53   -9.93    33.12
DAILY AVG.       0.10              0.13   -0.03     0.09
DAYS >= .01       125             125.3    -0.3      109
DAYS >= .10        69              81.2   -12.2       65
DAYS >= .50        24              30.5    -6.5       20
DAYS >= 1.00        7              10.9    -3.9        5
GREATEST
 24 HR. TOTAL    3.25   03/14 TO 03/14

DEGREE_DAYS
HEATING TOTAL    5757              6210    -453     5341
 SINCE 7/1       2229              2329    -100     2186
COOLING TOTAL     718               671      47     1053
 SINCE 1/1        718               672      46     1053

FREEZE DATES
RECORD
 EARLIEST     09/15/1963
 LATEST       05/25/1949
EARLIEST                        10/09
LATEST                          04/29
.................................................................

WIND (MPH)
AVERAGE WIND SPEED              4.9
HIGHEST WIND SPEED/DIRECTION    41/310    DATE  02/13
HIGHEST GUST SPEED/DIRECTION    59/300    DATE  02/13


WEATHER CONDITIONS. NUMBER OF DAYS WITH
THUNDERSTORM             29     MIXED PRECIP               1
HEAVY RAIN               31     RAIN                      57
LIGHT RAIN              114     FREEZING RAIN              0
LT FREEZING RAIN          2     HAIL                       0
HEAVY SNOW                5     SNOW                       7
LIGHT SNOW               28     SLEET                      1
FOG                     191     FOG W/VIS <= 1/4 MILE     35
HAZE                     54

-  INDICATES NEGATIVE NUMBERS.
R  INDICATES RECORD WAS SET OR TIED.
MM INDICATES DATA IS MISSING.
T  INDICATES TRACE AMOUNT.

RECORDS FOR KPOU DATE BACK TO 1949...
HOWEVER...DATA IS MISSING FROM JANUARY 1993 - JULY 2000.

$$
