543
CXUS53 KGJT 011403
CLAVEL


CLIMATE REPORT
NATIONAL WEATHER SERVICE GRAND JUNCTION CO
642 AM MST SUN JAN 1 2017

...................................

...THE VERNAL UT CLIMATE SUMMARY FOR THE YEAR OF 2016...

CLIMATE NORMAL PERIOD 1981 TO 2010
CLIMATE RECORD PERIOD 9999 TO 9999

WEATHER         OBSERVED          NORMAL  DEPART  LAST YEAR`S
                 VALUE   DATE(S)  VALUE   FROM    VALUE  DATE(S)
                                          NORMAL
................................................................
TEMPERATURE (F)
RECORD
 HIGH              MM   MM
 LOW               MM   MM
HIGHEST            99   07/28        MM      MM       98  06/28
                        07/24
                        07/27
LOWEST             -8   01/01        MM      MM       -8  12/28
AVG. MAXIMUM     61.7              59.0     2.7     62.7
AVG. MINIMUM     35.2              34.2     1.0     36.9
MEAN             48.5              46.6     1.9     49.8
DAYS MAX >= 90     51              20.5    30.5       34
DAYS MAX <= 32     51              48.2     2.8       35
DAYS MIN <= 32    156             163.0    -7.0      143
DAYS MIN <= 0       9              10.4    -1.4        6

PRECIPITATION (INCHES)
RECORD
 MAXIMUM           MM   MM
 MINIMUM           MM   MM
TOTALS          13.03              9.31    3.72     9.88
DAILY AVG.       0.04              0.03    0.01     0.03
DAYS >= .01        69              63.2     5.8       74
DAYS >= .10        28              28.4    -0.4       32
DAYS >= .50         7               3.6     3.4        2
DAYS >= 1.00        3               0.3     2.7        0
GREATEST
 24 HR. TOTAL    2.44   MM                       12/31 TO 12/31
 STORM TOTAL       MM                                 MM

SNOWFALL (INCHES)
RECORDS
 TOTAL             MM   MM
 24 HR TOTAL       MM
 SNOW DEPTH        MM   MM
TOTALS             MM                MM      MM       MM
 LIQUID EQUIV      MM                MM      MM       MM
SINCE 7/1          MM                MM      MM       MM
 LIQUID 7/1        MM                MM      MM       MM
SNOWDEPTH AVG.     MM                MM      MM       MM
DAYS >= TRACE      MM                MM      MM       MM
DAYS >= 1.0        MM                MM      MM       MM
GREATEST
 SNOW DEPTH        MM                                 MM  MM
 24 HR TOTAL       MM                                 MM
 STORM TOTAL       MM                                 MM

DEGREE_DAYS
HEATING TOTAL    6692              7222    -530     6129
 SINCE 7/1       2589              2971    -382     2763
COOLING TOTAL     735               512     223      700
 SINCE 1/1        735               511     224      700

FREEZE DATES
RECORD
 EARLIEST     MM
 LATEST       MM
EARLIEST                        MM
LATEST                          MM
..................................................

WIND (MPH)
AVERAGE WIND SPEED              4.9
RESULTANT WIND SPEED/DIRECTION   1/279
HIGHEST WIND SPEED/DIRECTION    43/320    DATE  08/18
HIGHEST GUST SPEED/DIRECTION    56/310    DATE  08/18

SKY COVER
POSSIBLE SUNSHINE (PERCENT)   MM
AVERAGE SKY COVER           0.20
NUMBER OF DAYS FAIR          254
NUMBER OF DAYS PC             79
NUMBER OF DAYS CLOUDY         33

AVERAGE RH (PERCENT)     54

WEATHER CONDITIONS. NUMBER OF DAYS WITH
THUNDERSTORM             32     MIXED PRECIP               0
HEAVY RAIN               14     RAIN                      27
LIGHT RAIN               93     FREEZING RAIN              0
LT FREEZING RAIN          1     HAIL                       0
HEAVY SNOW                0     SNOW                       5
LIGHT SNOW               40     SLEET                      0
FOG                      83     FOG W/VIS <= 1/4 MILE     10
HAZE                     74

-  INDICATES NEGATIVE NUMBERS.
R  INDICATES RECORD WAS SET OR TIED.
MM INDICATES DATA IS MISSING.
T  INDICATES TRACE AMOUNT.

$$
