000
CDUS41 KBTV 280705
CLI1V4


CLIMATE REPORT
NATIONAL WEATHER SERVICE BURLINGTON VT
303 AM EDT FRI APR 28 2017


...................................

...THE ST. JOHNSBURY VT CLIMATE SUMMARY FOR APRIL 27 2017...

CLIMATE NORMAL PERIOD 1981 TO 2010
CLIMATE RECORD PERIOD 1894 TO 2017


WEATHER ITEM   OBSERVED TIME   RECORD YEAR NORMAL DEPARTURE LAST
                VALUE   (LST)  VALUE       VALUE  FROM      YEAR
                                                  NORMAL
..................................................................
TEMPERATURE (F)
 YESTERDAY
  MAXIMUM         72        MM  88    1990  62     10       51
  MINIMUM         54        MM  18    1972  37     17       26
  AVERAGE         63                        49     14       39

PRECIPITATION (IN)
  YESTERDAY        0.00          1.05 1996   0.10  -0.10     0.00
  MONTH TO DATE    2.85                      2.55   0.30     2.32
  SINCE MAR 1      6.30                      5.06   1.24     4.80
  SINCE JAN 1     12.04                      9.74   2.30     9.54

DEGREE DAYS
 HEATING
  YESTERDAY        2                        16    -14       26
  MONTH TO DATE  516                       574    -58      668
  SINCE MAR 1   1762                      1650    112     1595
  SINCE JUL 1   6775                      7374   -599     6480

 COOLING
  YESTERDAY        0                         0      0        0
  MONTH TO DATE    0                         0      0        0
  SINCE MAR 1      0                         0      0        0
  SINCE JAN 1      0                         0      0        0
..................................................................


WIND (MPH)
  HIGHEST WIND SPEED    MM   HIGHEST WIND DIRECTION    MM
  HIGHEST GUST SPEED    MM   HIGHEST GUST DIRECTION    MM
  AVERAGE WIND SPEED    MM


SKY COVER
  AVERAGE SKY COVER 0.0


WEATHER CONDITIONS
 THE FOLLOWING WEATHER WAS RECORDED YESTERDAY.
  NO SIGNIFICANT WEATHER WAS OBSERVED.


RELATIVE HUMIDITY (PERCENT)
 HIGHEST   100           300 AM
 LOWEST     57           300 PM
 AVERAGE    79

..........................................................


THE ST. JOHNSBURY VT CLIMATE NORMALS FOR TODAY
                         NORMAL    RECORD    YEAR
 MAXIMUM TEMPERATURE (F)   62        92      1990
 MINIMUM TEMPERATURE (F)   37        19      1947


SUNRISE AND SUNSET
APRIL 28 2017.........SUNRISE   543 AM EDT   SUNSET   749 PM EDT
APRIL 29 2017.........SUNRISE   541 AM EDT   SUNSET   750 PM EDT


-  INDICATES NEGATIVE NUMBERS.
R  INDICATES RECORD WAS SET OR TIED.
MM INDICATES DATA IS MISSING.
T  INDICATES TRACE AMOUNT.




$$
