000
CDUS41 KBTV 170540
CLI1V4


CLIMATE REPORT
NATIONAL WEATHER SERVICE BURLINGTON VT
137 AM EDT THU AUG 17 2017


...................................

...THE ST. JOHNSBURY VT CLIMATE SUMMARY FOR AUGUST 16 2017...

CLIMATE NORMAL PERIOD 1981 TO 2010
CLIMATE RECORD PERIOD 1894 TO 2017


WEATHER ITEM   OBSERVED TIME   RECORD YEAR NORMAL DEPARTURE LAST
                VALUE   (LST)  VALUE       VALUE  FROM      YEAR
                                                  NORMAL
..................................................................
TEMPERATURE (F)
 YESTERDAY
  MAXIMUM         73        MM  96    1944  79     -6       72
  MINIMUM         50        MM  39    1934  57     -7       56
  AVERAGE         62                        68     -6       64

PRECIPITATION (IN)
  YESTERDAY        0.00          1.64 1981   0.14  -0.14     0.85
  MONTH TO DATE    1.23                      2.47  -1.24     2.97
  SINCE JUN 1     11.34                     10.60   0.74    12.79
  SINCE JAN 1     28.24                     24.01   4.23    25.37

DEGREE DAYS
 HEATING
  YESTERDAY        3                         1      2        1
  MONTH TO DATE    6                        15     -9        3
  SINCE JUN 1    136                       102     34      110
  SINCE JUL 1     31                        30      1       19

 COOLING
  YESTERDAY        0                         4     -4        0
  MONTH TO DATE   46                        72    -26       91
  SINCE JUN 1    228                       331   -103      310
  SINCE JAN 1    241                       349   -108      353
..................................................................


WIND (MPH)
  HIGHEST WIND SPEED    MM   HIGHEST WIND DIRECTION    MM
  HIGHEST GUST SPEED    MM   HIGHEST GUST DIRECTION    MM
  AVERAGE WIND SPEED    MM


SKY COVER
  AVERAGE SKY COVER 0.0


WEATHER CONDITIONS
 THE FOLLOWING WEATHER WAS RECORDED YESTERDAY.
  NO SIGNIFICANT WEATHER WAS OBSERVED.


RELATIVE HUMIDITY (PERCENT)
 HIGHEST   100          1200 AM
 LOWEST     41           200 PM
 AVERAGE    71

..........................................................


THE ST. JOHNSBURY VT CLIMATE NORMALS FOR TODAY
                         NORMAL    RECORD    YEAR
 MAXIMUM TEMPERATURE (F)   79        96      1913
 MINIMUM TEMPERATURE (F)   57        40      1957


SUNRISE AND SUNSET
AUGUST 17 2017........SUNRISE   554 AM EDT   SUNSET   750 PM EDT
AUGUST 18 2017........SUNRISE   555 AM EDT   SUNSET   748 PM EDT


-  INDICATES NEGATIVE NUMBERS.
R  INDICATES RECORD WAS SET OR TIED.
MM INDICATES DATA IS MISSING.
T  INDICATES TRACE AMOUNT.




$$
