000
CDUS41 KBTV 290540
CLI1V4


CLIMATE REPORT
NATIONAL WEATHER SERVICE BURLINGTON VT
136 AM EDT SAT AUG 29 2015


...................................

...THE ST. JOHNSBURY VT CLIMATE SUMMARY FOR AUGUST 28 2015...

CLIMATE NORMAL PERIOD 1981 TO 2010
CLIMATE RECORD PERIOD 1894 TO 2015


WEATHER ITEM   OBSERVED TIME   RECORD YEAR NORMAL DEPARTURE LAST
                VALUE   (LST)  VALUE       VALUE  FROM      YEAR
                                                  NORMAL
..................................................................
TEMPERATURE (F)
 YESTERDAY
  MAXIMUM         75        MM  95    1952  77     -2       71
  MINIMUM         53        MM  36    1957  55     -2       54
  AVERAGE         64                        66     -2       63

PRECIPITATION (IN)
  YESTERDAY        0.00          4.83 2011   0.10  -0.10     0.00
  MONTH TO DATE    3.74                      3.92  -0.18     1.70
  SINCE JUN 1     17.12                     12.05   5.07    11.66
  SINCE JAN 1     28.49                     25.46   3.03    27.36

DEGREE DAYS
 HEATING
  YESTERDAY        1                         2     -1        2
  MONTH TO DATE    7                        31    -24       37
  SINCE JUN 1    145                       118     27      124
  SINCE JUL 1     36                        46    -10       55

 COOLING
  YESTERDAY        0                         3     -3        0
  MONTH TO DATE  136                       113     23       55
  SINCE JUN 1    310                       372    -62      213
  SINCE JAN 1    348                       390    -42      217
..................................................................


WIND (MPH)
  HIGHEST WIND SPEED    MM   HIGHEST WIND DIRECTION    MM
  HIGHEST GUST SPEED    MM   HIGHEST GUST DIRECTION    MM
  AVERAGE WIND SPEED    MM


SKY COVER
  AVERAGE SKY COVER 0.0


WEATHER CONDITIONS
 THE FOLLOWING WEATHER WAS RECORDED YESTERDAY.
  NO SIGNIFICANT WEATHER WAS OBSERVED.


RELATIVE HUMIDITY (PERCENT)
 HIGHEST   100           200 AM
 LOWEST     43           300 PM
 AVERAGE    72

..........................................................


THE ST. JOHNSBURY VT CLIMATE NORMALS FOR TODAY
                         NORMAL    RECORD    YEAR
 MAXIMUM TEMPERATURE (F)   77        95      1952
 MINIMUM TEMPERATURE (F)   55        34      1982


SUNRISE AND SUNSET
AUGUST 29 2015........SUNRISE   607 AM EDT   SUNSET   730 PM EDT
AUGUST 30 2015........SUNRISE   608 AM EDT   SUNSET   729 PM EDT


-  INDICATES NEGATIVE NUMBERS.
R  INDICATES RECORD WAS SET OR TIED.
MM INDICATES DATA IS MISSING.
T  INDICATES TRACE AMOUNT.




$$
