000
CDUS41 KBTV 290554
CLI1V4


CLIMATE REPORT
NATIONAL WEATHER SERVICE BURLINGTON VT
148 AM EDT MON AUG 29 2016


...................................

...THE ST. JOHNSBURY VT CLIMATE SUMMARY FOR AUGUST 28 2016...

CLIMATE NORMAL PERIOD 1981 TO 2010
CLIMATE RECORD PERIOD 1894 TO 2016


WEATHER ITEM   OBSERVED TIME   RECORD YEAR NORMAL DEPARTURE LAST
                VALUE   (LST)  VALUE       VALUE  FROM      YEAR
                                                  NORMAL
..................................................................
TEMPERATURE (F)
 YESTERDAY
  MAXIMUM         83    431 PM  95    1952  77      6       75
  MINIMUM         58    519 AM  36    1957  55      3       53
  AVERAGE         71                        66      5       64

PRECIPITATION (IN)
  YESTERDAY        0.00          4.83 2011   0.10  -0.10     0.00
  MONTH TO DATE    5.33                      3.92   1.41     3.74
  SINCE JUN 1     15.15                     12.05   3.10    17.12
  SINCE JAN 1     27.73                     25.46   2.27    28.49

DEGREE DAYS
 HEATING
  YESTERDAY        0                         2     -2        1
  MONTH TO DATE   10                        31    -21        7
  SINCE JUN 1    117                       118     -1      145
  SINCE JUL 1     26                        46    -20       36

 COOLING
  YESTERDAY        6                         3      3        0
  MONTH TO DATE  143                       113     30      136
  SINCE JUN 1    362                       372    -10      310
  SINCE JAN 1    405                       390     15      348
..................................................................


WIND (MPH)
  HIGHEST WIND SPEED    MM   HIGHEST WIND DIRECTION    MM
  HIGHEST GUST SPEED    MM   HIGHEST GUST DIRECTION    MM
  AVERAGE WIND SPEED    MM


SKY COVER
  AVERAGE SKY COVER 0.0


WEATHER CONDITIONS
 THE FOLLOWING WEATHER WAS RECORDED YESTERDAY.
  NO SIGNIFICANT WEATHER WAS OBSERVED.


RELATIVE HUMIDITY (PERCENT)
 HIGHEST    93           400 AM
 LOWEST     55           300 PM
 AVERAGE    74

..........................................................


THE ST. JOHNSBURY VT CLIMATE NORMALS FOR TODAY
                         NORMAL    RECORD    YEAR
 MAXIMUM TEMPERATURE (F)   77        95      1952
 MINIMUM TEMPERATURE (F)   55        34      1982


SUNRISE AND SUNSET
AUGUST 29 2016........SUNRISE   608 AM EDT   SUNSET   729 PM EDT
AUGUST 30 2016........SUNRISE   609 AM EDT   SUNSET   727 PM EDT


-  INDICATES NEGATIVE NUMBERS.
R  INDICATES RECORD WAS SET OR TIED.
MM INDICATES DATA IS MISSING.
T  INDICATES TRACE AMOUNT.




$$
