512
CDUS41 KBTV 220538
CLI1V4


CLIMATE REPORT
NATIONAL WEATHER SERVICE BURLINGTON VT
137 AM EDT FRI MAY 22 2015


...................................

...THE ST. JOHNSBURY VT CLIMATE SUMMARY FOR MAY 21 2015...

CLIMATE NORMAL PERIOD 1981 TO 2010
CLIMATE RECORD PERIOD 1894 TO 2015


WEATHER ITEM   OBSERVED TIME   RECORD YEAR NORMAL DEPARTURE LAST
                VALUE   (LST)  VALUE       VALUE  FROM      YEAR
                                                  NORMAL
..................................................................
TEMPERATURE (F)
 YESTERDAY
  MAXIMUM         69    423 PM  93    1911  70     -1       75
  MINIMUM         34    517 AM  25    1906  46    -12       40
  AVERAGE         52                        58     -6       58

PRECIPITATION (IN)
  YESTERDAY        0.00          1.76 1940   0.12  -0.12     0.00
  MONTH TO DATE    1.56                      2.21  -0.65     2.98
  SINCE MAR 1      5.35                      7.58  -2.23     8.93
  SINCE JAN 1      9.91                     12.26  -2.35    14.06

DEGREE DAYS
 HEATING
  YESTERDAY       13                         8      5        7
  MONTH TO DATE  135                       223    -88      224
  SINCE MAR 1   2112                      1918    194     2321
  SINCE JUL 1   8177                      7642    535     8353

 COOLING
  YESTERDAY        0                         1     -1        0
  MONTH TO DATE   12                         4      8        4
  SINCE MAR 1     12                         5      7        4
  SINCE JAN 1     12                         5      7        4
..................................................................


WIND (MPH)
  HIGHEST WIND SPEED    MM   HIGHEST WIND DIRECTION    MM
  HIGHEST GUST SPEED    MM   HIGHEST GUST DIRECTION    MM
  AVERAGE WIND SPEED    MM


SKY COVER
  AVERAGE SKY COVER 0.0


WEATHER CONDITIONS
 THE FOLLOWING WEATHER WAS RECORDED YESTERDAY.
  NO SIGNIFICANT WEATHER WAS OBSERVED.


RELATIVE HUMIDITY (PERCENT)
 HIGHEST    96           400 AM
 LOWEST     20           400 PM
 AVERAGE    58

..........................................................


THE ST. JOHNSBURY VT CLIMATE NORMALS FOR TODAY
                         NORMAL    RECORD    YEAR
 MAXIMUM TEMPERATURE (F)   71        96      1911
 MINIMUM TEMPERATURE (F)   46        26      1936


SUNRISE AND SUNSET
MAY 22 2015...........SUNRISE   514 AM EDT   SUNSET   816 PM EDT
MAY 23 2015...........SUNRISE   513 AM EDT   SUNSET   817 PM EDT


-  INDICATES NEGATIVE NUMBERS.
R  INDICATES RECORD WAS SET OR TIED.
MM INDICATES DATA IS MISSING.
T  INDICATES TRACE AMOUNT.




$$
