918
CDUS41 KBTV 270527
CLI1V4


CLIMATE REPORT
NATIONAL WEATHER SERVICE BURLINGTON VT
126 AM EDT TUE SEP 27 2016


...................................

...THE ST. JOHNSBURY VT CLIMATE SUMMARY FOR SEPTEMBER 26 2016...

CLIMATE NORMAL PERIOD 1981 TO 2010
CLIMATE RECORD PERIOD 1894 TO 2016


WEATHER ITEM   OBSERVED TIME   RECORD YEAR NORMAL DEPARTURE LAST
                VALUE   (LST)  VALUE       VALUE  FROM      YEAR
                                                  NORMAL
..................................................................
TEMPERATURE (F)
 YESTERDAY
  MAXIMUM         63        MM  88    1920  66     -3       66
  MINIMUM         35        MM  25    1947  45    -10       36
  AVERAGE         49                        56     -7       51

PRECIPITATION (IN)
  YESTERDAY        0.00          1.88 1945   0.13  -0.13     0.00
  MONTH TO DATE    1.36                      2.89  -1.53     2.20
  SINCE SEP 1      1.36                      2.89  -1.53     2.20
  SINCE JAN 1     29.30                     28.65   0.65    30.69

DEGREE DAYS
 HEATING
  YESTERDAY       16                        10      6       14
  MONTH TO DATE  109                       142    -33       73
  SINCE SEP 1    109                       142    -33       73
  SINCE JUL 1    136                       192    -56      109

 COOLING
  YESTERDAY        0                         0      0        0
  MONTH TO DATE   49                        33     16       79
  SINCE SEP 1     49                        33     16       79
  SINCE JAN 1    457                       431     26      437
..................................................................


WIND (MPH)
  HIGHEST WIND SPEED    MM   HIGHEST WIND DIRECTION    MM
  HIGHEST GUST SPEED    MM   HIGHEST GUST DIRECTION    MM
  AVERAGE WIND SPEED    MM


SKY COVER
  AVERAGE SKY COVER 0.0


WEATHER CONDITIONS
 THE FOLLOWING WEATHER WAS RECORDED YESTERDAY.
  NO SIGNIFICANT WEATHER WAS OBSERVED.


RELATIVE HUMIDITY (PERCENT)
 HIGHEST   100          1200 AM
 LOWEST     39           400 PM
 AVERAGE    70

..........................................................


THE ST. JOHNSBURY VT CLIMATE NORMALS FOR TODAY
                         NORMAL    RECORD    YEAR
 MAXIMUM TEMPERATURE (F)   66        84      1933
 MINIMUM TEMPERATURE (F)   44        22      1947


SUNRISE AND SUNSET
SEPTEMBER 27 2016.....SUNRISE   642 AM EDT   SUNSET   635 PM EDT
SEPTEMBER 28 2016.....SUNRISE   643 AM EDT   SUNSET   633 PM EDT


-  INDICATES NEGATIVE NUMBERS.
R  INDICATES RECORD WAS SET OR TIED.
MM INDICATES DATA IS MISSING.
T  INDICATES TRACE AMOUNT.




$$
