000
CDUS41 KBTV 230530
CLI1V4


CLIMATE REPORT
NATIONAL WEATHER SERVICE BURLINGTON VT
127 AM EDT THU MAR 23 2017


...................................

...THE ST. JOHNSBURY VT CLIMATE SUMMARY FOR MARCH 22 2017...

CLIMATE NORMAL PERIOD 1981 TO 2010
CLIMATE RECORD PERIOD 1894 TO 2017


WEATHER ITEM   OBSERVED TIME   RECORD YEAR NORMAL DEPARTURE LAST
                VALUE   (LST)  VALUE       VALUE  FROM      YEAR
                                                  NORMAL
..................................................................
TEMPERATURE (F)
 YESTERDAY
  MAXIMUM         31        MM  81    2012  44    -13       44
  MINIMUM         12        MM  -9    1939  22    -10       23
  AVERAGE         22                        33    -11       34

PRECIPITATION (IN)
  YESTERDAY        0.03          1.19 1942   0.08  -0.05     0.00
  MONTH TO DATE    2.15                      1.73   0.42     1.74
  SINCE MAR 1      2.15                      1.73   0.42     1.74
  SINCE JAN 1      7.89                      6.41   1.48     6.48

DEGREE DAYS
 HEATING
  YESTERDAY       43                        32     11       31
  MONTH TO DATE  939                       808    131      690
  SINCE MAR 1    939                       808    131      690
  SINCE JUL 1   5952                      6532   -580     5575

 COOLING
  YESTERDAY        0                         0      0        0
  MONTH TO DATE    0                         0      0        0
  SINCE MAR 1      0                         0      0        0
  SINCE JAN 1      0                         0      0        0
..................................................................


WIND (MPH)
  HIGHEST WIND SPEED    MM   HIGHEST WIND DIRECTION    MM
  HIGHEST GUST SPEED    MM   HIGHEST GUST DIRECTION    MM
  AVERAGE WIND SPEED    MM


SKY COVER
  AVERAGE SKY COVER 0.0


WEATHER CONDITIONS
 THE FOLLOWING WEATHER WAS RECORDED YESTERDAY.
  NO SIGNIFICANT WEATHER WAS OBSERVED.


RELATIVE HUMIDITY (PERCENT)
 HIGHEST   100          1200 AM
 LOWEST     46           400 PM
 AVERAGE    73

..........................................................


THE ST. JOHNSBURY VT CLIMATE NORMALS FOR TODAY
                         NORMAL    RECORD    YEAR
 MAXIMUM TEMPERATURE (F)   44        74      1938
 MINIMUM TEMPERATURE (F)   23       -11      1939


SUNRISE AND SUNSET
MARCH 23 2017.........SUNRISE   645 AM EDT   SUNSET   705 PM EDT
MARCH 24 2017.........SUNRISE   643 AM EDT   SUNSET   706 PM EDT


-  INDICATES NEGATIVE NUMBERS.
R  INDICATES RECORD WAS SET OR TIED.
MM INDICATES DATA IS MISSING.
T  INDICATES TRACE AMOUNT.




$$
