000
CDUS41 KBTV 060531
CLI1V4


CLIMATE REPORT
NATIONAL WEATHER SERVICE BURLINGTON VT
1228 AM EST SAT FEB 6 2016


...................................

...THE ST. JOHNSBURY VT CLIMATE SUMMARY FOR FEBRUARY 5 2016...

CLIMATE NORMAL PERIOD 1981 TO 2010
CLIMATE RECORD PERIOD 1894 TO 2016


WEATHER ITEM   OBSERVED TIME   RECORD YEAR NORMAL DEPARTURE LAST
                VALUE   (LST)  VALUE       VALUE  FROM      YEAR
                                                  NORMAL
..................................................................
TEMPERATURE (F)
 YESTERDAY
  MAXIMUM         32        MM  53    1991  29      3       28
  MINIMUM         20        MM -36    1908   6     14      -11
  AVERAGE         26                        17      9        9

PRECIPITATION (IN)
  YESTERDAY        0.00          0.91 2011   0.08  -0.08     0.05
  MONTH TO DATE    0.33                      0.42  -0.09     0.60
  SINCE DEC 1      6.42                      6.01   0.41     7.32
  SINCE JAN 1      1.52                      2.93  -1.41     3.43

DEGREE DAYS
 HEATING
  YESTERDAY       39                        48     -9       56
  MONTH TO DATE  155                       240    -85      292
  SINCE DEC 1   2403                      3033   -630     3069
  SINCE JUL 1   3880                      4689   -809     4721

 COOLING
  YESTERDAY        0                         0      0        0
  MONTH TO DATE    0                         0      0        0
  SINCE DEC 1      0                         0      0        0
  SINCE JAN 1      0                         0      0        0
..................................................................


WIND (MPH)
  HIGHEST WIND SPEED    MM   HIGHEST WIND DIRECTION    MM
  HIGHEST GUST SPEED    MM   HIGHEST GUST DIRECTION    MM
  AVERAGE WIND SPEED    MM


SKY COVER
  AVERAGE SKY COVER 0.0


WEATHER CONDITIONS
 THE FOLLOWING WEATHER WAS RECORDED YESTERDAY.
  NO SIGNIFICANT WEATHER WAS OBSERVED.


RELATIVE HUMIDITY (PERCENT)
 HIGHEST    85           100 AM
 LOWEST     46           300 PM
 AVERAGE    66

..........................................................


THE ST. JOHNSBURY VT CLIMATE NORMALS FOR TODAY
                         NORMAL    RECORD    YEAR
 MAXIMUM TEMPERATURE (F)   29        49      2005
 MINIMUM TEMPERATURE (F)    6       -28      1934


SUNRISE AND SUNSET
FEBRUARY  6 2016......SUNRISE   701 AM EST   SUNSET   504 PM EST
FEBRUARY  7 2016......SUNRISE   700 AM EST   SUNSET   505 PM EST


-  INDICATES NEGATIVE NUMBERS.
R  INDICATES RECORD WAS SET OR TIED.
MM INDICATES DATA IS MISSING.
T  INDICATES TRACE AMOUNT.




$$
