000
CDUS43 KUNR 040834
CLI2WX


CLIMATE REPORT
NATIONAL WEATHER SERVICE RAPID CITY SD
233 AM MDT TUE AUG 4 2015


...................................

...THE BUFFALO SD CLIMATE SUMMARY FOR AUGUST 3 2015...

CLIMATE NORMAL PERIOD 1981 TO 2010
CLIMATE RECORD PERIOD 9999 TO 9999


WEATHER ITEM   OBSERVED TIME   NORMAL DEPARTURE LAST
                VALUE   (LST)  VALUE  FROM      YEAR
                                      NORMAL
......................................................
TEMPERATURE (F)
 YESTERDAY
  MAXIMUM         86    347 PM  87     -1       87
  MINIMUM         56    536 AM  58     -2       60
  AVERAGE         71            72     -1       74

PRECIPITATION (IN)
  YESTERDAY        0.00          0.06  -0.06     0.00
  MONTH TO DATE    0.00          0.17  -0.17     0.00
  SINCE JUN 1      2.94          4.86  -1.92     6.45
  SINCE JAN 1      7.50         10.90  -3.40    10.79

DEGREE DAYS
 HEATING
  YESTERDAY        0             0      0        0
  MONTH TO DATE    0             0      0        0
  SINCE JUN 1     49           134    -85      151
  SINCE JUL 1      6            20    -14       16

 COOLING
  YESTERDAY        6             8     -2        9
  MONTH TO DATE   28            24      4       25
  SINCE JUN 1    353           293     60      200
  SINCE JAN 1    353           299     54      230
......................................................


WIND (MPH)
  HIGHEST WIND SPEED    15   HIGHEST WIND DIRECTION    SE (130)
  HIGHEST GUST SPEED    20   HIGHEST GUST DIRECTION     S (170)
  AVERAGE WIND SPEED     9.1




RELATIVE HUMIDITY (PERCENT)
 HIGHEST    77           500 AM
 LOWEST     29           300 PM
 AVERAGE    53

..........................................................




SUNRISE AND SUNSET
AUGUST  4 2015........SUNRISE   541 AM MDT   SUNSET   819 PM MDT
AUGUST  5 2015........SUNRISE   542 AM MDT   SUNSET   817 PM MDT


-  INDICATES NEGATIVE NUMBERS.
R  INDICATES RECORD WAS SET OR TIED.
MM INDICATES DATA IS MISSING.
T  INDICATES TRACE AMOUNT.




$$
