000
CDUS43 KUNR 200835
CLI2WX


CLIMATE REPORT
NATIONAL WEATHER SERVICE RAPID CITY SD
234 AM MDT SAT SEP 20 2014


...................................

...THE BUFFALO SD CLIMATE SUMMARY FOR SEPTEMBER 19 2014...

CLIMATE NORMAL PERIOD 1981 TO 2010
CLIMATE RECORD PERIOD 9999 TO 9999


WEATHER ITEM   OBSERVED TIME   RECORD YEAR NORMAL DEPARTURE LAST
                VALUE   (LST)  VALUE       VALUE  FROM      YEAR
                                                  NORMAL
..................................................................
TEMPERATURE (F)
 YESTERDAY
  MAXIMUM         81    212 PM              71     10       54
  MINIMUM         53   1159 PM              42     11       40
  AVERAGE         67                        57     10       47

PRECIPITATION (IN)
  YESTERDAY        0.00         MM      MM   0.04  -0.04     0.00
  MONTH TO DATE    0.33                      0.80  -0.47     1.84
  SINCE SEP 1      0.33                      0.80  -0.47     1.84
  SINCE JAN 1     14.70                     12.94   1.76    11.32

DEGREE DAYS
 HEATING
  YESTERDAY        0                         9     -9       18
  MONTH TO DATE  176                       111     65       28
  SINCE SEP 1    176                       111     65       28
  SINCE JUL 1    227                       163     64       40

 COOLING
  YESTERDAY        2                         1      1        0
  MONTH TO DATE   14                        39    -25       96
  SINCE SEP 1     14                        39    -25       96
  SINCE JAN 1    379                       510   -131      583
..................................................................


WIND (MPH)
  HIGHEST WIND SPEED    39   HIGHEST WIND DIRECTION     W (270)
  HIGHEST GUST SPEED    46   HIGHEST GUST DIRECTION     W (270)
  AVERAGE WIND SPEED    15.4




RELATIVE HUMIDITY (PERCENT)
 HIGHEST    84           400 AM
 LOWEST     28           200 PM
 AVERAGE    56

..........................................................




SUNRISE AND SUNSET
SEPTEMBER 20 2014.....SUNRISE   639 AM MDT   SUNSET   656 PM MDT
SEPTEMBER 21 2014.....SUNRISE   640 AM MDT   SUNSET   654 PM MDT


-  INDICATES NEGATIVE NUMBERS.
R  INDICATES RECORD WAS SET OR TIED.
MM INDICATES DATA IS MISSING.
T  INDICATES TRACE AMOUNT.




$$
