000
CDUS43 KUNR 260834
CLI2WX


CLIMATE REPORT
NATIONAL WEATHER SERVICE RAPID CITY SD
132 AM MST FRI DEC 26 2014


...................................

...THE BUFFALO SD CLIMATE SUMMARY FOR DECEMBER 25 2014...

CLIMATE NORMAL PERIOD 1981 TO 2010
CLIMATE RECORD PERIOD 9999 TO 9999


WEATHER ITEM   OBSERVED TIME   NORMAL DEPARTURE LAST
                VALUE   (LST)  VALUE  FROM      YEAR
                                      NORMAL
......................................................
TEMPERATURE (F)
 YESTERDAY
  MAXIMUM         32    102 AM  30      2       33
  MINIMUM         21   1159 PM  10     11       17
  AVERAGE         27            20      7       25

PRECIPITATION (IN)
  YESTERDAY        0.02          0.01   0.01     0.00
  MONTH TO DATE    0.10          0.22  -0.12     0.93
  SINCE DEC 1      0.10          0.22  -0.12     0.93
  SINCE JAN 1     17.01         14.45   2.56    13.08

DEGREE DAYS
 HEATING
  YESTERDAY       38            45     -7       40
  MONTH TO DATE  858          1093   -235     1299
  SINCE DEC 1    858          1093   -235     1299
  SINCE JUL 1   2779          2991   -212     3089

 COOLING
  YESTERDAY        0             0      0        0
  MONTH TO DATE    0             0      0        0
  SINCE DEC 1      0             0      0        0
  SINCE JAN 1    420           513    -93      587
......................................................


WIND (MPH)
  HIGHEST WIND SPEED    25   HIGHEST WIND DIRECTION    NW (330)
  HIGHEST GUST SPEED    29   HIGHEST GUST DIRECTION    NW (330)
  AVERAGE WIND SPEED    13.5




RELATIVE HUMIDITY (PERCENT)
 HIGHEST    92          1200 AM
 LOWEST     74           300 PM
 AVERAGE    83

..........................................................




SUNRISE AND SUNSET
DECEMBER 26 2014......SUNRISE   734 AM MST   SUNSET   416 PM MST
DECEMBER 27 2014......SUNRISE   734 AM MST   SUNSET   417 PM MST


-  INDICATES NEGATIVE NUMBERS.
R  INDICATES RECORD WAS SET OR TIED.
MM INDICATES DATA IS MISSING.
T  INDICATES TRACE AMOUNT.




$$
