000
CDUS43 KUNR 280832
CLI2WX


CLIMATE REPORT
NATIONAL WEATHER SERVICE RAPID CITY SD
231 AM MDT THU JUL 28 2016


...................................

...THE BUFFALO SD CLIMATE SUMMARY FOR JULY 27 2016...

CLIMATE NORMAL PERIOD 1981 TO 2010
CLIMATE RECORD PERIOD 9999 TO 9999


WEATHER ITEM   OBSERVED TIME   NORMAL DEPARTURE LAST
                VALUE   (LST)  VALUE  FROM      YEAR
                                      NORMAL
......................................................
TEMPERATURE (F)
 YESTERDAY
  MAXIMUM         78    449 PM  86     -8       93
  MINIMUM         60   1115 AM  59      1       59
  AVERAGE         69            72     -3       76

PRECIPITATION (IN)
  YESTERDAY        0.23          0.06   0.17    MM
  MONTH TO DATE    0.57          1.82  -1.25     0.21
  SINCE JUN 1      1.22          4.45  -3.23     2.94
  SINCE JAN 1      4.98         10.49  -5.51     7.50

DEGREE DAYS
 HEATING
  YESTERDAY        0             0      0        0
  MONTH TO DATE    0            21    -21        3
  SINCE JUN 1      9           135   -126       46
  SINCE JUL 1      0            21    -21        3

 COOLING
  YESTERDAY        4             8     -4       11
  MONTH TO DATE  264           177     87      219
  SINCE JUN 1    446           239    207      310
  SINCE JAN 1    448           245    203      310
......................................................


WIND (MPH)
  HIGHEST WIND SPEED    39   HIGHEST WIND DIRECTION    NW (320)
  HIGHEST GUST SPEED    50   HIGHEST GUST DIRECTION    NW (320)
  AVERAGE WIND SPEED     8.7




RELATIVE HUMIDITY (PERCENT)
 HIGHEST   100           500 AM
 LOWEST     43           500 PM
 AVERAGE    72

..........................................................




SUNRISE AND SUNSET
JULY 28 2016..........SUNRISE   534 AM MDT   SUNSET   827 PM MDT
JULY 29 2016..........SUNRISE   535 AM MDT   SUNSET   826 PM MDT


-  INDICATES NEGATIVE NUMBERS.
R  INDICATES RECORD WAS SET OR TIED.
MM INDICATES DATA IS MISSING.
T  INDICATES TRACE AMOUNT.




$$
