000
CDUS43 KUNR 010831
CLI2WX


CLIMATE REPORT
NATIONAL WEATHER SERVICE RAPID CITY SD
231 AM MDT TUE SEP 1 2015


...................................

...THE BUFFALO SD CLIMATE SUMMARY FOR AUGUST 31 2015...

CLIMATE NORMAL PERIOD 1981 TO 2010
CLIMATE RECORD PERIOD 9999 TO 9999


WEATHER ITEM   OBSERVED TIME   NORMAL DEPARTURE LAST
                VALUE   (LST)  VALUE  FROM      YEAR
                                      NORMAL
......................................................
TEMPERATURE (F)
 YESTERDAY
  MAXIMUM         79    432 PM  81     -2       73
  MINIMUM         57    255 AM  51      6       49
  AVERAGE         68            66      2       61

PRECIPITATION (IN)
  YESTERDAY        0.00          0.06  -0.06     0.38
  MONTH TO DATE    3.22          1.41   1.81     3.58
  SINCE JUN 1      6.16          6.10   0.06    10.03
  SINCE JAN 1     10.72         12.14  -1.42    14.37

DEGREE DAYS
 HEATING
  YESTERDAY        0             3     -3        4
  MONTH TO DATE   41            34      7       35
  SINCE JUN 1     90           166    -76      186
  SINCE JUL 1     47            52     -5       51

 COOLING
  YESTERDAY        3             4     -1        0
  MONTH TO DATE  213           196     17      160
  SINCE JUN 1    538           465     73      335
  SINCE JAN 1    538           471     67      365
......................................................


WIND (MPH)
  HIGHEST WIND SPEED    30   HIGHEST WIND DIRECTION    NW (330)
  HIGHEST GUST SPEED    37   HIGHEST GUST DIRECTION    NW (320)
  AVERAGE WIND SPEED    11.2




RELATIVE HUMIDITY (PERCENT)
 HIGHEST    84           500 AM
 LOWEST     28           200 PM
 AVERAGE    56

..........................................................




SUNRISE AND SUNSET
SEPTEMBER  1 2015.....SUNRISE   615 AM MDT   SUNSET   732 PM MDT
SEPTEMBER  2 2015.....SUNRISE   616 AM MDT   SUNSET   731 PM MDT


-  INDICATES NEGATIVE NUMBERS.
R  INDICATES RECORD WAS SET OR TIED.
MM INDICATES DATA IS MISSING.
T  INDICATES TRACE AMOUNT.




$$
