000
CDUS43 KUNR 210840
CLI2WX


CLIMATE REPORT
NATIONAL WEATHER SERVICE RAPID CITY SD
239 AM MDT THU SEP 21 2017


...................................

...THE BUFFALO SD CLIMATE SUMMARY FOR SEPTEMBER 20 2017...

CLIMATE NORMAL PERIOD 1981 TO 2010
CLIMATE RECORD PERIOD 9999 TO 9999


WEATHER ITEM   OBSERVED TIME   NORMAL DEPARTURE LAST
                VALUE   (LST)  VALUE  FROM      YEAR
                                      NORMAL
......................................................
TEMPERATURE (F)
 YESTERDAY
  MAXIMUM         71    424 PM  70      1       79
  MINIMUM         40    633 AM  42     -2       51
  AVERAGE         56            56      0       65

PRECIPITATION (IN)
  YESTERDAY        0.00          0.04  -0.04     0.00
  MONTH TO DATE    2.10          0.84   1.26     0.38
  SINCE SEP 1      2.10          0.84   1.26     0.38
  SINCE JAN 1     13.62         12.98   0.64     8.06

DEGREE DAYS
 HEATING
  YESTERDAY        9             9      0        0
  MONTH TO DATE   94           120    -26       89
  SINCE SEP 1     94           120    -26       89
  SINCE JUL 1    105           172    -67      119

 COOLING
  YESTERDAY        0             1     -1        0
  MONTH TO DATE   90            40     50       37
  SINCE SEP 1     90            40     50       37
  SINCE JAN 1    740           511    229      729
......................................................


WIND (MPH)
  HIGHEST WIND SPEED    30   HIGHEST WIND DIRECTION     S (200)
  HIGHEST GUST SPEED    40   HIGHEST GUST DIRECTION    SW (210)
  AVERAGE WIND SPEED    14.1




RELATIVE HUMIDITY (PERCENT)
 HIGHEST    92           200 AM
 LOWEST     16           200 PM
 AVERAGE    54

..........................................................




SUNRISE AND SUNSET
SEPTEMBER 21 2017.....SUNRISE   640 AM MDT   SUNSET   653 PM MDT
SEPTEMBER 22 2017.....SUNRISE   642 AM MDT   SUNSET   651 PM MDT


-  INDICATES NEGATIVE NUMBERS.
R  INDICATES RECORD WAS SET OR TIED.
MM INDICATES DATA IS MISSING.
T  INDICATES TRACE AMOUNT.




$$
