716
CDUS43 KUNR 220831
CLI2WX


CLIMATE REPORT
NATIONAL WEATHER SERVICE RAPID CITY SD
131 AM MST WED FEB 22 2017


...................................

...THE BUFFALO SD CLIMATE SUMMARY FOR FEBRUARY 21 2017...

CLIMATE NORMAL PERIOD 1981 TO 2010
CLIMATE RECORD PERIOD 9999 TO 9999


WEATHER ITEM   OBSERVED TIME   NORMAL DEPARTURE LAST
                VALUE   (LST)  VALUE  FROM      YEAR
                                      NORMAL
......................................................
TEMPERATURE (F)
 YESTERDAY
  MAXIMUM         68    254 PM  35     33       44
  MINIMUM         40    945 PM  15     25       24
  AVERAGE         54            25     29       34

PRECIPITATION (IN)
  YESTERDAY        0.00          0.01  -0.01     0.00
  MONTH TO DATE    0.04          0.21  -0.17     0.27
  SINCE DEC 1      1.24          0.79   0.45     0.90
  SINCE JAN 1      0.07          0.50  -0.43     0.44

DEGREE DAYS
 HEATING
  YESTERDAY       11            40    -29       31
  MONTH TO DATE  721           887   -166      646
  SINCE DEC 1   3795          3628    167     3094
  SINCE JUL 1   5085          5526   -441     4556

 COOLING
  YESTERDAY        0             0      0        0
  MONTH TO DATE    0             0      0        0
  SINCE DEC 1      0             0      0        0
  SINCE JAN 1      0             0      0        0
......................................................


WIND (MPH)
  HIGHEST WIND SPEED    39   HIGHEST WIND DIRECTION     W (260)
  HIGHEST GUST SPEED    50   HIGHEST GUST DIRECTION    NW (310)
  AVERAGE WIND SPEED    13.8




RELATIVE HUMIDITY (PERCENT)
 HIGHEST    79           900 PM
 LOWEST     21           500 PM
 AVERAGE    50

..........................................................




SUNRISE AND SUNSET
FEBRUARY 22 2017......SUNRISE   644 AM MST   SUNSET   532 PM MST
FEBRUARY 23 2017......SUNRISE   643 AM MST   SUNSET   533 PM MST


-  INDICATES NEGATIVE NUMBERS.
R  INDICATES RECORD WAS SET OR TIED.
MM INDICATES DATA IS MISSING.
T  INDICATES TRACE AMOUNT.




$$
