000
CDUS43 KUNR 310843
CLI2WX


CLIMATE REPORT
NATIONAL WEATHER SERVICE RAPID CITY SD
243 AM MDT TUE MAY 31 2016


...................................

...THE BUFFALO SD CLIMATE SUMMARY FOR MAY 30 2016...

CLIMATE NORMAL PERIOD 1981 TO 2010
CLIMATE RECORD PERIOD 9999 TO 9999


WEATHER ITEM   OBSERVED TIME   NORMAL DEPARTURE LAST
                VALUE   (LST)  VALUE  FROM      YEAR
                                      NORMAL
......................................................
TEMPERATURE (F)
 YESTERDAY
  MAXIMUM         69    333 PM  70     -1       64
  MINIMUM         45   1023 PM  46     -1       36
  AVERAGE         57            58     -1       50

PRECIPITATION (IN)
  YESTERDAY        0.01          0.16  -0.15     0.09
  MONTH TO DATE    0.59          2.99  -2.40     2.81
  SINCE MAR 1      2.99          5.31  -2.32     4.06
  SINCE JAN 1      3.65          5.88  -2.23     4.53

DEGREE DAYS
 HEATING
  YESTERDAY        8             8      0       15
  MONTH TO DATE  286           355    -69      407
  SINCE MAR 1   1585          2011   -426     1710
  SINCE JUL 1   6363          7808  -1445     7168

 COOLING
  YESTERDAY        0             0      0        0
  MONTH TO DATE    2             0      2        0
  SINCE MAR 1      2             0      2        0
  SINCE JAN 1      2             0      2        0
......................................................


WIND (MPH)
  HIGHEST WIND SPEED    51   HIGHEST WIND DIRECTION    NW (310)
  HIGHEST GUST SPEED    62   HIGHEST GUST DIRECTION    NW (320)
  AVERAGE WIND SPEED    15.2




RELATIVE HUMIDITY (PERCENT)
 HIGHEST    89           400 AM
 LOWEST     53           400 PM
 AVERAGE    71

..........................................................




SUNRISE AND SUNSET
MAY 31 2016...........SUNRISE   509 AM MDT   SUNSET   836 PM MDT
JUNE  1 2016..........SUNRISE   508 AM MDT   SUNSET   836 PM MDT


-  INDICATES NEGATIVE NUMBERS.
R  INDICATES RECORD WAS SET OR TIED.
MM INDICATES DATA IS MISSING.
T  INDICATES TRACE AMOUNT.




$$
