000
CDUS43 KUNR 290842
CLI2WX


CLIMATE REPORT
NATIONAL WEATHER SERVICE RAPID CITY SD
238 AM MDT SUN MAR 29 2015


...................................

...THE BUFFALO SD CLIMATE SUMMARY FOR MARCH 28 2015...

CLIMATE NORMAL PERIOD 1981 TO 2010
CLIMATE RECORD PERIOD 9999 TO 9999


WEATHER ITEM   OBSERVED TIME   NORMAL DEPARTURE LAST
                VALUE   (LST)  VALUE  FROM      YEAR
                                      NORMAL
......................................................
TEMPERATURE (F)
 YESTERDAY
  MAXIMUM         83    322 PM  48     35       34
  MINIMUM         38    626 AM  26     12       22
  AVERAGE         61            37     24       28

PRECIPITATION (IN)
  YESTERDAY        0.00          0.03  -0.03     0.10
  MONTH TO DATE    0.39          0.70  -0.31     0.72
  SINCE MAR 1      0.39          0.70  -0.31     0.72
  SINCE JAN 1      0.86          1.27  -0.41     1.30

DEGREE DAYS
 HEATING
  YESTERDAY        4            28    -24       37
  MONTH TO DATE  682           924   -242     1018
  SINCE MAR 1    682           924   -242     1018
  SINCE JUL 1   6140          6721   -581     7075

 COOLING
  YESTERDAY        0             0      0        0
  MONTH TO DATE    0             0      0        0
  SINCE MAR 1      0             0      0        0
  SINCE JAN 1      0             0      0        0
......................................................


WIND (MPH)
  HIGHEST WIND SPEED    58   HIGHEST WIND DIRECTION    NW (300)
  HIGHEST GUST SPEED    72   HIGHEST GUST DIRECTION     W (290)
  AVERAGE WIND SPEED    19.3




RELATIVE HUMIDITY (PERCENT)
 HIGHEST    82           400 AM
 LOWEST     15           300 PM
 AVERAGE    49

..........................................................




SUNRISE AND SUNSET
MARCH 29 2015.........SUNRISE   641 AM MDT   SUNSET   718 PM MDT
MARCH 30 2015.........SUNRISE   639 AM MDT   SUNSET   720 PM MDT


-  INDICATES NEGATIVE NUMBERS.
R  INDICATES RECORD WAS SET OR TIED.
MM INDICATES DATA IS MISSING.
T  INDICATES TRACE AMOUNT.




$$
