000
CDUS43 KUNR 120837
CLI2WX


CLIMATE REPORT
NATIONAL WEATHER SERVICE RAPID CITY SD
137 AM MST FRI FEB 12 2016


...................................

...THE BUFFALO SD CLIMATE SUMMARY FOR FEBRUARY 11 2016...

CLIMATE NORMAL PERIOD 1981 TO 2010
CLIMATE RECORD PERIOD 9999 TO 9999


WEATHER ITEM   OBSERVED TIME   NORMAL DEPARTURE LAST
                VALUE   (LST)  VALUE  FROM      YEAR
                                      NORMAL
......................................................
TEMPERATURE (F)
 YESTERDAY
  MAXIMUM         48    955 AM  33     15       26
  MINIMUM         29   1159 PM  12     17       12
  AVERAGE         39            23     16       19

PRECIPITATION (IN)
  YESTERDAY        0.01          0.01   0.00     0.00
  MONTH TO DATE    0.09          0.12  -0.03     0.09
  SINCE DEC 1      0.72          0.70   0.02     0.59
  SINCE JAN 1      0.26          0.41  -0.15     0.43

DEGREE DAYS
 HEATING
  YESTERDAY       26            42    -16       46
  MONTH TO DATE  361           475   -114      403
  SINCE DEC 1   2809          3216   -407     2801
  SINCE JUL 1   4271          5114   -843     4722

 COOLING
  YESTERDAY        0             0      0        0
  MONTH TO DATE    0             0      0        0
  SINCE DEC 1      0             0      0        0
  SINCE JAN 1      0             0      0        0
......................................................


WIND (MPH)
  HIGHEST WIND SPEED    35   HIGHEST WIND DIRECTION    NW (310)
  HIGHEST GUST SPEED    41   HIGHEST GUST DIRECTION    NW (320)
  AVERAGE WIND SPEED    14.6




RELATIVE HUMIDITY (PERCENT)
 HIGHEST    92           200 AM
 LOWEST     53          1000 AM
 AVERAGE    73

..........................................................




SUNRISE AND SUNSET
FEBRUARY 12 2016......SUNRISE   701 AM MST   SUNSET   516 PM MST
FEBRUARY 13 2016......SUNRISE   700 AM MST   SUNSET   518 PM MST


-  INDICATES NEGATIVE NUMBERS.
R  INDICATES RECORD WAS SET OR TIED.
MM INDICATES DATA IS MISSING.
T  INDICATES TRACE AMOUNT.




$$
